CRAN Package Check Results for Package DeducerText

Last updated on 2020-02-25 03:46:57 CET.

Flavor Version Tinstall Tcheck Ttotal Status Flags
r-devel-linux-x86_64-debian-clang 0.1-2 17.39 137.18 154.57 NOTE
r-devel-linux-x86_64-debian-gcc 0.1-2 15.01 104.41 119.42 NOTE
r-devel-linux-x86_64-fedora-clang 0.1-2 168.83 NOTE
r-devel-linux-x86_64-fedora-gcc 0.1-2 158.25 NOTE
r-devel-windows-ix86+x86_64 0.1-2 38.00 133.00 171.00 NOTE
r-devel-windows-ix86+x86_64-gcc8 0.1-2 59.00 191.00 250.00 NOTE
r-patched-linux-x86_64 0.1-2 15.62 119.81 135.43 NOTE
r-patched-solaris-x86 0.1-2 228.80 NOTE
r-release-linux-x86_64 0.1-2 15.31 121.77 137.08 NOTE
r-release-windows-ix86+x86_64 0.1-2 33.00 126.00 159.00 NOTE
r-release-osx-x86_64 0.1-2 NOTE
r-oldrel-windows-ix86+x86_64 0.1-2 18.00 126.00 144.00 NOTE
r-oldrel-osx-x86_64 0.1-2 NOTE

Check Details

Version: 0.1-2
Check: DESCRIPTION meta-information
Result: NOTE
    Malformed Description field: should contain one or more complete sentences.
Flavors: r-devel-linux-x86_64-debian-clang, r-devel-linux-x86_64-debian-gcc, r-devel-linux-x86_64-fedora-clang, r-devel-linux-x86_64-fedora-gcc, r-devel-windows-ix86+x86_64, r-devel-windows-ix86+x86_64-gcc8, r-patched-linux-x86_64, r-patched-solaris-x86, r-release-linux-x86_64, r-release-windows-ix86+x86_64, r-release-osx-x86_64, r-oldrel-windows-ix86+x86_64, r-oldrel-osx-x86_64

Version: 0.1-2
Check: R code for possible problems
Result: NOTE
    .makeQuickWordcloud: no visible global function definition for 'J'
    .makeQuickWordcloud: no visible global function definition for 'new'
    .makeQuickWordcloud: no visible global function definition for '.jnull'
    .makeTextPlot: no visible global function definition for 'J'
    .makeTextPlot: no visible global function definition for 'new'
    .makeTextPlot: no visible global function definition for '.jnull'
    .onLoad: no visible global function definition for '.jpackage'
    .onLoad: no visible global function definition for '.jnew'
    .onLoad: no visible global function definition for 'J'
    make.color.scale: no visible global function definition for 'rgb'
    Undefined global functions or variables:
     .jnew .jnull .jpackage J new rgb
    Consider adding
     importFrom("grDevices", "rgb")
     importFrom("methods", "new")
    to your NAMESPACE file (and ensure that your DESCRIPTION Imports field
    contains 'methods').
Flavors: r-devel-linux-x86_64-debian-clang, r-devel-linux-x86_64-debian-gcc, r-devel-linux-x86_64-fedora-clang, r-devel-linux-x86_64-fedora-gcc, r-devel-windows-ix86+x86_64, r-devel-windows-ix86+x86_64-gcc8, r-patched-linux-x86_64, r-patched-solaris-x86, r-release-linux-x86_64, r-release-windows-ix86+x86_64, r-release-osx-x86_64, r-oldrel-windows-ix86+x86_64, r-oldrel-osx-x86_64