CRAN Package Check Results for Package DeducerText

Last updated on 2015-04-28 03:47:16.

Flavor Version Tinstall Tcheck Ttotal Status Flags
r-devel-linux-x86_64-debian-clang 0.1-2 5.59 58.62 64.21 NOTE
r-devel-linux-x86_64-debian-gcc 0.1-2 5.22 56.63 61.85 NOTE
r-devel-linux-x86_64-fedora-clang 0.1-2 137.43 NOTE
r-devel-linux-x86_64-fedora-gcc 0.1-2 134.80 NOTE
r-devel-osx-x86_64-clang 0.1-2 110.47 NOTE
r-devel-windows-ix86+x86_64 0.1-2 17.00 92.00 109.00 NOTE
r-patched-linux-x86_64 0.1-2 5.23 56.62 61.86 NOTE
r-patched-solaris-sparc 0.1-2 755.40 NOTE
r-patched-solaris-x86 0.1-2 183.70 NOTE
r-release-linux-x86_64 0.1-2 5.29 57.61 62.90 NOTE
r-release-osx-x86_64-mavericks 0.1-2 ERROR
r-release-osx-x86_64-snowleopard 0.1-2 ERROR
r-release-windows-ix86+x86_64 0.1-2 23.00 119.00 142.00 NOTE
r-oldrel-windows-ix86+x86_64 0.1-2 28.00 151.00 179.00 NOTE

Check Details

Version: 0.1-2
Check: DESCRIPTION meta-information
Result: NOTE
    Malformed Description field: should contain one or more complete sentences.
Flavors: r-devel-linux-x86_64-debian-clang, r-devel-linux-x86_64-debian-gcc, r-devel-linux-x86_64-fedora-clang, r-devel-linux-x86_64-fedora-gcc, r-devel-osx-x86_64-clang, r-devel-windows-ix86+x86_64, r-patched-solaris-sparc, r-patched-solaris-x86, r-release-linux-x86_64, r-release-windows-ix86+x86_64

Version: 0.1-2
Check: R code for possible problems
Result: NOTE
    .makeQuickWordcloud: no visible global function definition for ‘J’
    .makeQuickWordcloud: no visible global function definition for ‘.jnull’
    .makeTextPlot: no visible global function definition for ‘J’
    .makeTextPlot: no visible global function definition for ‘.jnull’
    .onLoad: no visible global function definition for ‘.jpackage’
    .onLoad: no visible global function definition for ‘.jnew’
    .onLoad: no visible global function definition for ‘J’
Flavors: r-devel-linux-x86_64-debian-clang, r-devel-linux-x86_64-debian-gcc, r-devel-linux-x86_64-fedora-clang, r-devel-linux-x86_64-fedora-gcc, r-devel-osx-x86_64-clang, r-devel-windows-ix86+x86_64, r-patched-solaris-sparc, r-patched-solaris-x86, r-release-linux-x86_64, r-release-windows-ix86+x86_64, r-oldrel-windows-ix86+x86_64

Version: 0.1-2
Check: package dependencies
Result: ERROR
    Package required but not available: ‘Deducer’
    
    See section ‘The DESCRIPTION file’ in the ‘Writing R Extensions’
    manual.
Flavor: r-release-osx-x86_64-mavericks

Version: 0.1-2
Check: package dependencies
Result: ERROR
    Packages required but not available: ‘Deducer’ ‘tm’
    
    See section ‘The DESCRIPTION file’ in the ‘Writing R Extensions’
    manual.
Flavor: r-release-osx-x86_64-snowleopard