CRAN Package Check Results for Package DeducerText

Last updated on 2015-01-26 19:48:18.

Flavor Version Tinstall Tcheck Ttotal Status Flags
r-devel-linux-x86_64-debian-clang 0.1-2 6.75 65.74 72.49 NOTE
r-devel-linux-x86_64-debian-gcc 0.1-2 6.27 65.00 71.27 NOTE
r-devel-linux-x86_64-fedora-clang 0.1-2 206.02 NOTE
r-devel-linux-x86_64-fedora-gcc 0.1-2 210.59 NOTE
r-devel-osx-x86_64-clang 0.1-2 191.63 NOTE
r-devel-windows-ix86+x86_64 0.1-2 21.00 86.00 107.00 NOTE
r-patched-linux-x86_64 0.1-2 7.58 88.59 96.17 NOTE
r-patched-solaris-sparc 0.1-2 1178.80 NOTE
r-patched-solaris-x86 0.1-2 268.80 NOTE
r-release-linux-ix86 0.1-2 8.55 97.94 106.49 NOTE
r-release-linux-x86_64 0.1-2 7.56 88.28 95.84 NOTE
r-release-osx-x86_64-mavericks 0.1-2 NOTE
r-release-osx-x86_64-snowleopard 0.1-2 OK
r-release-windows-ix86+x86_64 0.1-2 26.00 133.00 159.00 NOTE
r-oldrel-windows-ix86+x86_64 0.1-2 13.00 2.00 15.00 ERROR

Check Details

Version: 0.1-2
Check: R code for possible problems
Result: NOTE
    .makeQuickWordcloud: no visible global function definition for ‘J’
    .makeQuickWordcloud: no visible global function definition for ‘.jnull’
    .makeTextPlot: no visible global function definition for ‘J’
    .makeTextPlot: no visible global function definition for ‘.jnull’
    .onLoad: no visible global function definition for ‘.jpackage’
    .onLoad: no visible global function definition for ‘.jnew’
    .onLoad: no visible global function definition for ‘J’
Flavors: r-devel-linux-x86_64-debian-clang, r-devel-linux-x86_64-debian-gcc, r-devel-linux-x86_64-fedora-clang, r-devel-linux-x86_64-fedora-gcc, r-devel-osx-x86_64-clang, r-devel-windows-ix86+x86_64, r-patched-linux-x86_64, r-patched-solaris-sparc, r-patched-solaris-x86, r-release-linux-ix86, r-release-linux-x86_64, r-release-osx-x86_64-mavericks, r-release-windows-ix86+x86_64

Version: 0.1-2
Check: package dependencies
Result: ERROR
    Package required and available but unsuitable version: 'tm'
    
    See the information on DESCRIPTION files in the chapter 'Creating R
    packages' of the 'Writing R Extensions' manual.
Flavor: r-oldrel-windows-ix86+x86_64