CRAN Package Check Results for Package DeducerText

Last updated on 2014-11-24 05:47:29.

Flavor Version Tinstall Tcheck Ttotal Status Flags
r-devel-linux-x86_64-debian-clang 0.1-2 3.80 54.66 58.46 NOTE
r-devel-linux-x86_64-debian-gcc 0.1-2 3.61 53.16 56.77 NOTE
r-devel-linux-x86_64-fedora-clang 0.1-2 117.60 NOTE
r-devel-linux-x86_64-fedora-gcc 0.1-2 107.21 NOTE
r-devel-osx-x86_64-clang 0.1-2 101.03 NOTE
r-devel-windows-ix86+x86_64 0.1-2 18.00 89.00 107.00 NOTE
r-patched-linux-x86_64 0.1-2 4.05 53.62 57.67 NOTE
r-patched-solaris-sparc 0.1-2 580.70 NOTE
r-patched-solaris-x86 0.1-2 141.90 NOTE
r-release-linux-ix86 0.1-2 4.73 60.51 65.24 NOTE
r-release-linux-x86_64 0.1-2 4.00 55.89 59.90 NOTE
r-release-osx-x86_64-mavericks 0.1-2 OK
r-release-osx-x86_64-snowleopard 0.1-2 OK
r-release-windows-ix86+x86_64 0.1-2 21.00 93.00 114.00 NOTE
r-oldrel-windows-ix86+x86_64 0.1-2 7.00 1.00 8.00 ERROR

Check Details

Version: 0.1-2
Check: R code for possible problems
Result: NOTE
    .makeQuickWordcloud: no visible global function definition for ‘J’
    .makeQuickWordcloud: no visible global function definition for ‘.jnull’
    .makeTextPlot: no visible global function definition for ‘J’
    .makeTextPlot: no visible global function definition for ‘.jnull’
    .onLoad: no visible global function definition for ‘.jpackage’
    .onLoad: no visible global function definition for ‘.jnew’
    .onLoad: no visible global function definition for ‘J’
Flavors: r-devel-linux-x86_64-debian-clang, r-devel-linux-x86_64-debian-gcc, r-devel-linux-x86_64-fedora-clang, r-devel-linux-x86_64-fedora-gcc, r-devel-osx-x86_64-clang, r-devel-windows-ix86+x86_64, r-patched-linux-x86_64, r-patched-solaris-sparc, r-patched-solaris-x86, r-release-linux-ix86, r-release-linux-x86_64, r-release-windows-ix86+x86_64

Version: 0.1-2
Check: package dependencies
Result: ERROR
    Package required and available but unsuitable version: 'tm'
    
    See the information on DESCRIPTION files in the chapter 'Creating R
    packages' of the 'Writing R Extensions' manual.
Flavor: r-oldrel-windows-ix86+x86_64