CRAN Package Check Results for Package DeducerText

Last updated on 2014-09-02 15:48:54.

Flavor Version Tinstall Tcheck Ttotal Status Flags
r-devel-linux-x86_64-debian-clang 0.1-2 3.73 53.45 57.18 NOTE
r-devel-linux-x86_64-debian-gcc 0.1-2 3.71 52.32 56.03 NOTE
r-devel-linux-x86_64-fedora-clang 0.1-2 111.82 NOTE
r-devel-linux-x86_64-fedora-gcc 0.1-2 105.86 NOTE
r-devel-osx-x86_64-clang 0.1-2 89.15 NOTE
r-devel-windows-ix86+x86_64 0.1-2 14.00 84.00 98.00 NOTE
r-patched-linux-x86_64 0.1-2 3.88 54.20 58.08 OK
r-patched-solaris-sparc 0.1-2 595.30 OK
r-patched-solaris-x86 0.1-2 141.40 OK
r-release-linux-ix86 0.1-2 4.73 61.38 66.10 OK
r-release-linux-x86_64 0.1-2 4.15 54.31 58.46 OK
r-release-osx-x86_64-mavericks 0.1-2 OK
r-release-osx-x86_64-snowleopard 0.1-2 OK
r-release-windows-ix86+x86_64 0.1-2 18.00 87.00 105.00 OK
r-oldrel-windows-ix86+x86_64 0.1-2 6.00 1.00 7.00 ERROR

Check Details

Version: 0.1-2
Check: R code for possible problems
Result: NOTE
    .makeQuickWordcloud: no visible global function definition for ‘J’
    .makeQuickWordcloud: no visible global function definition for ‘.jnull’
    .makeTextPlot: no visible global function definition for ‘J’
    .makeTextPlot: no visible global function definition for ‘.jnull’
    .onLoad: no visible global function definition for ‘.jpackage’
    .onLoad: no visible global function definition for ‘.jnew’
    .onLoad: no visible global function definition for ‘J’
Flavors: r-devel-linux-x86_64-debian-clang, r-devel-linux-x86_64-debian-gcc, r-devel-linux-x86_64-fedora-clang, r-devel-linux-x86_64-fedora-gcc, r-devel-osx-x86_64-clang, r-devel-windows-ix86+x86_64

Version: 0.1-2
Check: package dependencies
Result: ERROR
    Package required and available but unsuitable version: 'tm'
    
    See the information on DESCRIPTION files in the chapter 'Creating R
    packages' of the 'Writing R Extensions' manual.
Flavor: r-oldrel-windows-ix86+x86_64