CRAN Package Check Results for Package DeducerText

Last updated on 2016-04-28 21:47:26.

Flavor Version Tinstall Tcheck Ttotal Status Flags
r-devel-linux-x86_64-debian-gcc 0.1-2 5.60 59.24 64.84 NOTE
r-devel-linux-x86_64-fedora-clang 0.1-2 127.65 NOTE
r-devel-linux-x86_64-fedora-gcc 0.1-2 124.02 NOTE
r-devel-osx-x86_64-clang 0.1-2 128.94 NOTE
r-devel-windows-ix86+x86_64 0.1-2 26.00 161.00 187.00 NOTE
r-patched-linux-x86_64 0.1-2 5.66 59.51 65.17 NOTE
r-patched-solaris-sparc 0.1-2 711.60 NOTE
r-patched-solaris-x86 0.1-2 157.00 NOTE
r-release-linux-x86_64 0.1-2 6.36 65.61 71.98 NOTE
r-release-osx-x86_64-mavericks 0.1-2 NOTE
r-release-windows-ix86+x86_64 0.1-2 17.00 118.00 135.00 NOTE
r-oldrel-windows-ix86+x86_64 0.1-2 51.00 178.00 229.00 NOTE

Check Details

Version: 0.1-2
Check: DESCRIPTION meta-information
Result: NOTE
    Malformed Description field: should contain one or more complete sentences.
Flavors: r-devel-linux-x86_64-debian-gcc, r-devel-linux-x86_64-fedora-clang, r-devel-linux-x86_64-fedora-gcc, r-devel-osx-x86_64-clang, r-devel-windows-ix86+x86_64, r-patched-linux-x86_64, r-patched-solaris-sparc, r-patched-solaris-x86, r-release-linux-x86_64, r-release-osx-x86_64-mavericks, r-release-windows-ix86+x86_64

Version: 0.1-2
Check: R code for possible problems
Result: NOTE
    .makeQuickWordcloud: no visible global function definition for ‘J’
    .makeQuickWordcloud: no visible global function definition for ‘new’
    .makeQuickWordcloud: no visible global function definition for ‘.jnull’
    .makeTextPlot: no visible global function definition for ‘J’
    .makeTextPlot: no visible global function definition for ‘new’
    .makeTextPlot: no visible global function definition for ‘.jnull’
    .onLoad: no visible global function definition for ‘.jpackage’
    .onLoad: no visible global function definition for ‘.jnew’
    .onLoad: no visible global function definition for ‘J’
    make.color.scale: no visible global function definition for ‘rgb’
    Undefined global functions or variables:
     .jnew .jnull .jpackage J new rgb
    Consider adding
     importFrom("grDevices", "rgb")
     importFrom("methods", "new")
    to your NAMESPACE file (and ensure that your DESCRIPTION Imports field
    contains 'methods').
Flavors: r-devel-linux-x86_64-debian-gcc, r-devel-linux-x86_64-fedora-clang, r-devel-linux-x86_64-fedora-gcc, r-devel-osx-x86_64-clang, r-devel-windows-ix86+x86_64, r-patched-linux-x86_64, r-patched-solaris-sparc, r-patched-solaris-x86

Version: 0.1-2
Check: R code for possible problems
Result: NOTE
    .makeQuickWordcloud: no visible global function definition for ‘J’
    .makeQuickWordcloud: no visible global function definition for ‘.jnull’
    .makeTextPlot: no visible global function definition for ‘J’
    .makeTextPlot: no visible global function definition for ‘.jnull’
    .onLoad: no visible global function definition for ‘.jpackage’
    .onLoad: no visible global function definition for ‘.jnew’
    .onLoad: no visible global function definition for ‘J’
Flavors: r-release-linux-x86_64, r-release-osx-x86_64-mavericks, r-release-windows-ix86+x86_64, r-oldrel-windows-ix86+x86_64