CRAN Package Check Results for Package DeducerText

Last updated on 2014-07-31 01:47:44.

Flavor Version Tinstall Tcheck Ttotal Status Flags
r-devel-linux-x86_64-debian-clang 0.1-2 3.82 52.86 56.68 OK
r-devel-linux-x86_64-debian-gcc 0.1-2 3.73 52.65 56.38 OK
r-devel-linux-x86_64-fedora-clang 0.1-2 113.59 OK
r-devel-linux-x86_64-fedora-gcc 0.1-2 106.19 OK
r-devel-osx-x86_64-clang 0.1-2 91.19 OK
r-devel-windows-ix86+x86_64 0.1-2 16.00 84.00 100.00 OK
r-patched-linux-x86_64 0.1-2 3.87 52.98 56.85 OK
r-patched-solaris-sparc 0.1-2 595.30 OK
r-patched-solaris-x86 0.1-2 139.40 OK
r-release-linux-ix86 0.1-2 4.65 60.92 65.57 OK
r-release-linux-x86_64 0.1-2 4.00 54.06 58.05 OK
r-release-osx-x86_64-mavericks 0.1-2 OK
r-release-osx-x86_64-snowleopard 0.1-2 OK
r-release-windows-ix86+x86_64 0.1-2 28.00 134.00 162.00 OK
r-oldrel-windows-ix86+x86_64 0.1-2 5.00 2.00 7.00 ERROR

Check Details

Version: 0.1-2
Check: package dependencies
Result: ERROR
    Package required and available but unsuitable version: 'tm'
    
    See the information on DESCRIPTION files in the chapter 'Creating R
    packages' of the 'Writing R Extensions' manual.
Flavor: r-oldrel-windows-ix86+x86_64