CRAN Package Check Results for Package DeducerText

Last updated on 2017-05-28 21:46:48.

Flavor Version Tinstall Tcheck Ttotal Status Flags
r-devel-linux-x86_64-debian-clang 0.1-2 6.82 67.67 74.49 NOTE
r-devel-linux-x86_64-debian-gcc 0.1-2 5.76 69.03 74.78 NOTE
r-devel-linux-x86_64-fedora-clang 0.1-2 157.17 NOTE
r-devel-linux-x86_64-fedora-gcc 0.1-2 148.93 NOTE
r-devel-windows-ix86+x86_64 0.1-2 18.00 120.00 138.00 NOTE
r-patched-linux-x86_64 0.1-2 7.07 73.18 80.25 NOTE
r-patched-solaris-sparc 0.1-2 838.50 NOTE
r-patched-solaris-x86 0.1-2 189.70 NOTE
r-release-linux-x86_64 0.1-2 6.14 68.54 74.68 NOTE
r-release-windows-ix86+x86_64 0.1-2 27.00 142.00 169.00 NOTE
r-release-osx-x86_64 0.1-2 NOTE
r-oldrel-windows-ix86+x86_64 0.1-2 23.00 94.00 117.00 NOTE
r-oldrel-osx-x86_64 0.1-2 NOTE

Check Details

Version: 0.1-2
Check: DESCRIPTION meta-information
Result: NOTE
    Malformed Description field: should contain one or more complete sentences.
Flavors: r-devel-linux-x86_64-debian-clang, r-devel-linux-x86_64-debian-gcc, r-devel-linux-x86_64-fedora-clang, r-devel-linux-x86_64-fedora-gcc, r-devel-windows-ix86+x86_64, r-patched-linux-x86_64, r-patched-solaris-sparc, r-patched-solaris-x86, r-release-linux-x86_64, r-release-windows-ix86+x86_64, r-release-osx-x86_64, r-oldrel-windows-ix86+x86_64, r-oldrel-osx-x86_64

Version: 0.1-2
Check: R code for possible problems
Result: NOTE
    .makeQuickWordcloud: no visible global function definition for ‘J’
    .makeQuickWordcloud: no visible global function definition for ‘new’
    .makeQuickWordcloud: no visible global function definition for ‘.jnull’
    .makeTextPlot: no visible global function definition for ‘J’
    .makeTextPlot: no visible global function definition for ‘new’
    .makeTextPlot: no visible global function definition for ‘.jnull’
    .onLoad: no visible global function definition for ‘.jpackage’
    .onLoad: no visible global function definition for ‘.jnew’
    .onLoad: no visible global function definition for ‘J’
    make.color.scale: no visible global function definition for ‘rgb’
    Undefined global functions or variables:
     .jnew .jnull .jpackage J new rgb
    Consider adding
     importFrom("grDevices", "rgb")
     importFrom("methods", "new")
    to your NAMESPACE file (and ensure that your DESCRIPTION Imports field
    contains 'methods').
Flavors: r-devel-linux-x86_64-debian-clang, r-devel-linux-x86_64-debian-gcc, r-devel-linux-x86_64-fedora-clang, r-devel-linux-x86_64-fedora-gcc, r-devel-windows-ix86+x86_64, r-patched-linux-x86_64, r-patched-solaris-sparc, r-patched-solaris-x86, r-release-linux-x86_64, r-release-windows-ix86+x86_64, r-release-osx-x86_64, r-oldrel-windows-ix86+x86_64, r-oldrel-osx-x86_64