CRAN Package Check Results for Package DeducerText

Last updated on 2017-03-31 01:48:55.

Flavor Version Tinstall Tcheck Ttotal Status Flags
r-devel-linux-x86_64-debian-clang 0.1-2 5.71 64.61 70.31 NOTE
r-devel-linux-x86_64-debian-gcc 0.1-2 5.72 62.63 68.35 NOTE
r-devel-linux-x86_64-fedora-clang 0.1-2 148.85 NOTE --no-stop-on-test-error
r-devel-linux-x86_64-fedora-gcc 0.1-2 144.43 NOTE --no-stop-on-test-error
r-devel-macos-x86_64-clang 0.1-2 111.55 NOTE --no-stop-on-test-error
r-devel-windows-ix86+x86_64 0.1-2 17.00 113.00 130.00 NOTE
r-patched-linux-x86_64 0.1-2 5.80 63.58 69.38 NOTE
r-patched-solaris-sparc 0.1-2 838.50 NOTE
r-patched-solaris-x86 0.1-2 192.50 NOTE
r-release-linux-x86_64 0.1-2 5.62 58.76 64.38 NOTE
r-release-osx-x86_64-mavericks 0.1-2 NOTE
r-release-windows-ix86+x86_64 0.1-2 22.00 143.00 165.00 NOTE
r-oldrel-windows-ix86+x86_64 0.1-2 17.00 143.00 160.00 NOTE

Check Details

Version: 0.1-2
Check: DESCRIPTION meta-information
Result: NOTE
    Malformed Description field: should contain one or more complete sentences.
Flavors: r-devel-linux-x86_64-debian-clang, r-devel-linux-x86_64-debian-gcc, r-devel-windows-ix86+x86_64, r-patched-linux-x86_64, r-patched-solaris-sparc, r-patched-solaris-x86, r-release-linux-x86_64, r-release-osx-x86_64-mavericks, r-release-windows-ix86+x86_64, r-oldrel-windows-ix86+x86_64

Version: 0.1-2
Check: R code for possible problems
Result: NOTE
    .makeQuickWordcloud: no visible global function definition for ‘J’
    .makeQuickWordcloud: no visible global function definition for ‘new’
    .makeQuickWordcloud: no visible global function definition for ‘.jnull’
    .makeTextPlot: no visible global function definition for ‘J’
    .makeTextPlot: no visible global function definition for ‘new’
    .makeTextPlot: no visible global function definition for ‘.jnull’
    .onLoad: no visible global function definition for ‘.jpackage’
    .onLoad: no visible global function definition for ‘.jnew’
    .onLoad: no visible global function definition for ‘J’
    make.color.scale: no visible global function definition for ‘rgb’
    Undefined global functions or variables:
     .jnew .jnull .jpackage J new rgb
    Consider adding
     importFrom("grDevices", "rgb")
     importFrom("methods", "new")
    to your NAMESPACE file (and ensure that your DESCRIPTION Imports field
    contains 'methods').
Flavors: r-devel-linux-x86_64-debian-clang, r-devel-linux-x86_64-debian-gcc, r-devel-windows-ix86+x86_64, r-patched-linux-x86_64, r-patched-solaris-sparc, r-patched-solaris-x86, r-release-linux-x86_64, r-release-osx-x86_64-mavericks, r-release-windows-ix86+x86_64

Version: 0.1-2
Flags: --no-stop-on-test-error
Check: DESCRIPTION meta-information
Result: NOTE
    Malformed Description field: should contain one or more complete sentences.
Flavors: r-devel-linux-x86_64-fedora-clang, r-devel-linux-x86_64-fedora-gcc, r-devel-macos-x86_64-clang

Version: 0.1-2
Flags: --no-stop-on-test-error
Check: R code for possible problems
Result: NOTE
    .makeQuickWordcloud: no visible global function definition for ‘J’
    .makeQuickWordcloud: no visible global function definition for ‘new’
    .makeQuickWordcloud: no visible global function definition for ‘.jnull’
    .makeTextPlot: no visible global function definition for ‘J’
    .makeTextPlot: no visible global function definition for ‘new’
    .makeTextPlot: no visible global function definition for ‘.jnull’
    .onLoad: no visible global function definition for ‘.jpackage’
    .onLoad: no visible global function definition for ‘.jnew’
    .onLoad: no visible global function definition for ‘J’
    make.color.scale: no visible global function definition for ‘rgb’
    Undefined global functions or variables:
     .jnew .jnull .jpackage J new rgb
    Consider adding
     importFrom("grDevices", "rgb")
     importFrom("methods", "new")
    to your NAMESPACE file (and ensure that your DESCRIPTION Imports field
    contains 'methods').
Flavors: r-devel-linux-x86_64-fedora-clang, r-devel-linux-x86_64-fedora-gcc, r-devel-macos-x86_64-clang

Version: 0.1-2
Check: R code for possible problems
Result: NOTE
    .makeQuickWordcloud: no visible global function definition for 'J'
    .makeQuickWordcloud: no visible global function definition for '.jnull'
    .makeTextPlot: no visible global function definition for 'J'
    .makeTextPlot: no visible global function definition for '.jnull'
    .onLoad: no visible global function definition for '.jpackage'
    .onLoad: no visible global function definition for '.jnew'
    .onLoad: no visible global function definition for 'J'
Flavor: r-oldrel-windows-ix86+x86_64