CRAN Package Check Results for Package DeducerText

Last updated on 2015-05-29 15:46:30.

Flavor Version Tinstall Tcheck Ttotal Status Flags
r-devel-linux-x86_64-debian-clang 0.1-2 5.46 59.73 65.18 NOTE
r-devel-linux-x86_64-debian-gcc 0.1-2 5.28 57.78 63.06 NOTE
r-devel-linux-x86_64-fedora-clang 0.1-2 147.00 NOTE
r-devel-linux-x86_64-fedora-gcc 0.1-2 133.33 NOTE
r-devel-osx-x86_64-clang 0.1-2 112.64 NOTE
r-devel-windows-ix86+x86_64 0.1-2 16.00 92.00 108.00 NOTE
r-patched-linux-x86_64 0.1-2 5.21 56.62 61.82 NOTE
r-patched-solaris-sparc 0.1-2 801.10 NOTE
r-patched-solaris-x86 0.1-2 187.40 NOTE
r-release-linux-x86_64 0.1-2 5.18 57.20 62.38 NOTE
r-release-osx-x86_64-mavericks 0.1-2 NOTE
r-release-osx-x86_64-snowleopard 0.1-2 ERROR
r-release-windows-ix86+x86_64 0.1-2 16.00 99.00 115.00 NOTE
r-oldrel-windows-ix86+x86_64 0.1-2 39.00 156.00 195.00 NOTE

Check Details

Version: 0.1-2
Check: DESCRIPTION meta-information
Result: NOTE
    Malformed Description field: should contain one or more complete sentences.
Flavors: r-devel-linux-x86_64-debian-clang, r-devel-linux-x86_64-debian-gcc, r-devel-linux-x86_64-fedora-clang, r-devel-linux-x86_64-fedora-gcc, r-devel-osx-x86_64-clang, r-devel-windows-ix86+x86_64, r-patched-linux-x86_64, r-patched-solaris-sparc, r-patched-solaris-x86, r-release-linux-x86_64, r-release-osx-x86_64-mavericks, r-release-windows-ix86+x86_64

Version: 0.1-2
Check: R code for possible problems
Result: NOTE
    .makeQuickWordcloud: no visible global function definition for ‘J’
    .makeQuickWordcloud: no visible global function definition for ‘.jnull’
    .makeTextPlot: no visible global function definition for ‘J’
    .makeTextPlot: no visible global function definition for ‘.jnull’
    .onLoad: no visible global function definition for ‘.jpackage’
    .onLoad: no visible global function definition for ‘.jnew’
    .onLoad: no visible global function definition for ‘J’
Flavors: r-devel-linux-x86_64-debian-clang, r-devel-linux-x86_64-debian-gcc, r-devel-linux-x86_64-fedora-clang, r-devel-linux-x86_64-fedora-gcc, r-devel-osx-x86_64-clang, r-devel-windows-ix86+x86_64, r-patched-linux-x86_64, r-patched-solaris-sparc, r-patched-solaris-x86, r-release-linux-x86_64, r-release-osx-x86_64-mavericks, r-release-windows-ix86+x86_64, r-oldrel-windows-ix86+x86_64

Version: 0.1-2
Check: package dependencies
Result: ERROR
    Packages required but not available: ‘Deducer’ ‘tm’
    
    See section ‘The DESCRIPTION file’ in the ‘Writing R Extensions’
    manual.
Flavor: r-release-osx-x86_64-snowleopard