CRAN Package Check Results for Package DeducerText

Last updated on 2015-08-29 03:48:43.

Flavor Version Tinstall Tcheck Ttotal Status Flags
r-devel-linux-x86_64-debian-clang 0.1-2 6.11 59.84 65.94 NOTE
r-devel-linux-x86_64-debian-gcc 0.1-2 5.60 60.20 65.80 NOTE
r-devel-linux-x86_64-fedora-clang 0.1-2 137.51 NOTE
r-devel-linux-x86_64-fedora-gcc 0.1-2 130.34 NOTE
r-devel-osx-x86_64-clang 0.1-2 105.00 NOTE
r-devel-windows-ix86+x86_64 0.1-2 25.00 104.00 129.00 NOTE
r-patched-linux-x86_64 0.1-2 5.99 62.35 68.34 NOTE
r-patched-solaris-sparc 0.1-2 813.50 NOTE
r-patched-solaris-x86 0.1-2 199.00 NOTE
r-release-linux-x86_64 0.1-2 5.69 61.68 67.36 NOTE
r-release-osx-x86_64-mavericks 0.1-2 NOTE
r-release-windows-ix86+x86_64 0.1-2 23.00 102.00 125.00 NOTE
r-oldrel-windows-ix86+x86_64 0.1-2 46.00 196.00 242.00 NOTE

Check Details

Version: 0.1-2
Check: DESCRIPTION meta-information
Result: NOTE
    Malformed Description field: should contain one or more complete sentences.
Flavors: r-devel-linux-x86_64-debian-clang, r-devel-linux-x86_64-debian-gcc, r-devel-linux-x86_64-fedora-clang, r-devel-linux-x86_64-fedora-gcc, r-devel-osx-x86_64-clang, r-devel-windows-ix86+x86_64, r-patched-linux-x86_64, r-patched-solaris-sparc, r-patched-solaris-x86, r-release-linux-x86_64, r-release-osx-x86_64-mavericks, r-release-windows-ix86+x86_64

Version: 0.1-2
Check: R code for possible problems
Result: NOTE
    .makeQuickWordcloud: no visible global function definition for ‘J’
    .makeQuickWordcloud: no visible global function definition for ‘new’
    .makeQuickWordcloud: no visible global function definition for ‘.jnull’
    .makeTextPlot: no visible global function definition for ‘J’
    .makeTextPlot: no visible global function definition for ‘new’
    .makeTextPlot: no visible global function definition for ‘.jnull’
    .onLoad: no visible global function definition for ‘.jpackage’
    .onLoad: no visible global function definition for ‘.jnew’
    .onLoad: no visible global function definition for ‘J’
    make.color.scale: no visible global function definition for ‘rgb’
    Undefined global functions or variables:
     .jnew .jnull .jpackage J new rgb
    Consider adding
     importFrom("grDevices", "rgb")
     importFrom("methods", "new")
    to your NAMESPACE (and ensure that your DESCRIPTION Imports field
    contains 'methods').
Flavors: r-devel-linux-x86_64-debian-clang, r-devel-linux-x86_64-debian-gcc, r-devel-linux-x86_64-fedora-clang, r-devel-linux-x86_64-fedora-gcc, r-devel-windows-ix86+x86_64

Version: 0.1-2
Check: R code for possible problems
Result: NOTE
    .makeQuickWordcloud: no visible global function definition for ‘J’
    .makeQuickWordcloud: no visible global function definition for ‘.jnull’
    .makeTextPlot: no visible global function definition for ‘J’
    .makeTextPlot: no visible global function definition for ‘.jnull’
    .onLoad: no visible global function definition for ‘.jpackage’
    .onLoad: no visible global function definition for ‘.jnew’
    .onLoad: no visible global function definition for ‘J’
    Undefined global functions or variables:
     .jnew .jnull .jpackage J
Flavor: r-devel-osx-x86_64-clang

Version: 0.1-2
Check: R code for possible problems
Result: NOTE
    .makeQuickWordcloud: no visible global function definition for ‘J’
    .makeQuickWordcloud: no visible global function definition for ‘.jnull’
    .makeTextPlot: no visible global function definition for ‘J’
    .makeTextPlot: no visible global function definition for ‘.jnull’
    .onLoad: no visible global function definition for ‘.jpackage’
    .onLoad: no visible global function definition for ‘.jnew’
    .onLoad: no visible global function definition for ‘J’
Flavors: r-patched-linux-x86_64, r-patched-solaris-sparc, r-patched-solaris-x86, r-release-linux-x86_64, r-release-osx-x86_64-mavericks, r-release-windows-ix86+x86_64, r-oldrel-windows-ix86+x86_64