CRAN Package Check Results for Package DeducerText

Last updated on 2015-03-01 03:48:31.

Flavor Version Tinstall Tcheck Ttotal Status Flags
r-devel-linux-x86_64-debian-clang 0.1-2 5.37 58.20 63.57 NOTE
r-devel-linux-x86_64-debian-gcc 0.1-2 5.26 55.66 60.92 NOTE
r-devel-linux-x86_64-fedora-clang 0.1-2 129.21 NOTE
r-devel-linux-x86_64-fedora-gcc 0.1-2 122.28 NOTE
r-devel-osx-x86_64-clang 0.1-2 108.13 NOTE
r-devel-windows-ix86+x86_64 0.1-2 13.00 91.00 104.00 NOTE
r-patched-linux-x86_64 0.1-2 11.52 95.59 107.12 NOTE
r-patched-solaris-sparc 0.1-2 1178.80 NOTE
r-patched-solaris-x86 0.1-2 279.90 NOTE
r-release-linux-ix86 0.1-2 8.96 103.63 112.58 NOTE
r-release-linux-x86_64 0.1-2 12.05 98.68 110.72 NOTE
r-release-osx-x86_64-mavericks 0.1-2 NOTE
r-release-osx-x86_64-snowleopard 0.1-2 OK
r-release-windows-ix86+x86_64 0.1-2 35.00 146.00 181.00 NOTE
r-oldrel-windows-ix86+x86_64 0.1-2 10.00 1.00 11.00 ERROR

Check Details

Version: 0.1-2
Check: DESCRIPTION meta-information
Result: NOTE
    Malformed Description field: should contain one or more complete sentences.
Flavors: r-devel-linux-x86_64-debian-clang, r-devel-linux-x86_64-debian-gcc, r-devel-linux-x86_64-fedora-clang, r-devel-linux-x86_64-fedora-gcc, r-devel-osx-x86_64-clang, r-devel-windows-ix86+x86_64

Version: 0.1-2
Check: R code for possible problems
Result: NOTE
    .makeQuickWordcloud: no visible global function definition for ‘J’
    .makeQuickWordcloud: no visible global function definition for ‘.jnull’
    .makeTextPlot: no visible global function definition for ‘J’
    .makeTextPlot: no visible global function definition for ‘.jnull’
    .onLoad: no visible global function definition for ‘.jpackage’
    .onLoad: no visible global function definition for ‘.jnew’
    .onLoad: no visible global function definition for ‘J’
Flavors: r-devel-linux-x86_64-debian-clang, r-devel-linux-x86_64-debian-gcc, r-devel-linux-x86_64-fedora-clang, r-devel-linux-x86_64-fedora-gcc, r-devel-osx-x86_64-clang, r-devel-windows-ix86+x86_64, r-patched-linux-x86_64, r-patched-solaris-sparc, r-patched-solaris-x86, r-release-linux-ix86, r-release-linux-x86_64, r-release-osx-x86_64-mavericks, r-release-windows-ix86+x86_64

Version: 0.1-2
Check: package dependencies
Result: ERROR
    Package required and available but unsuitable version: 'tm'
    
    See the information on DESCRIPTION files in the chapter 'Creating R
    packages' of the 'Writing R Extensions' manual.
Flavor: r-oldrel-windows-ix86+x86_64