CRAN Package Check Results for Package Delta

Last updated on 2024-02-24 09:50:25 CET.

Flavor Version Tinstall Tcheck Ttotal Status Flags
r-devel-linux-x86_64-debian-clang 0.2.0.3 3.18 27.31 30.49 NOTE
r-devel-linux-x86_64-debian-gcc 0.2.0.3 2.77 21.60 24.37 NOTE
r-devel-linux-x86_64-fedora-clang 0.2.0.3 42.72 NOTE
r-devel-linux-x86_64-fedora-gcc 0.2.0.3 36.69 NOTE
r-devel-windows-x86_64 0.2.0.3 4.00 44.00 48.00 NOTE
r-patched-linux-x86_64 0.2.0.3 4.29 26.89 31.18 NOTE
r-release-linux-x86_64 0.2.0.3 3.00 27.06 30.06 NOTE
r-release-macos-arm64 0.2.0.3 16.00 NOTE
r-release-macos-x86_64 0.2.0.3 23.00 NOTE
r-release-windows-x86_64 0.2.0.3 4.00 45.00 49.00 NOTE
r-oldrel-macos-arm64 0.2.0.3 16.00 NOTE
r-oldrel-windows-x86_64 0.2.0.3 10.00 52.00 62.00 NOTE

Check Details

Version: 0.2.0.3
Check: LazyData
Result: NOTE 'LazyData' is specified without a 'data' directory Flavors: r-devel-linux-x86_64-debian-clang, r-devel-linux-x86_64-debian-gcc, r-devel-linux-x86_64-fedora-clang, r-devel-linux-x86_64-fedora-gcc, r-devel-windows-x86_64, r-patched-linux-x86_64, r-release-linux-x86_64, r-release-macos-arm64, r-release-macos-x86_64, r-release-windows-x86_64, r-oldrel-macos-arm64, r-oldrel-windows-x86_64