CRAN Package Check Results for Package Demerelate

Last updated on 2014-04-25 05:47:14.

Flavor Version Tinstall Tcheck Ttotal Status Flags
r-devel-linux-x86_64-debian-clang 0.8-1 1.56 34.52 36.07 OK
r-devel-linux-x86_64-debian-gcc 0.8-1 1.65 34.48 36.13 OK
r-devel-linux-x86_64-fedora-clang 0.8-1 64.50 OK
r-devel-linux-x86_64-fedora-gcc 0.8-1 60.36 OK
r-devel-osx-x86_64-clang 0.8-1 63.60 OK
r-devel-osx-x86_64-gcc 0.8-1 ERROR
r-devel-windows-ix86+x86_64 0.8-1 6.00 46.00 52.00 OK
r-patched-linux-x86_64 0.8-1 1.62 33.78 35.41 OK
r-patched-solaris-sparc 0.8-1 432.10 OK
r-patched-solaris-x86 0.8-1 79.90 OK
r-release-linux-ix86 0.8-1 3.00 57.00 60.00 OK
r-release-linux-x86_64 0.8-1 1.52 34.13 35.65 OK
r-release-osx-x86_64-mavericks 0.8-1 WARN
r-release-osx-x86_64-snowleopard 0.8-1 OK
r-release-windows-ix86+x86_64 0.8-1 5.00 55.00 60.00 OK
r-oldrel-windows-ix86+x86_64 0.8-1 6.00 51.00 57.00 OK

Check Details

Version: 0.8-1
Check: package dependencies
Result: ERROR
    Packages required but not available: ‘fts’ ‘vegan’ ‘mlogit’
    
    See the information on DESCRIPTION files in the chapter ‘Creating R
    packages’ of the ‘Writing R Extensions’ manual.
Flavor: r-devel-osx-x86_64-gcc

Version: 0.8-1
Check: PDF version of manual
Result: WARNING
    LaTeX errors when creating PDF version.
    This typically indicates Rd problems.
    LaTeX errors found:
    ! LaTeX Error: File `upquote.sty' not found.
    
    Type X to quit or <RETURN> to proceed,
    or enter new name. (Default extension: sty)
    
    /private/tmp/Rtmp98AD8U/Rd2pdf400c60f26e09/Rd2.tex:8: ==> Fatal error occurred
    , no output PDF file produced!
Flavor: r-release-osx-x86_64-mavericks