CRAN Package Check Results for Package Demerelate

Last updated on 2015-08-31 21:46:43.

Flavor Version Tinstall Tcheck Ttotal Status Flags
r-devel-linux-x86_64-debian-clang 0.8-1 2.92 43.48 46.39 NOTE
r-devel-linux-x86_64-debian-gcc 0.8-1 2.90 42.23 45.13 NOTE
r-devel-linux-x86_64-fedora-clang 0.8-1 93.38 NOTE
r-devel-linux-x86_64-fedora-gcc 0.8-1 89.05 NOTE
r-devel-osx-x86_64-clang 0.8-1 78.91 OK
r-devel-windows-ix86+x86_64 0.8-1 14.00 76.00 90.00 NOTE
r-patched-linux-x86_64 0.8-1 3.52 44.42 47.94 OK
r-patched-solaris-sparc 0.8-1 578.00 OK
r-patched-solaris-x86 0.8-1 127.80 OK
r-release-linux-x86_64 0.8-1 3.13 47.07 50.20 OK
r-release-osx-x86_64-mavericks 0.8-1 OK
r-release-windows-ix86+x86_64 0.8-1 12.00 74.00 86.00 OK
r-oldrel-windows-ix86+x86_64 0.8-1 22.00 110.00 132.00 OK

Check Details

Version: 0.8-1
Check: R code for possible problems
Result: NOTE
    Demerelate: no visible global function definition for ‘is’
    Demerelate: no visible global function definition for ‘complete.cases’
    Demerelate: no visible global function definition for ‘rnorm’
    Demerelate: no visible global function definition for ‘write.table’
    Demerelate: no visible global function definition for ‘pdf’
    Demerelate: no visible global function definition for ‘par’
    Demerelate: no visible global function definition for ‘boxplot’
    Demerelate: no visible global function definition for ‘dev.off’
    Demerelate: no visible global function definition for ‘pairwise.t.test’
    Fis: no visible global function definition for ‘complete.cases’
    Fis.calc: no visible global function definition for ‘write.table’
    Lin.reg.distance: no visible global function definition for ‘as.dist’
    Lin.reg.distance: no visible global function definition for ‘lm’
    Lin.reg.distance: no visible global function definition for ‘predict’
    Lin.reg.distance: no visible global function definition for ‘pdf’
    Lin.reg.distance: no visible global function definition for ‘plot’
    Lin.reg.distance: no visible global function definition for ‘colors’
    Lin.reg.distance: no visible global function definition for ‘abline’
    Lin.reg.distance: no visible global function definition for ‘lines’
    Lin.reg.distance: no visible global function definition for ‘dev.off’
    Loci.test: no visible global function definition for ‘is’
    Loci.test: no visible binding for global variable ‘as.dist’
    Loci.test: no visible global function definition for ‘dist’
    Loci.test: no visible global function definition for ‘pdf’
    Loci.test: no visible binding for global variable ‘sd’
    Loci.test: no visible global function definition for ‘lines’
    Loci.test: no visible global function definition for ‘dev.off’
    input.txt: no visible global function definition for ‘read.table’
    relate.calc: no visible global function definition for ‘write.table’
    stat.pops: no visible global function definition for ‘as.dist’
    stat.pops: no visible global function definition for ‘write.table’
    stat.pops: no visible global function definition for ‘pdf’
    stat.pops: no visible global function definition for ‘par’
    stat.pops: no visible global function definition for ‘plot’
    stat.pops: no visible global function definition for ‘hclust’
    stat.pops: no visible global function definition for ‘abline’
    stat.pops: no visible global function definition for ‘hist’
    stat.pops: no visible global function definition for ‘dev.off’
    stat.pops: no visible global function definition for ‘prop.test’
    Undefined global functions or variables:
     abline as.dist boxplot colors complete.cases dev.off dist hclust hist
     is lines lm pairwise.t.test par pdf plot predict prop.test read.table
     rnorm sd write.table
    Consider adding
     importFrom("grDevices", "colors", "dev.off", "pdf")
     importFrom("graphics", "abline", "boxplot", "hist", "lines", "par",
     "plot")
     importFrom("methods", "is")
     importFrom("stats", "as.dist", "complete.cases", "dist", "hclust",
     "lm", "pairwise.t.test", "predict", "prop.test", "rnorm",
     "sd")
     importFrom("utils", "read.table", "write.table")
    to your NAMESPACE (and ensure that your DESCRIPTION Imports field
    contains 'methods').
Flavors: r-devel-linux-x86_64-debian-clang, r-devel-linux-x86_64-debian-gcc, r-devel-linux-x86_64-fedora-clang, r-devel-linux-x86_64-fedora-gcc, r-devel-windows-ix86+x86_64