CRAN Package Check Results for Package Demerelate

Last updated on 2015-05-06 21:46:27.

Flavor Version Tinstall Tcheck Ttotal Status Flags
r-devel-linux-x86_64-debian-clang 0.8-1 3.14 46.01 49.15 OK
r-devel-linux-x86_64-debian-gcc 0.8-1 2.94 43.95 46.88 OK
r-devel-linux-x86_64-fedora-clang 0.8-1 99.10 OK
r-devel-linux-x86_64-fedora-gcc 0.8-1 95.00 OK
r-devel-osx-x86_64-clang 0.8-1 84.99 OK
r-devel-windows-ix86+x86_64 0.8-1 9.00 68.00 77.00 OK
r-patched-linux-x86_64 0.8-1 3.34 44.37 47.71 OK
r-patched-solaris-sparc 0.8-1 565.70 OK
r-patched-solaris-x86 0.8-1 125.70 OK
r-release-linux-x86_64 0.8-1 3.02 43.28 46.30 OK
r-release-osx-x86_64-mavericks 0.8-1 OK
r-release-osx-x86_64-snowleopard 0.8-1 ERROR
r-release-windows-ix86+x86_64 0.8-1 8.00 62.00 70.00 OK
r-oldrel-windows-ix86+x86_64 0.8-1 16.00 94.00 110.00 OK

Check Details

Version: 0.8-1
Check: package dependencies
Result: ERROR
    Packages required but not available: ‘fts’ ‘vegan’ ‘mlogit’
    
    See section ‘The DESCRIPTION file’ in the ‘Writing R Extensions’
    manual.
Flavor: r-release-osx-x86_64-snowleopard