CRAN Package Check Results for Package DemoKin

Last updated on 2024-02-24 13:49:21 CET.

Flavor Version Tinstall Tcheck Ttotal Status Flags
r-devel-linux-x86_64-debian-clang 1.0.3 5.53 386.67 392.20 NOTE
r-devel-linux-x86_64-debian-gcc 1.0.3 4.37 320.33 324.70 NOTE
r-devel-linux-x86_64-fedora-clang 1.0.3 478.76 NOTE
r-devel-linux-x86_64-fedora-gcc 1.0.3 517.48 NOTE
r-devel-windows-x86_64 1.0.3 7.00 413.00 420.00 NOTE
r-patched-linux-x86_64 1.0.3 4.38 415.34 419.72 OK
r-release-linux-x86_64 1.0.3 4.40 400.25 404.65 OK
r-release-macos-arm64 1.0.3 166.00 NOTE
r-release-macos-x86_64 1.0.3 339.00 NOTE
r-release-windows-x86_64 1.0.3 8.00 445.00 453.00 NOTE
r-oldrel-macos-arm64 1.0.3 167.00 NOTE
r-oldrel-windows-x86_64 1.0.3 10.00 444.00 454.00 NOTE

Check Details

Version: 1.0.3
Check: Rd files
Result: NOTE checkRd: (-1) kin.Rd:49-50: Lost braces in \itemize; \value handles \item{}{} directly checkRd: (-1) kin.Rd:51-52: Lost braces in \itemize; \value handles \item{}{} directly checkRd: (-1) kin.Rd:53-61: Lost braces 53 | {\itemize{ | ^ checkRd: (-1) kin.Rd:54: Lost braces in \itemize; \value handles \item{}{} directly checkRd: (-1) kin.Rd:55: Lost braces in \itemize; \value handles \item{}{} directly checkRd: (-1) kin.Rd:56: Lost braces in \itemize; \value handles \item{}{} directly checkRd: (-1) kin.Rd:57: Lost braces in \itemize; \value handles \item{}{} directly checkRd: (-1) kin.Rd:58: Lost braces in \itemize; \value handles \item{}{} directly checkRd: (-1) kin.Rd:59: Lost braces in \itemize; \value handles \item{}{} directly checkRd: (-1) kin2sex.Rd:56-57: Lost braces in \itemize; \value handles \item{}{} directly checkRd: (-1) kin2sex.Rd:58: Lost braces in \itemize; \value handles \item{}{} directly checkRd: (-1) kin2sex.Rd:59-67: Lost braces 59 | {\itemize{ | ^ checkRd: (-1) kin2sex.Rd:60: Lost braces in \itemize; \value handles \item{}{} directly checkRd: (-1) kin2sex.Rd:61: Lost braces in \itemize; \value handles \item{}{} directly checkRd: (-1) kin2sex.Rd:62: Lost braces in \itemize; \value handles \item{}{} directly checkRd: (-1) kin2sex.Rd:63: Lost braces in \itemize; \value handles \item{}{} directly checkRd: (-1) kin2sex.Rd:64: Lost braces in \itemize; \value handles \item{}{} directly checkRd: (-1) kin2sex.Rd:65: Lost braces in \itemize; \value handles \item{}{} directly Flavors: r-devel-linux-x86_64-debian-clang, r-devel-linux-x86_64-debian-gcc, r-devel-linux-x86_64-fedora-clang, r-devel-linux-x86_64-fedora-gcc

Version: 1.0.3
Check: installed package size
Result: NOTE installed size is 5.8Mb sub-directories of 1Mb or more: data 1.2Mb doc 3.1Mb help 1.3Mb Flavors: r-devel-linux-x86_64-fedora-clang, r-devel-windows-x86_64, r-release-macos-arm64, r-release-macos-x86_64, r-release-windows-x86_64, r-oldrel-macos-arm64, r-oldrel-windows-x86_64