CRAN Package Check Results for Package DendSer

Last updated on 2022-12-03 23:56:13 CET.

Flavor Version Tinstall Tcheck Ttotal Status Flags
r-devel-linux-x86_64-debian-clang 1.0.2 3.44 30.30 33.74 NOTE
r-devel-linux-x86_64-debian-gcc 1.0.2 3.83 23.40 27.23 NOTE
r-devel-linux-x86_64-fedora-clang 1.0.2 54.22 NOTE
r-devel-linux-x86_64-fedora-gcc 1.0.2 52.23 NOTE
r-devel-windows-x86_64 1.0.2 23.00 60.00 83.00 NOTE
r-patched-linux-x86_64 1.0.2 3.75 29.26 33.01 OK
r-release-linux-x86_64 1.0.2 4.07 30.29 34.36 OK
r-release-macos-arm64 1.0.2 18.00 OK
r-release-macos-x86_64 1.0.2 28.00 OK
r-release-windows-x86_64 1.0.2 25.00 74.00 99.00 OK
r-oldrel-macos-arm64 1.0.2 18.00 OK
r-oldrel-macos-x86_64 1.0.2 27.00 OK
r-oldrel-windows-ix86+x86_64 1.0.2 14.00 67.00 81.00 OK

Check Details

Version: 1.0.2
Check: Rd files
Result: NOTE
    checkRd: (-1) DendSer.Rd:50: Escaped LaTeX specials: \&
Flavors: r-devel-linux-x86_64-debian-clang, r-devel-linux-x86_64-debian-gcc, r-devel-linux-x86_64-fedora-clang, r-devel-linux-x86_64-fedora-gcc, r-devel-windows-x86_64