CRAN Package Check Results for Package DescrTab2

Last updated on 2021-04-17 10:49:58 CEST.

Flavor Version Tinstall Tcheck Ttotal Status Flags
r-devel-linux-x86_64-debian-clang 2.0.7 13.70 183.00 196.70 OK
r-devel-linux-x86_64-debian-gcc 2.0.7 11.20 139.08 150.28 OK
r-devel-linux-x86_64-fedora-clang 2.0.7 248.41 NOTE
r-devel-linux-x86_64-fedora-gcc 2.0.7 246.34 NOTE
r-devel-windows-ix86+x86_64 2.0.7 34.00 224.00 258.00 OK
r-devel-windows-x86_64-gcc10-UCRT 2.0.7 NOTE
r-patched-linux-x86_64 2.0.7 13.19 171.57 184.76 OK
r-patched-solaris-x86 2.0.7 304.70 NOTE
r-release-linux-x86_64 2.0.7 13.48 174.17 187.65 OK
r-release-macos-x86_64 2.0.7 NOTE
r-release-windows-ix86+x86_64 2.0.7 41.00 236.00 277.00 OK
r-oldrel-macos-x86_64 2.0.7 ERROR

Check Details

Version: 2.0.7
Check: dependencies in R code
Result: NOTE
    Namespace in Imports field not imported from: ‘tidyselect’
     All declared Imports should be used.
Flavors: r-devel-linux-x86_64-fedora-clang, r-devel-linux-x86_64-fedora-gcc, r-devel-windows-x86_64-gcc10-UCRT, r-patched-solaris-x86, r-release-macos-x86_64

Version: 2.0.7
Check: whether package can be installed
Result: ERROR
    Installation failed.
Flavor: r-oldrel-macos-x86_64