CRAN Package Check Results for Package DescribeDisplay

Last updated on 2018-06-25 11:52:28 CEST.

Flavor Version Tinstall Tcheck Ttotal Status Flags
r-devel-linux-x86_64-debian-clang 0.2.5 3.09 43.47 46.56 WARN
r-devel-linux-x86_64-debian-gcc 0.2.5 2.35 38.34 40.69 WARN
r-devel-linux-x86_64-fedora-clang 0.2.5 58.10 WARN
r-devel-linux-x86_64-fedora-gcc 0.2.5 55.80 WARN
r-devel-windows-ix86+x86_64 0.2.5 9.00 62.00 71.00 WARN
r-patched-linux-x86_64 0.2.5 2.74 42.81 45.55 OK
r-patched-solaris-x86 0.2.5 78.60 OK
r-release-linux-x86_64 0.2.5 2.52 42.74 45.26 OK
r-release-windows-ix86+x86_64 0.2.5 8.00 65.00 73.00 OK
r-release-osx-x86_64 0.2.5 OK
r-oldrel-windows-ix86+x86_64 0.2.5 7.00 53.00 60.00 OK
r-oldrel-osx-x86_64 0.2.5 OK

Check Details

Version: 0.2.5
Check: for unstated dependencies in ‘tests’
Result: WARN
    '::' or ':::' import not declared from: ‘lintr’
    'library' or 'require' call not declared from: ‘lintr’
Flavors: r-devel-linux-x86_64-debian-clang, r-devel-linux-x86_64-debian-gcc, r-devel-linux-x86_64-fedora-clang, r-devel-linux-x86_64-fedora-gcc, r-devel-windows-ix86+x86_64