CRAN Package Check Results for Package DescribeDisplay

Last updated on 2015-08-28 10:48:57.

Flavor Version Tinstall Tcheck Ttotal Status Flags
r-devel-linux-x86_64-debian-clang 0.2.4 1.28 23.96 25.24 NOTE
r-devel-linux-x86_64-debian-gcc 0.2.4 1.14 23.74 24.88 NOTE
r-devel-linux-x86_64-fedora-clang 0.2.4 49.88 NOTE
r-devel-linux-x86_64-fedora-gcc 0.2.4 48.10 NOTE
r-devel-osx-x86_64-clang 0.2.4 43.88 NOTE
r-devel-windows-ix86+x86_64 0.2.4 10.00 43.00 53.00 NOTE
r-patched-linux-x86_64 0.2.4 1.74 24.53 26.27 NOTE
r-patched-solaris-sparc 0.2.4 317.70 NOTE
r-patched-solaris-x86 0.2.4 69.60 NOTE
r-release-linux-x86_64 0.2.4 1.33 24.64 25.96 NOTE
r-release-osx-x86_64-mavericks 0.2.4 NOTE
r-release-windows-ix86+x86_64 0.2.4 8.00 46.00 54.00 NOTE
r-oldrel-windows-ix86+x86_64 0.2.4 14.00 70.00 84.00 NOTE

Check Details

Version: 0.2.4
Check: DESCRIPTION meta-information
Result: NOTE
    Malformed Description field: should contain one or more complete sentences.
    Deprecated license: BSD
Flavors: r-devel-linux-x86_64-debian-clang, r-devel-linux-x86_64-debian-gcc, r-devel-linux-x86_64-fedora-clang, r-devel-linux-x86_64-fedora-gcc, r-devel-osx-x86_64-clang, r-patched-linux-x86_64, r-patched-solaris-sparc, r-patched-solaris-x86, r-release-linux-x86_64, r-release-osx-x86_64-mavericks

Version: 0.2.4
Check: top-level files
Result: NOTE
    Non-standard files/directories found at top level:
     ‘ggobi-xml’ ‘load.r’ ‘write-xml.rnw’
Flavors: r-devel-linux-x86_64-debian-clang, r-devel-linux-x86_64-debian-gcc, r-devel-linux-x86_64-fedora-clang, r-devel-linux-x86_64-fedora-gcc, r-patched-linux-x86_64, r-release-linux-x86_64

Version: 0.2.4
Check: dependencies in R code
Result: NOTE
    Package in Depends field not imported from: ‘proto’
     These packages need to be imported from (in the NAMESPACE file)
     for when this namespace is loaded but not attached.
Flavors: r-devel-linux-x86_64-debian-clang, r-devel-linux-x86_64-debian-gcc, r-devel-linux-x86_64-fedora-clang, r-devel-linux-x86_64-fedora-gcc, r-devel-osx-x86_64-clang, r-devel-windows-ix86+x86_64, r-patched-linux-x86_64, r-patched-solaris-sparc, r-patched-solaris-x86, r-release-linux-x86_64, r-release-osx-x86_64-mavericks, r-release-windows-ix86+x86_64, r-oldrel-windows-ix86+x86_64

Version: 0.2.4
Check: R code for possible problems
Result: NOTE
    dd_load : <anonymous>: no visible binding for global variable ‘rgb’
    dd_points: no visible binding for global variable ‘rgb’
    print.dd: no visible global function definition for ‘str’
    zeeThemAll: no visible global function definition for ‘example’
    Undefined global functions or variables:
     example rgb str
    Consider adding
     importFrom("grDevices", "rgb")
     importFrom("utils", "example", "str")
    to your NAMESPACE.
Flavors: r-devel-linux-x86_64-debian-clang, r-devel-linux-x86_64-debian-gcc, r-devel-linux-x86_64-fedora-clang, r-devel-linux-x86_64-fedora-gcc, r-devel-windows-ix86+x86_64

Version: 0.2.4
Check: DESCRIPTION meta-information
Result: NOTE
    Malformed Description field: should contain one or more complete sentences.
Flavors: r-devel-windows-ix86+x86_64, r-release-windows-ix86+x86_64