CRAN Package Check Results for Package DescribeDisplay

Last updated on 2014-04-18 03:47:14.

Flavor Version Tinstall Tcheck Ttotal Status Flags
r-devel-linux-x86_64-debian-clang 0.2.4 2.21 33.52 35.72 NOTE
r-devel-linux-x86_64-debian-gcc NOTE
r-devel-linux-x86_64-fedora-clang 0.2.4 68.77 NOTE
r-devel-linux-x86_64-fedora-gcc 0.2.4 64.09 NOTE
r-devel-macosx-x86_64-clang 0.2.4 65.45 NOTE
r-devel-macosx-x86_64-gcc 0.2.4 ERROR
r-devel-windows-ix86+x86_64 0.2.4 8.00 48.00 56.00 NOTE
r-patched-linux-x86_64 0.2.4 2.28 34.11 36.40 NOTE
r-patched-solaris-sparc 0.2.4 350.70 NOTE
r-patched-solaris-x86 0.2.4 82.20 NOTE
r-release-linux-ix86 0.2.4 5.00 77.00 82.00 NOTE
r-release-linux-x86_64 0.2.4 2.33 35.26 37.58 NOTE
r-release-macosx-x86_64 0.2.4 NOTE
r-release-windows-ix86+x86_64 0.2.4 7.00 57.00 64.00 NOTE
r-oldrel-windows-ix86+x86_64 0.2.4 9.00 53.00 62.00 NOTE

Check Details

Version: 0.2.4
Check: DESCRIPTION meta-information
Result: NOTE
    Deprecated license: BSD
Flavors: r-devel-linux-x86_64-debian-clang, r-devel-linux-x86_64-debian-gcc, r-devel-linux-x86_64-fedora-clang, r-devel-linux-x86_64-fedora-gcc, r-devel-macosx-x86_64-clang, r-patched-linux-x86_64, r-patched-solaris-sparc, r-patched-solaris-x86, r-release-linux-ix86, r-release-linux-x86_64, r-release-macosx-x86_64

Version: 0.2.4
Check: dependencies in R code
Result: NOTE
    Package in Depends field not imported from: ‘proto’
     These packages need to be imported from (in the NAMESPACE file)
     for when this namespace is loaded but not attached.
    See the information on DESCRIPTION files in the chapter ‘Creating R
    packages’ of the ‘Writing R Extensions’ manual.
Flavors: r-devel-linux-x86_64-debian-clang, r-devel-linux-x86_64-debian-gcc, r-devel-linux-x86_64-fedora-clang, r-devel-linux-x86_64-fedora-gcc, r-devel-macosx-x86_64-clang, r-devel-windows-ix86+x86_64, r-patched-linux-x86_64, r-patched-solaris-sparc, r-patched-solaris-x86, r-release-linux-ix86, r-release-linux-x86_64, r-release-windows-ix86+x86_64, r-oldrel-windows-ix86+x86_64

Version: 0.2.4
Check: top-level files
Result: NOTE
    Non-standard files/directories found at top level:
     ‘ggobi-xml’ ‘load.r’ ‘write-xml.rnw’
Flavors: r-devel-linux-x86_64-fedora-clang, r-devel-linux-x86_64-fedora-gcc

Version: 0.2.4
Check: package dependencies
Result: ERROR
    Packages required but not available: ‘ggplot2’ ‘scales’ ‘GGally’
    
    See the information on DESCRIPTION files in the chapter ‘Creating R
    packages’ of the ‘Writing R Extensions’ manual.
Flavor: r-devel-macosx-x86_64-gcc

Version: 0.2.4
Check: dependencies in R code
Result: NOTE
    Package in Depends field not imported from: 'proto'
     These packages need to be imported from for the case when
     this namespace is loaded but not attached.
    See the information on DESCRIPTION files in the chapter 'Creating R
    packages' of the 'Writing R Extensions' manual.
Flavor: r-release-macosx-x86_64