CRAN Package Check Results for Package DescribeDisplay

Last updated on 2014-11-01 01:47:53.

Flavor Version Tinstall Tcheck Ttotal Status Flags
r-devel-linux-x86_64-debian-clang 0.2.4 1.82 28.35 30.17 NOTE
r-devel-linux-x86_64-debian-gcc 0.2.4 1.85 28.15 30.00 NOTE
r-devel-linux-x86_64-fedora-clang 0.2.4 61.95 NOTE
r-devel-linux-x86_64-fedora-gcc 0.2.4 58.06 NOTE
r-devel-osx-x86_64-clang 0.2.4 55.60 NOTE
r-devel-windows-ix86+x86_64 0.2.4 6.00 46.00 52.00 NOTE
r-patched-linux-x86_64 0.2.4 1.84 29.37 31.21 NOTE
r-patched-solaris-sparc 0.2.4 339.80 NOTE
r-patched-solaris-x86 0.2.4 81.80 NOTE
r-release-linux-ix86 0.2.4 2.39 37.30 39.69 NOTE
r-release-linux-x86_64 0.2.4 2.22 30.87 33.09 NOTE
r-release-osx-x86_64-mavericks 0.2.4 NOTE
r-release-osx-x86_64-snowleopard 0.2.4 NOTE
r-release-windows-ix86+x86_64 0.2.4 8.00 46.00 54.00 NOTE
r-oldrel-windows-ix86+x86_64 0.2.4 8.00 50.00 58.00 NOTE

Check Details

Version: 0.2.4
Check: DESCRIPTION meta-information
Result: NOTE
    Deprecated license: BSD
Flavors: r-devel-linux-x86_64-debian-clang, r-devel-linux-x86_64-debian-gcc, r-devel-linux-x86_64-fedora-clang, r-devel-linux-x86_64-fedora-gcc, r-devel-osx-x86_64-clang, r-patched-linux-x86_64, r-patched-solaris-sparc, r-patched-solaris-x86, r-release-linux-ix86, r-release-linux-x86_64, r-release-osx-x86_64-mavericks, r-release-osx-x86_64-snowleopard

Version: 0.2.4
Check: top-level files
Result: NOTE
    Non-standard files/directories found at top level:
     ‘ggobi-xml’ ‘load.r’ ‘write-xml.rnw’
Flavors: r-devel-linux-x86_64-debian-clang, r-devel-linux-x86_64-debian-gcc, r-devel-linux-x86_64-fedora-clang, r-devel-linux-x86_64-fedora-gcc, r-patched-linux-x86_64, r-release-linux-x86_64

Version: 0.2.4
Check: dependencies in R code
Result: NOTE
    Package in Depends field not imported from: ‘proto’
     These packages need to be imported from (in the NAMESPACE file)
     for when this namespace is loaded but not attached.
    See the information on DESCRIPTION files in the chapter ‘Creating R
    packages’ of the ‘Writing R Extensions’ manual.
Flavors: r-devel-linux-x86_64-debian-clang, r-devel-linux-x86_64-debian-gcc, r-devel-linux-x86_64-fedora-clang, r-devel-linux-x86_64-fedora-gcc, r-devel-osx-x86_64-clang, r-devel-windows-ix86+x86_64, r-patched-linux-x86_64, r-patched-solaris-sparc, r-patched-solaris-x86, r-release-linux-ix86, r-release-linux-x86_64, r-release-osx-x86_64-mavericks, r-release-windows-ix86+x86_64, r-oldrel-windows-ix86+x86_64

Version: 0.2.4
Check: dependencies in R code
Result: NOTE
    Package in Depends field not imported from: 'proto'
     These packages need to be imported from for the case when
     this namespace is loaded but not attached.
    See the information on DESCRIPTION files in the chapter 'Creating R
    packages' of the 'Writing R Extensions' manual.
Flavor: r-release-osx-x86_64-snowleopard