CRAN Package Check Results for Package DetSel

Last updated on 2015-05-26 15:47:26.

Flavor Version Tinstall Tcheck Ttotal Status Flags
r-devel-linux-x86_64-debian-clang 1.0.2 1.23 13.04 14.26 NOTE
r-devel-linux-x86_64-debian-gcc 1.0.2 1.52 13.01 14.53 NOTE
r-devel-linux-x86_64-fedora-clang 1.0.2 26.96 NOTE
r-devel-linux-x86_64-fedora-gcc 1.0.2 25.59 NOTE
r-devel-osx-x86_64-clang 1.0.2 28.45 NOTE
r-devel-windows-ix86+x86_64 1.0.2 7.00 32.00 39.00 NOTE
r-patched-linux-x86_64 1.0.2 1.52 12.59 14.11 NOTE
r-patched-solaris-sparc 1.0.2 176.00 NOTE
r-patched-solaris-x86 1.0.2 37.80 NOTE
r-release-linux-x86_64 1.0.2 1.46 13.35 14.80 NOTE
r-release-osx-x86_64-mavericks 1.0.2 NOTE
r-release-osx-x86_64-snowleopard 1.0.2 NOTE
r-release-windows-ix86+x86_64 1.0.2 5.00 27.00 32.00 NOTE
r-oldrel-windows-ix86+x86_64 1.0.2 10.00 42.00 52.00 NOTE

Check Details

Version: 1.0.2
Check: dependencies in R code
Result: NOTE
    Package in Depends field not imported from: ‘ash’
     These packages need to be imported from (in the NAMESPACE file)
     for when this namespace is loaded but not attached.
Flavors: r-devel-linux-x86_64-debian-clang, r-devel-linux-x86_64-debian-gcc, r-devel-linux-x86_64-fedora-clang, r-devel-linux-x86_64-fedora-gcc, r-devel-osx-x86_64-clang, r-devel-windows-ix86+x86_64, r-patched-linux-x86_64, r-patched-solaris-sparc, r-patched-solaris-x86, r-release-linux-x86_64, r-release-osx-x86_64-mavericks, r-release-osx-x86_64-snowleopard, r-release-windows-ix86+x86_64, r-oldrel-windows-ix86+x86_64

Version: 1.0.2
Check: R code for possible problems
Result: NOTE
    compute.p.values: no visible global function definition for ‘ash2’
    draw.single.detsel.graph: no visible global function definition for
     ‘ash2’
Flavors: r-devel-linux-x86_64-debian-clang, r-devel-linux-x86_64-debian-gcc, r-devel-linux-x86_64-fedora-clang, r-devel-linux-x86_64-fedora-gcc, r-devel-osx-x86_64-clang, r-devel-windows-ix86+x86_64, r-patched-linux-x86_64, r-patched-solaris-sparc, r-patched-solaris-x86, r-release-linux-x86_64, r-release-osx-x86_64-mavericks, r-release-osx-x86_64-snowleopard, r-release-windows-ix86+x86_64, r-oldrel-windows-ix86+x86_64