CRAN Package Check Results for Package DetSel

Last updated on 2014-07-24 15:52:18.

Flavor Version Tinstall Tcheck Ttotal Status Flags
r-devel-linux-x86_64-debian-clang 1.0.2 1.12 13.28 14.39 NOTE
r-devel-linux-x86_64-debian-gcc 1.0.2 1.41 13.08 14.48 NOTE
r-devel-linux-x86_64-fedora-clang 1.0.2 28.87 NOTE
r-devel-linux-x86_64-fedora-gcc 1.0.2 28.48 NOTE
r-devel-osx-x86_64-clang 1.0.2 28.93 NOTE
r-devel-windows-ix86+x86_64 1.0.2 7.00 31.00 38.00 NOTE
r-patched-linux-x86_64 1.0.2 1.48 13.22 14.70 NOTE
r-patched-solaris-sparc 1.0.2 169.80 NOTE
r-patched-solaris-x86 1.0.2 39.50 NOTE
r-release-linux-ix86 1.0.2 2.12 20.90 23.02 NOTE
r-release-linux-x86_64 1.0.2 1.48 13.10 14.58 NOTE
r-release-osx-x86_64-mavericks 1.0.2 NOTE
r-release-windows-ix86+x86_64 1.0.2 10.00 30.00 40.00 NOTE
r-oldrel-windows-ix86+x86_64 1.0.2 7.00 32.00 39.00 NOTE

Check Details

Version: 1.0.2
Check: dependencies in R code
Result: NOTE
    Package in Depends field not imported from: ‘ash’
     These packages need to be imported from (in the NAMESPACE file)
     for when this namespace is loaded but not attached.
    See the information on DESCRIPTION files in the chapter ‘Creating R
    packages’ of the ‘Writing R Extensions’ manual.
Flavors: r-devel-linux-x86_64-debian-clang, r-devel-linux-x86_64-debian-gcc, r-devel-linux-x86_64-fedora-clang, r-devel-linux-x86_64-fedora-gcc, r-devel-osx-x86_64-clang, r-devel-windows-ix86+x86_64, r-patched-linux-x86_64, r-patched-solaris-sparc, r-patched-solaris-x86, r-release-linux-ix86, r-release-linux-x86_64, r-release-osx-x86_64-mavericks, r-release-windows-ix86+x86_64, r-oldrel-windows-ix86+x86_64