CRAN Package Check Results for Package DetSel

Last updated on 2014-11-24 00:47:41.

Flavor Version Tinstall Tcheck Ttotal Status Flags
r-devel-linux-x86_64-debian-clang 1.0.2 1.30 13.99 15.29 NOTE
r-devel-linux-x86_64-debian-gcc 1.0.2 1.47 13.78 15.25 NOTE
r-devel-linux-x86_64-fedora-clang 1.0.2 31.53 NOTE
r-devel-linux-x86_64-fedora-gcc 1.0.2 28.26 NOTE
r-devel-osx-x86_64-clang 1.0.2 31.51 NOTE
r-devel-windows-ix86+x86_64 1.0.2 6.00 31.00 37.00 NOTE
r-patched-linux-x86_64 1.0.2 1.51 14.22 15.73 NOTE
r-patched-solaris-sparc 1.0.2 170.50 NOTE
r-patched-solaris-x86 1.0.2 42.10 NOTE
r-release-linux-ix86 1.0.2 2.31 20.35 22.66 NOTE
r-release-linux-x86_64 1.0.2 1.49 13.99 15.48 NOTE
r-release-osx-x86_64-mavericks 1.0.2 NOTE
r-release-windows-ix86+x86_64 1.0.2 7.00 33.00 40.00 NOTE
r-oldrel-windows-ix86+x86_64 1.0.2 7.00 32.00 39.00 NOTE

Check Details

Version: 1.0.2
Check: dependencies in R code
Result: NOTE
    Package in Depends field not imported from: ‘ash’
     These packages need to be imported from (in the NAMESPACE file)
     for when this namespace is loaded but not attached.
    See the information on DESCRIPTION files in the chapter ‘Creating R
    packages’ of the ‘Writing R Extensions’ manual.
Flavors: r-devel-linux-x86_64-debian-clang, r-devel-linux-x86_64-debian-gcc, r-devel-linux-x86_64-fedora-clang, r-devel-linux-x86_64-fedora-gcc, r-devel-osx-x86_64-clang, r-devel-windows-ix86+x86_64, r-patched-linux-x86_64, r-patched-solaris-sparc, r-patched-solaris-x86, r-release-linux-ix86, r-release-linux-x86_64, r-release-osx-x86_64-mavericks, r-release-windows-ix86+x86_64, r-oldrel-windows-ix86+x86_64

Version: 1.0.2
Check: R code for possible problems
Result: NOTE
    compute.p.values: no visible global function definition for ‘ash2’
    draw.single.detsel.graph: no visible global function definition for
     ‘ash2’
Flavors: r-devel-linux-x86_64-debian-clang, r-devel-linux-x86_64-debian-gcc, r-devel-linux-x86_64-fedora-clang, r-devel-linux-x86_64-fedora-gcc, r-devel-osx-x86_64-clang, r-devel-windows-ix86+x86_64, r-patched-linux-x86_64, r-patched-solaris-sparc, r-patched-solaris-x86, r-release-linux-ix86, r-release-linux-x86_64, r-release-windows-ix86+x86_64