CRAN Package Check Results for Package DetSel

Last updated on 2015-08-31 04:48:38.

Flavor Version Tinstall Tcheck Ttotal Status Flags
r-devel-linux-x86_64-debian-clang 1.0.2 1.14 12.63 13.78 NOTE
r-devel-linux-x86_64-debian-gcc 1.0.2 1.38 12.04 13.42 NOTE
r-devel-linux-x86_64-fedora-clang 1.0.2 24.85 NOTE
r-devel-linux-x86_64-fedora-gcc 1.0.2 24.09 NOTE
r-devel-osx-x86_64-clang 1.0.2 24.56 NOTE
r-devel-windows-ix86+x86_64 1.0.2 12.00 37.00 49.00 NOTE
r-patched-linux-x86_64 1.0.2 1.46 12.79 14.24 NOTE
r-patched-solaris-sparc 1.0.2 181.60 NOTE
r-patched-solaris-x86 1.0.2 38.60 NOTE
r-release-linux-x86_64 1.0.2 1.49 13.54 15.03 NOTE
r-release-osx-x86_64-mavericks 1.0.2 NOTE
r-release-windows-ix86+x86_64 1.0.2 8.00 45.00 53.00 NOTE
r-oldrel-windows-ix86+x86_64 1.0.2 10.00 42.00 52.00 NOTE

Check Details

Version: 1.0.2
Check: dependencies in R code
Result: NOTE
    Package in Depends field not imported from: ‘ash’
     These packages need to be imported from (in the NAMESPACE file)
     for when this namespace is loaded but not attached.
Flavors: r-devel-linux-x86_64-debian-clang, r-devel-linux-x86_64-debian-gcc, r-devel-linux-x86_64-fedora-clang, r-devel-linux-x86_64-fedora-gcc, r-devel-osx-x86_64-clang, r-devel-windows-ix86+x86_64, r-patched-linux-x86_64, r-patched-solaris-sparc, r-patched-solaris-x86, r-release-linux-x86_64, r-release-osx-x86_64-mavericks, r-release-windows-ix86+x86_64, r-oldrel-windows-ix86+x86_64

Version: 1.0.2
Check: R code for possible problems
Result: NOTE
    compute.p.values: no visible global function definition for
     ‘flush.console’
    compute.p.values: no visible global function definition for
     ‘read.table’
    compute.p.values: no visible global function definition for ‘ash2’
    compute.p.values: no visible global function definition for
     ‘write.table’
    draw.detsel.graphs: no visible global function definition for
     ‘read.table’
    draw.detsel.graphs: no visible global function definition for ‘dev.off’
    draw.single.detsel.graph: no visible global function definition for
     ‘read.table’
    draw.single.detsel.graph: no visible global function definition for
     ‘flush.console’
    draw.single.detsel.graph: no visible global function definition for
     ‘dev.new’
    draw.single.detsel.graph: no visible global function definition for
     ‘par’
    draw.single.detsel.graph: no visible global function definition for
     ‘ash2’
    draw.single.detsel.graph: no visible global function definition for
     ‘grey’
    draw.single.detsel.graph: no visible global function definition for
     ‘points’
    draw.single.detsel.graph: no visible global function definition for
     ‘text’
    draw.single.detsel.graph: no visible global function definition for
     ‘title’
    filled.contour3: no visible binding for global variable ‘cm.colors’
    filled.contour3: no visible global function definition for ‘plot.new’
    filled.contour3: no visible global function definition for
     ‘plot.window’
    filled.contour3: no visible global function definition for
     ‘.filled.contour’
    filled.contour3: no visible global function definition for ‘title’
    filled.contour3: no visible global function definition for ‘Axis’
    filled.contour3: no visible global function definition for ‘box’
    read.data: no visible global function definition for ‘read.table’
    run.detsel: no visible global function definition for ‘read.table’
    run.detsel: no visible global function definition for ‘flush.console’
    Undefined global functions or variables:
     .filled.contour Axis ash2 box cm.colors dev.new dev.off flush.console
     grey par plot.new plot.window points read.table text title
     write.table
    Consider adding
     importFrom("grDevices", "cm.colors", "dev.new", "dev.off", "grey")
     importFrom("graphics", ".filled.contour", "Axis", "box", "par",
     "plot.new", "plot.window", "points", "text", "title")
     importFrom("utils", "flush.console", "read.table", "write.table")
    to your NAMESPACE.
Flavors: r-devel-linux-x86_64-debian-clang, r-devel-linux-x86_64-debian-gcc, r-devel-linux-x86_64-fedora-clang, r-devel-linux-x86_64-fedora-gcc, r-devel-windows-ix86+x86_64

Version: 1.0.2
Check: R code for possible problems
Result: NOTE
    compute.p.values: no visible global function definition for ‘ash2’
    draw.single.detsel.graph: no visible global function definition for
     ‘ash2’
    Undefined global functions or variables:
     ash2
Flavor: r-devel-osx-x86_64-clang

Version: 1.0.2
Check: R code for possible problems
Result: NOTE
    compute.p.values: no visible global function definition for ‘ash2’
    draw.single.detsel.graph: no visible global function definition for
     ‘ash2’
Flavors: r-patched-linux-x86_64, r-patched-solaris-sparc, r-patched-solaris-x86, r-release-linux-x86_64, r-release-osx-x86_64-mavericks, r-release-windows-ix86+x86_64, r-oldrel-windows-ix86+x86_64