CRAN Package Check Results for Package DetSel

Last updated on 2015-04-01 03:49:13.

Flavor Version Tinstall Tcheck Ttotal Status Flags
r-devel-linux-x86_64-debian-clang 1.0.2 1.25 13.10 14.34 NOTE
r-devel-linux-x86_64-debian-gcc 1.0.2 1.47 12.67 14.14 NOTE
r-devel-linux-x86_64-fedora-clang 1.0.2 26.82 NOTE
r-devel-linux-x86_64-fedora-gcc 1.0.2 25.70 NOTE
r-devel-osx-x86_64-clang 1.0.2 32.78 NOTE
r-prerel-windows-ix86+x86_64 1.0.2 9.00 32.00 41.00 NOTE
r-prerel-linux-x86_64 1.0.2 1.51 12.62 14.13 NOTE
r-prerel-solaris-sparc 1.0.2 186.90 NOTE
r-prerel-solaris-x86 1.0.2 38.00 NOTE
r-release-linux-x86_64 1.0.2 1.67 14.22 15.88 NOTE
r-release-osx-x86_64-mavericks 1.0.2 NOTE
r-release-windows-ix86+x86_64 1.0.2 10.00 42.00 52.00 NOTE
r-oldrel-windows-ix86+x86_64 1.0.2 7.00 32.00 39.00 NOTE

Check Details

Version: 1.0.2
Check: dependencies in R code
Result: NOTE
    Package in Depends field not imported from: ‘ash’
     These packages need to be imported from (in the NAMESPACE file)
     for when this namespace is loaded but not attached.
Flavors: r-devel-linux-x86_64-debian-clang, r-devel-linux-x86_64-debian-gcc, r-devel-linux-x86_64-fedora-clang, r-devel-linux-x86_64-fedora-gcc, r-devel-osx-x86_64-clang, r-prerel-windows-ix86+x86_64, r-prerel-linux-x86_64, r-prerel-solaris-sparc, r-prerel-solaris-x86, r-release-linux-x86_64, r-release-windows-ix86+x86_64

Version: 1.0.2
Check: R code for possible problems
Result: NOTE
    compute.p.values: no visible global function definition for ‘ash2’
    draw.single.detsel.graph: no visible global function definition for
     ‘ash2’
Flavors: r-devel-linux-x86_64-debian-clang, r-devel-linux-x86_64-debian-gcc, r-devel-linux-x86_64-fedora-clang, r-devel-linux-x86_64-fedora-gcc, r-devel-osx-x86_64-clang, r-prerel-windows-ix86+x86_64, r-prerel-linux-x86_64, r-prerel-solaris-sparc, r-prerel-solaris-x86, r-release-linux-x86_64, r-release-osx-x86_64-mavericks, r-release-windows-ix86+x86_64

Version: 1.0.2
Check: dependencies in R code
Result: NOTE
    Package in Depends field not imported from: ‘ash’
     These packages need to be imported from (in the NAMESPACE file)
     for when this namespace is loaded but not attached.
    See the information on DESCRIPTION files in the chapter ‘Creating R
    packages’ of the ‘Writing R Extensions’ manual.
Flavors: r-release-osx-x86_64-mavericks, r-oldrel-windows-ix86+x86_64