CRAN Package Check Results for Package Devore7

Last updated on 2014-04-24 17:49:42.

Flavor Version Tinstall Tcheck Ttotal Status Flags
r-devel-linux-x86_64-debian-clang 0.7.6 6.29 29.31 35.60 OK
r-devel-linux-x86_64-debian-gcc 0.7.6 6.75 29.67 36.42 OK
r-devel-linux-x86_64-fedora-clang 0.7.6 79.78 OK
r-devel-linux-x86_64-fedora-gcc 0.7.6 77.77 OK
r-devel-osx-x86_64-clang 0.7.6 67.99 OK
r-devel-osx-x86_64-gcc 0.7.6 OK
r-devel-windows-ix86+x86_64 0.7.6 24.00 57.00 81.00 OK
r-patched-linux-x86_64 0.7.6 6.48 28.51 34.99 OK
r-patched-solaris-sparc 0.7.6 413.30 OK
r-patched-solaris-x86 0.7.6 97.90 OK
r-release-linux-ix86 0.7.6 10.00 70.00 80.00 OK
r-release-linux-x86_64 0.7.6 6.59 29.72 36.30 OK
r-release-osx-x86_64-mavericks 0.7.6 WARN
r-release-osx-x86_64-snowleopard 0.7.6 OK
r-release-windows-ix86+x86_64 0.7.6 26.00 54.00 80.00 OK
r-oldrel-windows-ix86+x86_64 0.7.6 31.00 56.00 87.00 OK

Check Details

Version: 0.7.6
Check: PDF version of manual
Result: WARNING
    LaTeX errors when creating PDF version.
    This typically indicates Rd problems.
    LaTeX errors found:
    ! LaTeX Error: File `upquote.sty' not found.
    
    Type X to quit or <RETURN> to proceed,
    or enter new name. (Default extension: sty)
    
    108f85c/Rd2.tex:8: ==> Fatal error occurred, no output PDF file produced!
Flavor: r-release-osx-x86_64-mavericks