CRAN Package Check Results for Package DiagTest3Grp

Last updated on 2015-08-28 08:46:52.

Flavor Version Tinstall Tcheck Ttotal Status Flags
r-devel-linux-x86_64-debian-clang 1.6 4.21 57.08 61.29 NOTE
r-devel-linux-x86_64-debian-gcc 1.6 3.97 52.96 56.93 NOTE
r-devel-linux-x86_64-fedora-clang 1.6 118.52 NOTE
r-devel-linux-x86_64-fedora-gcc 1.6 111.53 NOTE
r-devel-osx-x86_64-clang 1.6 96.78 NOTE
r-devel-windows-ix86+x86_64 1.6 16.00 92.00 108.00 OK
r-patched-linux-x86_64 1.6 4.21 57.06 61.27 NOTE
r-patched-solaris-sparc 1.6 714.50 NOTE
r-patched-solaris-x86 1.6 155.70 NOTE
r-release-linux-x86_64 1.6 4.19 54.86 59.05 NOTE
r-release-osx-x86_64-mavericks 1.6 OK
r-release-windows-ix86+x86_64 1.6 18.00 95.00 113.00 OK
r-oldrel-windows-ix86+x86_64 1.6 26.00 133.00 159.00 OK

Check Details

Version: 1.6
Check: S3 generic/method consistency
Result: NOTE
    Found the following apparent S3 methods exported but not registered:
     plot.DiagTest3Grp print.DiagTest3Grp
    See section ‘Registering S3 methods’ in the ‘Writing R Extensions’
    manual.
Flavors: r-devel-linux-x86_64-debian-clang, r-devel-linux-x86_64-debian-gcc, r-devel-linux-x86_64-fedora-clang, r-devel-linux-x86_64-fedora-gcc, r-devel-osx-x86_64-clang, r-patched-linux-x86_64, r-patched-solaris-sparc, r-patched-solaris-x86, r-release-linux-x86_64