CRAN Package Check Results for Package DiagTest3Grp

Last updated on 2015-04-26 16:47:01.

Flavor Version Tinstall Tcheck Ttotal Status Flags
r-devel-linux-x86_64-debian-clang 1.6 4.07 52.81 56.88 NOTE
r-devel-linux-x86_64-debian-gcc 1.6 4.35 53.52 57.87 NOTE
r-devel-linux-x86_64-fedora-clang 1.6 119.92 NOTE
r-devel-linux-x86_64-fedora-gcc 1.6 116.67 NOTE
r-devel-osx-x86_64-clang 1.6 100.70 NOTE
r-devel-windows-ix86+x86_64 1.6 11.00 84.00 95.00 OK
r-patched-linux-x86_64 1.6 4.06 52.32 56.38 NOTE
r-patched-solaris-sparc 1.6 685.20 OK
r-patched-solaris-x86 1.6 152.20 NOTE
r-release-linux-x86_64 1.6 4.00 53.69 57.69 NOTE
r-release-osx-x86_64-mavericks 1.6 OK
r-release-osx-x86_64-snowleopard 1.6 ERROR
r-release-windows-ix86+x86_64 1.6 12.00 76.00 88.00 OK
r-oldrel-windows-ix86+x86_64 1.6 19.00 100.00 119.00 OK

Check Details

Version: 1.6
Check: S3 generic/method consistency
Result: NOTE
    Found the following apparent S3 methods exported but not registered:
     plot.DiagTest3Grp print.DiagTest3Grp
    See section ‘Registering S3 methods’ in the ‘Writing R Extensions’
    manual.
Flavors: r-devel-linux-x86_64-fedora-clang, r-devel-linux-x86_64-fedora-gcc, r-devel-osx-x86_64-clang, r-patched-solaris-x86