CRAN Package Check Results for Package DiagTest3Grp

Last updated on 2016-08-28 23:48:06.

Flavor Version Tinstall Tcheck Ttotal Status Flags
r-devel-linux-x86_64-debian-clang 1.6 5.34 55.92 61.25 NOTE
r-devel-linux-x86_64-debian-gcc 1.6 4.05 54.90 58.95 NOTE
r-devel-linux-x86_64-fedora-clang 1.6 116.19 NOTE
r-devel-linux-x86_64-fedora-gcc 1.6 117.74 NOTE
r-devel-osx-x86_64-clang 1.6 90.14 NOTE
r-devel-windows-ix86+x86_64 1.6 11.00 93.00 104.00 OK
r-patched-linux-x86_64 1.6 3.98 53.06 57.03 NOTE
r-patched-solaris-sparc 1.6 675.40 NOTE
r-patched-solaris-x86 1.6 139.80 NOTE
r-release-linux-x86_64 1.6 4.18 55.66 59.84 NOTE
r-release-osx-x86_64-mavericks 1.6 OK
r-release-windows-ix86+x86_64 1.6 19.00 123.00 142.00 OK
r-oldrel-windows-ix86+x86_64 1.6 15.00 132.00 147.00 OK

Check Details

Version: 1.6
Check: S3 generic/method consistency
Result: NOTE
    Found the following apparent S3 methods exported but not registered:
     plot.DiagTest3Grp print.DiagTest3Grp
    See section ‘Registering S3 methods’ in the ‘Writing R Extensions’
    manual.
Flavors: r-devel-linux-x86_64-debian-clang, r-devel-linux-x86_64-debian-gcc, r-devel-linux-x86_64-fedora-clang, r-devel-linux-x86_64-fedora-gcc, r-devel-osx-x86_64-clang, r-patched-linux-x86_64, r-patched-solaris-sparc, r-patched-solaris-x86, r-release-linux-x86_64