CRAN Package Check Results for Package DiagTest3Grp

Last updated on 2017-06-27 15:48:39.

Flavor Version Tinstall Tcheck Ttotal Status Flags
r-release-osx-x86_64 1.6 WARN

Check Details

Version: 1.6
Check: files in ‘vignettes’
Result: WARN
    Files in the 'vignettes' directory but no files in 'inst/doc':
     ‘Rvignette_DiagTest3Grp.pdf’
    Package has no Sweave vignette sources and no VignetteBuilder field.
Flavor: r-release-osx-x86_64