CRAN Package Check Results for Package DiagTest3Grp

Last updated on 2015-02-28 19:51:03.

Flavor Version Tinstall Tcheck Ttotal Status Flags
r-devel-linux-x86_64-debian-clang 1.6 4.24 56.83 61.07 NOTE
r-devel-linux-x86_64-debian-gcc 1.6 4.50 55.80 60.30 NOTE
r-devel-linux-x86_64-fedora-clang 1.6 119.41 NOTE
r-devel-linux-x86_64-fedora-gcc 1.6 112.84 NOTE
r-devel-osx-x86_64-clang 1.6 98.24 NOTE
r-devel-windows-ix86+x86_64 1.6 16.00 83.00 99.00 OK
r-patched-linux-x86_64 1.6 6.83 70.56 77.39 OK
r-patched-solaris-sparc 1.6 374.20 OK
r-patched-solaris-x86 1.6 212.40 OK
r-release-linux-ix86 1.6 6.27 81.30 87.58 OK
r-release-linux-x86_64 1.6 6.49 72.98 79.48 OK
r-release-osx-x86_64-mavericks 1.6 OK
r-release-osx-x86_64-snowleopard 1.6 OK
r-release-windows-ix86+x86_64 1.6 22.00 116.00 138.00 OK
r-oldrel-windows-ix86+x86_64 1.6 17.00 108.00 125.00 OK

Check Details

Version: 1.6
Check: S3 generic/method consistency
Result: NOTE
    Found the following apparent S3 methods exported but not registered:
     plot.DiagTest3Grp print.DiagTest3Grp
    See section ‘Registering S3 methods’ in the ‘Writing R Extensions’
    manual.
Flavors: r-devel-linux-x86_64-debian-clang, r-devel-linux-x86_64-debian-gcc, r-devel-linux-x86_64-fedora-clang, r-devel-linux-x86_64-fedora-gcc, r-devel-osx-x86_64-clang