CRAN Package Check Results for Package DiagTest3Grp

Last updated on 2017-02-19 23:48:04.

Flavor Version Tinstall Tcheck Ttotal Status Flags
r-devel-linux-x86_64-debian-clang 1.6 3.69 53.84 57.53 WARN
r-devel-linux-x86_64-debian-gcc 1.6 3.89 54.79 58.68 WARN
r-devel-linux-x86_64-fedora-clang 1.6 127.94 WARN --no-stop-on-test-error
r-devel-linux-x86_64-fedora-gcc 1.6 126.12 WARN --no-stop-on-test-error
r-devel-macos-x86_64-clang 1.6 95.64 WARN --no-stop-on-test-error
r-devel-windows-ix86+x86_64 1.6 17.00 141.00 158.00 WARN
r-patched-linux-x86_64 1.6 3.74 51.18 54.92 NOTE
r-patched-solaris-sparc 1.6 674.70 NOTE
r-patched-solaris-x86 1.6 144.50 NOTE
r-release-linux-x86_64 1.6 3.73 51.62 55.34 NOTE
r-release-osx-x86_64-mavericks 1.6 OK
r-release-windows-ix86+x86_64 1.6 11.00 84.00 95.00 OK
r-oldrel-windows-ix86+x86_64 1.6 17.00 125.00 142.00 OK

Check Details

Version: 1.6
Check: S3 generic/method consistency
Result: NOTE
    Found the following apparent S3 methods exported but not registered:
     plot.DiagTest3Grp print.DiagTest3Grp
    See section ‘Registering S3 methods’ in the ‘Writing R Extensions’
    manual.
Flavors: r-devel-linux-x86_64-debian-clang, r-devel-linux-x86_64-debian-gcc, r-patched-linux-x86_64, r-patched-solaris-sparc, r-patched-solaris-x86, r-release-linux-x86_64

Version: 1.6
Check: files in ‘vignettes’
Result: WARN
    Files in the 'vignettes' directory but no files in 'inst/doc':
     ‘Rvignette_DiagTest3Grp.pdf’
    Package has no Sweave vignette sources and no VignetteBuilder field.
Flavors: r-devel-linux-x86_64-debian-clang, r-devel-linux-x86_64-debian-gcc, r-devel-windows-ix86+x86_64

Version: 1.6
Flags: --no-stop-on-test-error
Check: S3 generic/method consistency
Result: NOTE
    Found the following apparent S3 methods exported but not registered:
     plot.DiagTest3Grp print.DiagTest3Grp
    See section ‘Registering S3 methods’ in the ‘Writing R Extensions’
    manual.
Flavors: r-devel-linux-x86_64-fedora-clang, r-devel-linux-x86_64-fedora-gcc, r-devel-macos-x86_64-clang

Version: 1.6
Flags: --no-stop-on-test-error
Check: files in ‘vignettes’
Result: WARN
    Files in the 'vignettes' directory but no files in 'inst/doc':
     ‘Rvignette_DiagTest3Grp.pdf’
    Package has no Sweave vignette sources and no VignetteBuilder field.
Flavors: r-devel-linux-x86_64-fedora-clang, r-devel-linux-x86_64-fedora-gcc, r-devel-macos-x86_64-clang