CRAN Package Check Results for Package DiagTest3Grp

Last updated on 2016-04-30 23:47:56.

Flavor Version Tinstall Tcheck Ttotal Status Flags
r-devel-linux-x86_64-debian-gcc 1.6 4.70 54.72 59.42 NOTE
r-devel-linux-x86_64-fedora-clang 1.6 114.68 NOTE
r-devel-linux-x86_64-fedora-gcc 1.6 108.34 NOTE
r-devel-osx-x86_64-clang 1.6 120.83 NOTE
r-devel-windows-ix86+x86_64 1.6 11.00 97.00 108.00 OK
r-patched-linux-x86_64 1.6 4.52 53.47 57.98 NOTE
r-patched-solaris-sparc 1.6 670.10 NOTE
r-patched-solaris-x86 1.6 140.30 NOTE
r-release-linux-x86_64 1.6 4.46 58.02 62.48 NOTE
r-release-osx-x86_64-mavericks 1.6 OK
r-release-windows-ix86+x86_64 1.6 19.00 119.00 138.00 OK
r-oldrel-windows-ix86+x86_64 1.6 30.00 176.00 206.00 OK

Check Details

Version: 1.6
Check: S3 generic/method consistency
Result: NOTE
    Found the following apparent S3 methods exported but not registered:
     plot.DiagTest3Grp print.DiagTest3Grp
    See section ‘Registering S3 methods’ in the ‘Writing R Extensions’
    manual.
Flavors: r-devel-linux-x86_64-debian-gcc, r-devel-linux-x86_64-fedora-clang, r-devel-linux-x86_64-fedora-gcc, r-devel-osx-x86_64-clang, r-patched-linux-x86_64, r-patched-solaris-sparc, r-patched-solaris-x86, r-release-linux-x86_64