CRAN Package Check Results for Package DiagTest3Grp

Last updated on 2016-07-26 11:50:47.

Flavor Version Tinstall Tcheck Ttotal Status Flags
r-devel-linux-x86_64-debian-clang 1.6 5.29 63.85 69.14 NOTE
r-devel-linux-x86_64-debian-gcc 1.6 5.72 62.22 67.94 NOTE
r-devel-linux-x86_64-fedora-clang 1.6 142.50 NOTE
r-devel-linux-x86_64-fedora-gcc 1.6 112.38 NOTE
r-devel-osx-x86_64-clang 1.6 90.79 NOTE
r-devel-windows-ix86+x86_64 1.6 17.00 101.00 118.00 OK
r-patched-linux-x86_64 1.6 5.04 62.88 67.92 NOTE
r-patched-solaris-sparc 1.6 675.40 NOTE
r-patched-solaris-x86 1.6 140.10 NOTE
r-release-linux-x86_64 1.6 4.68 60.22 64.90 NOTE
r-release-osx-x86_64-mavericks 1.6 OK
r-release-windows-ix86+x86_64 1.6 16.00 90.00 106.00 OK
r-oldrel-windows-ix86+x86_64 1.6 17.00 125.00 142.00 OK

Check Details

Version: 1.6
Check: S3 generic/method consistency
Result: NOTE
    Found the following apparent S3 methods exported but not registered:
     plot.DiagTest3Grp print.DiagTest3Grp
    See section ‘Registering S3 methods’ in the ‘Writing R Extensions’
    manual.
Flavors: r-devel-linux-x86_64-debian-clang, r-devel-linux-x86_64-debian-gcc, r-devel-linux-x86_64-fedora-clang, r-devel-linux-x86_64-fedora-gcc, r-devel-osx-x86_64-clang, r-patched-linux-x86_64, r-patched-solaris-sparc, r-patched-solaris-x86, r-release-linux-x86_64