CRAN Package Check Results for Package DiagTest3Grp

Last updated on 2014-04-24 21:47:39.

Flavor Version Tinstall Tcheck Ttotal Status Flags
r-devel-linux-x86_64-debian-clang 1.6 1.38 31.36 32.74 OK
r-devel-linux-x86_64-debian-gcc 1.6 1.29 31.43 32.72 OK
r-devel-linux-x86_64-fedora-clang 1.6 63.62 OK
r-devel-linux-x86_64-fedora-gcc 1.6 61.61 OK
r-devel-osx-x86_64-clang 1.6 61.62 OK
r-devel-osx-x86_64-gcc 1.6 ERROR
r-devel-windows-ix86+x86_64 1.6 5.00 44.00 49.00 OK
r-patched-linux-x86_64 1.6 1.42 30.98 32.40 OK
r-patched-solaris-sparc 1.6 346.70 OK
r-patched-solaris-x86 1.6 75.50 OK
r-release-linux-ix86 1.6 3.00 58.00 61.00 OK
r-release-linux-x86_64 1.6 1.29 32.42 33.71 OK
r-release-osx-x86_64-mavericks 1.6 WARN
r-release-osx-x86_64-snowleopard 1.6 OK
r-release-windows-ix86+x86_64 1.6 5.00 48.00 53.00 OK
r-oldrel-windows-ix86+x86_64 1.6 6.00 49.00 55.00 OK

Check Details

Version: 1.6
Check: package dependencies
Result: ERROR
    Package required but not available: ‘car’
    
    See the information on DESCRIPTION files in the chapter ‘Creating R
    packages’ of the ‘Writing R Extensions’ manual.
Flavor: r-devel-osx-x86_64-gcc

Version: 1.6
Check: PDF version of manual
Result: WARNING
    LaTeX errors when creating PDF version.
    This typically indicates Rd problems.
    LaTeX errors found:
    ! LaTeX Error: File `upquote.sty' not found.
    
    Type X to quit or <RETURN> to proceed,
    or enter new name. (Default extension: sty)
    
    3fa7a64/Rd2.tex:8: ==> Fatal error occurred, no output PDF file produced!
Flavor: r-release-osx-x86_64-mavericks