CRAN Package Check Results for Package DiagrammeR

Last updated on 2022-07-05 07:50:53 CEST.

Flavor Version Tinstall Tcheck Ttotal Status Flags
r-devel-linux-x86_64-debian-clang 1.0.9 26.33 263.42 289.75 OK
r-devel-linux-x86_64-debian-gcc 1.0.9 18.14 194.02 212.16 OK
r-devel-linux-x86_64-fedora-clang 1.0.9 342.73 NOTE
r-devel-linux-x86_64-fedora-gcc 1.0.9 372.20 NOTE
r-devel-windows-x86_64 1.0.9 247.00 344.00 591.00 OK
r-patched-linux-x86_64 1.0.9 26.39 247.63 274.02 OK
r-release-linux-x86_64 1.0.9 17.01 247.31 264.32 OK
r-release-macos-arm64 1.0.9 84.00 NOTE
r-release-macos-x86_64 1.0.9 159.00 NOTE
r-release-windows-x86_64 1.0.9 296.00 343.00 639.00 OK
r-oldrel-macos-arm64 1.0.9 81.00 NOTE
r-oldrel-macos-x86_64 1.0.9 122.00 NOTE
r-oldrel-windows-ix86+x86_64 1.0.9 40.00 354.00 394.00 OK

Check Details

Version: 1.0.9
Check: data for non-ASCII characters
Result: NOTE
     Note: found 1 marked UTF-8 string
Flavors: r-devel-linux-x86_64-fedora-clang, r-devel-linux-x86_64-fedora-gcc, r-release-macos-arm64, r-release-macos-x86_64, r-oldrel-macos-arm64, r-oldrel-macos-x86_64