CRAN Package Check Results for Package DiceDesign

Last updated on 2014-08-22 13:46:50.

Flavor Version Tinstall Tcheck Ttotal Status Flags
r-devel-linux-x86_64-debian-clang 1.6 1.10 25.12 26.21 OK
r-devel-linux-x86_64-debian-gcc 1.6 1.16 25.19 26.35 OK
r-devel-linux-x86_64-fedora-clang 1.6 50.84 NOTE
r-devel-linux-x86_64-fedora-gcc 1.6 47.66 NOTE
r-devel-osx-x86_64-clang 1.6 47.85 NOTE
r-devel-windows-ix86+x86_64 1.6 6.00 50.00 56.00 OK
r-patched-linux-x86_64 1.6 1.18 25.53 26.71 OK
r-patched-solaris-sparc 1.6 297.30 OK
r-patched-solaris-x86 1.6 62.10 OK
r-release-linux-ix86 1.6 1.76 36.53 38.28 OK
r-release-linux-x86_64 1.6 1.23 26.97 28.20 OK
r-release-osx-x86_64-mavericks 1.6 OK
r-release-osx-x86_64-snowleopard 1.6 OK
r-release-windows-ix86+x86_64 1.6 6.00 56.00 62.00 OK
r-oldrel-windows-ix86+x86_64 1.6 6.00 55.00 61.00 OK

Check Details

Version: 1.6
Check: R code for possible problems
Result: NOTE
    rss3d: no visible global function definition for ‘open3d’
    rss3d: no visible global function definition for ‘plot3d’
Flavors: r-devel-linux-x86_64-fedora-clang, r-devel-linux-x86_64-fedora-gcc, r-devel-osx-x86_64-clang