CRAN Package Check Results for Package DiceDesign

Last updated on 2014-10-02 11:48:04.

Flavor Version Tinstall Tcheck Ttotal Status Flags
r-devel-linux-x86_64-debian-clang 1.6 1.22 25.84 27.06 NOTE
r-devel-linux-x86_64-debian-gcc 1.6 1.26 25.13 26.39 NOTE
r-devel-linux-x86_64-fedora-clang 1.6 51.69 NOTE
r-devel-linux-x86_64-fedora-gcc 1.6 57.48 NOTE
r-devel-osx-x86_64-clang 1.6 46.94 NOTE
r-devel-windows-ix86+x86_64 1.6 7.00 51.00 58.00 NOTE
r-patched-linux-x86_64 1.6 1.25 26.61 27.86 OK
r-patched-solaris-sparc 1.6 297.30 OK
r-patched-solaris-x86 1.6 65.20 OK
r-release-linux-ix86 1.6 1.76 35.24 37.00 OK
r-release-linux-x86_64 1.6 1.21 26.49 27.70 OK
r-release-osx-x86_64-mavericks 1.6 OK
r-release-osx-x86_64-snowleopard 1.6 OK
r-release-windows-ix86+x86_64 1.6 6.00 55.00 61.00 OK
r-oldrel-windows-ix86+x86_64 1.6 8.00 54.00 62.00 OK

Check Details

Version: 1.6
Check: R code for possible problems
Result: NOTE
    rss3d: no visible global function definition for ‘open3d’
    rss3d: no visible global function definition for ‘plot3d’
Flavors: r-devel-linux-x86_64-debian-clang, r-devel-linux-x86_64-debian-gcc, r-devel-linux-x86_64-fedora-clang, r-devel-linux-x86_64-fedora-gcc, r-devel-osx-x86_64-clang, r-devel-windows-ix86+x86_64

Version: 1.6
Check: compiled code
Result: NOTE
    File ‘DiceDesign/libs/DiceDesign.so’:
     Found ‘rand’, possibly from ‘rand’ (C)
     Object: ‘C_StraussDesign.o’
     Found ‘srand’, possibly from ‘srand’ (C)
     Object: ‘C_StraussDesign.o’
    
    Compiled code should not call entry points which might terminate R nor
    write to stdout/stderr instead of to the console, nor the C RNG.
    
    See ‘Writing portable packages’ in the ‘Writing R Extensions’ manual.
Flavors: r-devel-linux-x86_64-debian-clang, r-devel-linux-x86_64-debian-gcc, r-devel-linux-x86_64-fedora-clang, r-devel-linux-x86_64-fedora-gcc

Version: 1.6
Check: compiled code
Result: NOTE
    File ‘DiceDesign/libs/DiceDesign.so’:
     Found ‘_rand’, possibly from ‘rand’ (C)
     Object: ‘C_StraussDesign.o’
     Found ‘_srand’, possibly from ‘srand’ (C)
     Object: ‘C_StraussDesign.o’
    
    Compiled code should not call entry points which might terminate R nor
    write to stdout/stderr instead of to the console, nor the C RNG.
    
    See ‘Writing portable packages’ in the ‘Writing R Extensions’ manual.
Flavor: r-devel-osx-x86_64-clang

Version: 1.6
Check: compiled code
Result: NOTE
    File 'DiceDesign/libs/i386/DiceDesign.dll':
     Found 'rand', possibly from 'rand' (C)
     Object: 'C_StraussDesign.o'
     Found 'srand', possibly from 'srand' (C)
     Object: 'C_StraussDesign.o'
    File 'DiceDesign/libs/x64/DiceDesign.dll':
     Found 'rand', possibly from 'rand' (C)
     Object: 'C_StraussDesign.o'
     Found 'srand', possibly from 'srand' (C)
     Object: 'C_StraussDesign.o'
    
    Compiled code should not call entry points which might terminate R nor
    write to stdout/stderr instead of to the console, nor the C RNG.
    
    See 'Writing portable packages' in the 'Writing R Extensions' manual.
Flavor: r-devel-windows-ix86+x86_64