CRAN Package Check Results for Package DiceDesign

Last updated on 2014-11-23 12:46:28.

Flavor Version Tinstall Tcheck Ttotal Status Flags
r-devel-linux-x86_64-debian-clang 1.6 1.24 25.22 26.47 NOTE
r-devel-linux-x86_64-debian-gcc 1.6 1.27 26.88 28.15 NOTE
r-devel-linux-x86_64-fedora-clang 1.6 53.22 NOTE
r-devel-linux-x86_64-fedora-gcc 1.6 48.31 NOTE
r-devel-osx-x86_64-clang 1.6 48.79 NOTE
r-devel-windows-ix86+x86_64 1.6 8.00 49.00 57.00 NOTE
r-patched-linux-x86_64 1.6 1.29 26.06 27.35 NOTE
r-patched-solaris-sparc 1.6 333.50 NOTE
r-patched-solaris-x86 1.6 62.90 NOTE
r-release-linux-ix86 1.6 1.74 33.37 35.10 NOTE
r-release-linux-x86_64 1.6 1.26 26.52 27.78 NOTE
r-release-osx-x86_64-mavericks 1.6 OK
r-release-osx-x86_64-snowleopard 1.6 OK
r-release-windows-ix86+x86_64 1.6 8.00 55.00 63.00 NOTE
r-oldrel-windows-ix86+x86_64 1.6 8.00 53.00 61.00 OK

Check Details

Version: 1.6
Check: R code for possible problems
Result: NOTE
    rss3d: no visible global function definition for ‘open3d’
    rss3d: no visible global function definition for ‘plot3d’
Flavors: r-devel-linux-x86_64-debian-clang, r-devel-linux-x86_64-debian-gcc, r-devel-linux-x86_64-fedora-clang, r-devel-linux-x86_64-fedora-gcc, r-devel-osx-x86_64-clang, r-devel-windows-ix86+x86_64, r-patched-linux-x86_64, r-patched-solaris-sparc, r-patched-solaris-x86, r-release-linux-ix86, r-release-linux-x86_64, r-release-windows-ix86+x86_64

Version: 1.6
Check: compiled code
Result: NOTE
    File ‘DiceDesign/libs/DiceDesign.so’:
     Found ‘rand’, possibly from ‘rand’ (C)
     Object: ‘C_StraussDesign.o’
     Found ‘srand’, possibly from ‘srand’ (C)
     Object: ‘C_StraussDesign.o’
    
    Compiled code should not call entry points which might terminate R nor
    write to stdout/stderr instead of to the console, nor the C RNG.
    
    See ‘Writing portable packages’ in the ‘Writing R Extensions’ manual.
Flavors: r-devel-linux-x86_64-debian-clang, r-devel-linux-x86_64-debian-gcc, r-devel-linux-x86_64-fedora-clang, r-devel-linux-x86_64-fedora-gcc, r-patched-linux-x86_64, r-patched-solaris-sparc, r-patched-solaris-x86, r-release-linux-ix86, r-release-linux-x86_64

Version: 1.6
Check: compiled code
Result: NOTE
    File ‘DiceDesign/libs/DiceDesign.so’:
     Found ‘_rand’, possibly from ‘rand’ (C)
     Object: ‘C_StraussDesign.o’
     Found ‘_srand’, possibly from ‘srand’ (C)
     Object: ‘C_StraussDesign.o’
    
    Compiled code should not call entry points which might terminate R nor
    write to stdout/stderr instead of to the console, nor the C RNG.
    
    See ‘Writing portable packages’ in the ‘Writing R Extensions’ manual.
Flavor: r-devel-osx-x86_64-clang

Version: 1.6
Check: compiled code
Result: NOTE
    File 'DiceDesign/libs/i386/DiceDesign.dll':
     Found 'rand', possibly from 'rand' (C)
     Object: 'C_StraussDesign.o'
     Found 'srand', possibly from 'srand' (C)
     Object: 'C_StraussDesign.o'
    File 'DiceDesign/libs/x64/DiceDesign.dll':
     Found 'rand', possibly from 'rand' (C)
     Object: 'C_StraussDesign.o'
     Found 'srand', possibly from 'srand' (C)
     Object: 'C_StraussDesign.o'
    
    Compiled code should not call entry points which might terminate R nor
    write to stdout/stderr instead of to the console, nor the C RNG.
    
    See 'Writing portable packages' in the 'Writing R Extensions' manual.
Flavors: r-devel-windows-ix86+x86_64, r-release-windows-ix86+x86_64