CRAN Package Check Results for Package DiceDesign

Last updated on 2014-07-28 08:48:52.

Flavor Version Tinstall Tcheck Ttotal Status Flags
r-devel-linux-x86_64-debian-clang 1.6 1.16 26.16 27.32 OK
r-devel-linux-x86_64-debian-gcc 1.6 1.16 25.66 26.82 OK
r-devel-linux-x86_64-fedora-clang 1.6 53.69 OK
r-devel-linux-x86_64-fedora-gcc 1.6 50.06 OK
r-devel-osx-x86_64-clang 1.6 48.18 OK
r-devel-windows-ix86+x86_64 1.6 6.00 53.00 59.00 OK
r-patched-linux-x86_64 1.6 1.16 25.36 26.52 OK
r-patched-solaris-sparc 1.6 283.90 OK
r-patched-solaris-x86 1.6 62.50 OK
r-release-linux-ix86 1.6 1.78 19.86 21.64 ERROR
r-release-linux-x86_64 1.6 1.18 26.38 27.57 OK
r-release-osx-x86_64-mavericks 1.6 OK
r-release-osx-x86_64-snowleopard 1.6 OK
r-release-windows-ix86+x86_64 1.6 6.00 54.00 60.00 OK
r-oldrel-windows-ix86+x86_64 1.6 8.00 52.00 60.00 OK

Check Details

Version: 1.6
Check: package dependencies
Result: NOTE
    Package suggested but not available for checking: randtoolbox
Flavor: r-release-linux-ix86

Version: 1.6
Check: examples
Result: ERROR
    Running examples in DiceDesign-Ex.R failed
    The error most likely occurred in:
    
    > ### Name: DiceDesign-package
    > ### Title: Designs of Computer Experiments
    > ### Aliases: DiceDesign-package DiceDesign
    > ### Keywords: package
    >
    > ### ** Examples
    >
    > # **********************
    > # Designs of experiments
    > # **********************
    >
    > # A maximum entropy design with 20 points in [0,1]^2
    > p <- dmaxDesign(20,2,0.9,200)
    > plot(p$design,xlim=c(0,1),ylim=c(0,1))
    >
    > # ************************
    > # Criteria: L2-discrepancy
    > # ************************
    > dp <- discrepancyCriteria(p$design,type=c('L2','C2'))
    > # Coverage measure
    > covp <- coverage(p$design)
    >
    > # *******************************
    > # Criteria: Minimal Spanning Tree
    > # *******************************
    > mstCriteria(p$design,plot2d=TRUE)
    $tree
    $tree[[1]]
    [1] 12 11 8
    
    $tree[[2]]
    [1] 9 6
    
    $tree[[3]]
    [1] 13
    
    $tree[[4]]
    [1] 8 16
    
    $tree[[5]]
    [1] 11 17
    
    $tree[[6]]
    [1] 2
    
    $tree[[7]]
    [1] 16 15
    
    $tree[[8]]
    [1] 1 4
    
    $tree[[9]]
    [1] 16 20 2
    
    $tree[[10]]
    [1] 20 18
    
    $tree[[11]]
    [1] 1 5
    
    $tree[[12]]
    [1] 1
    
    $tree[[13]]
    [1] 14 3
    
    $tree[[14]]
    [1] 20 13
    
    $tree[[15]]
    [1] 7
    
    $tree[[16]]
    [1] 4 7 9
    
    $tree[[17]]
    [1] 5 19
    
    $tree[[18]]
    [1] 10
    
    $tree[[19]]
    [1] 17
    
    $tree[[20]]
    [1] 9 14 10
    
    
    $stats
    [1] 0.20004954 0.04741816
    
    >
    > # ****************************************************************
    > # Radial scanning statistic: Detection of defects of Sobol designs
    > # ****************************************************************
    >
    > # requires randtoolbox package
    > library(randtoolbox)
    Error in library(randtoolbox) : there is no package called randtoolbox
    Execution halted
Flavor: r-release-linux-ix86