CRAN Package Check Results for Package DiceDesign

Last updated on 2015-04-28 19:49:03.

Flavor Version Tinstall Tcheck Ttotal Status Flags
r-devel-linux-x86_64-debian-clang 1.6 1.10 25.26 26.36 NOTE
r-devel-linux-x86_64-debian-gcc 1.6 1.16 24.66 25.82 NOTE
r-devel-linux-x86_64-fedora-clang 1.6 49.68 NOTE
r-devel-linux-x86_64-fedora-gcc 1.6 47.92 NOTE
r-devel-osx-x86_64-clang 1.6 46.44 NOTE
r-devel-windows-ix86+x86_64 1.6 10.00 48.00 58.00 NOTE
r-patched-linux-x86_64 1.6 1.18 24.58 25.76 NOTE
r-patched-solaris-sparc 1.6 303.40 NOTE
r-patched-solaris-x86 1.6 58.10 NOTE
r-release-linux-x86_64 1.6 1.21 23.82 25.03 NOTE
r-release-osx-x86_64-mavericks 1.6 NOTE
r-release-osx-x86_64-snowleopard 1.6 ERROR
r-release-windows-ix86+x86_64 1.6 7.00 51.00 58.00 NOTE
r-oldrel-windows-ix86+x86_64 1.6 6.00 56.00 62.00 NOTE

Check Details

Version: 1.6
Check: dependencies in R code
Result: NOTE
    'library' or 'require' call to ‘rgl’ in package code.
     Please use :: or requireNamespace() instead.
     See section 'Suggested packages' in the 'Writing R Extensions' manual.
Flavors: r-devel-linux-x86_64-debian-clang, r-devel-linux-x86_64-debian-gcc, r-devel-linux-x86_64-fedora-clang, r-devel-linux-x86_64-fedora-gcc, r-devel-osx-x86_64-clang, r-devel-windows-ix86+x86_64, r-patched-linux-x86_64, r-patched-solaris-sparc, r-patched-solaris-x86, r-release-linux-x86_64, r-release-osx-x86_64-mavericks, r-release-osx-x86_64-snowleopard, r-release-windows-ix86+x86_64, r-oldrel-windows-ix86+x86_64

Version: 1.6
Check: R code for possible problems
Result: NOTE
    rss3d: no visible global function definition for ‘open3d’
    rss3d: no visible global function definition for ‘plot3d’
Flavors: r-devel-linux-x86_64-debian-clang, r-devel-linux-x86_64-debian-gcc, r-devel-linux-x86_64-fedora-clang, r-devel-linux-x86_64-fedora-gcc, r-devel-osx-x86_64-clang, r-devel-windows-ix86+x86_64, r-patched-linux-x86_64, r-patched-solaris-sparc, r-patched-solaris-x86, r-release-linux-x86_64, r-release-osx-x86_64-mavericks, r-release-osx-x86_64-snowleopard, r-release-windows-ix86+x86_64, r-oldrel-windows-ix86+x86_64

Version: 1.6
Check: compiled code
Result: NOTE
    File ‘DiceDesign/libs/DiceDesign.so’:
     Found ‘rand’, possibly from ‘rand’ (C)
     Object: ‘C_StraussDesign.o’
     Found ‘srand’, possibly from ‘srand’ (C)
     Object: ‘C_StraussDesign.o’
    
    Compiled code should not call entry points which might terminate R nor
    write to stdout/stderr instead of to the console, nor the system RNG.
    
    See ‘Writing portable packages’ in the ‘Writing R Extensions’ manual.
Flavors: r-devel-linux-x86_64-debian-clang, r-devel-linux-x86_64-debian-gcc, r-devel-linux-x86_64-fedora-clang, r-devel-linux-x86_64-fedora-gcc, r-patched-linux-x86_64, r-patched-solaris-sparc, r-patched-solaris-x86, r-release-linux-x86_64

Version: 1.6
Check: compiled code
Result: NOTE
    File ‘DiceDesign/libs/DiceDesign.so’:
     Found ‘_rand’, possibly from ‘rand’ (C)
     Object: ‘C_StraussDesign.o’
     Found ‘_srand’, possibly from ‘srand’ (C)
     Object: ‘C_StraussDesign.o’
    
    Compiled code should not call entry points which might terminate R nor
    write to stdout/stderr instead of to the console, nor the system RNG.
    
    See ‘Writing portable packages’ in the ‘Writing R Extensions’ manual.
Flavors: r-devel-osx-x86_64-clang, r-release-osx-x86_64-mavericks, r-release-osx-x86_64-snowleopard

Version: 1.6
Check: compiled code
Result: NOTE
    File 'DiceDesign/libs/i386/DiceDesign.dll':
     Found 'rand', possibly from 'rand' (C)
     Object: 'C_StraussDesign.o'
     Found 'srand', possibly from 'srand' (C)
     Object: 'C_StraussDesign.o'
    File 'DiceDesign/libs/x64/DiceDesign.dll':
     Found 'rand', possibly from 'rand' (C)
     Object: 'C_StraussDesign.o'
     Found 'srand', possibly from 'srand' (C)
     Object: 'C_StraussDesign.o'
    
    Compiled code should not call entry points which might terminate R nor
    write to stdout/stderr instead of to the console, nor the system RNG.
    
    See 'Writing portable packages' in the 'Writing R Extensions' manual.
Flavors: r-devel-windows-ix86+x86_64, r-release-windows-ix86+x86_64, r-oldrel-windows-ix86+x86_64

Version: 1.6
Check: examples
Result: ERROR
    Running examples in ‘DiceDesign-Ex.R’ failed
    The error most likely occurred in:
    
    > ### Name: rss3d
    > ### Title: 3D graphical tool for defect detection of Space-Filling Designs.
    > ### Aliases: rss3d
    > ### Keywords: design
    >
    > ### ** Examples
    >
    > # An orthogonal array in 3D
    > data(OA131)
    >
    > # centering the design points of this 7-levels design
    > OA <- (OA131 + 0.5)/7
    >
    > # 2D projections onto coordinate axis
    > pairs(OA, xlim=c(0,1), ylim=c(0,1))
    > # Now let us look at the 3D properties with the 3D RSS (requires the rgl package)
    > rss <- rss3d(OA, lower=c(0,0,0), upper=c(1,1,1))
    
    3D Radial Scanning Statistic (RSS) with GREENWOOD statistic
    Discretization step (in degree) : 3
    
    Maximum of RS statistic values (global statistic) per triplet of dimensions
    (1,2,3) 0.2621302
    
    Fri Mar 20 16:27:03 hagal.research.att.com R[26621] <Error>: unknown error code: invalid pixel format
    Fri Mar 20 16:27:03 hagal.research.att.com R[26621] <Error>: kCGErrorFailure: Set a breakpoint @ CGErrorBreakpoint() to catch errors as they are logged.
    X Error of failed request: GLXBadContext
     Major opcode of failed request: 0 ()
     Serial number of failed request: 27
     Current serial number in output stream: 27
Flavor: r-release-osx-x86_64-snowleopard