CRAN Package Check Results for Package DiceDesign

Last updated on 2016-08-23 22:47:31.

Flavor Version Tinstall Tcheck Ttotal Status Flags
r-devel-linux-x86_64-debian-clang 1.7 1.28 26.62 27.89 NOTE
r-devel-linux-x86_64-debian-gcc 1.7 1.41 26.62 28.03 NOTE
r-devel-linux-x86_64-fedora-clang 1.7 48.67 NOTE
r-devel-linux-x86_64-fedora-gcc 1.7 47.51 NOTE
r-devel-osx-x86_64-clang 1.7 38.51 NOTE
r-devel-windows-ix86+x86_64 1.7 12.00 90.00 102.00 NOTE
r-patched-linux-x86_64 1.7 1.29 23.52 24.81 NOTE
r-patched-solaris-sparc 1.7 267.60 NOTE
r-patched-solaris-x86 1.7 49.80 NOTE
r-release-linux-x86_64 1.7 1.23 23.01 24.24 NOTE
r-release-osx-x86_64-mavericks 1.7 NOTE
r-release-windows-ix86+x86_64 1.7 8.00 77.00 85.00 NOTE
r-oldrel-windows-ix86+x86_64 1.7 12.00 59.00 71.00 OK

Check Details

Version: 1.7
Check: R code for possible problems
Result: NOTE
    coverage: no visible global function definition for ‘dist’
    discrepESE_LHS: no visible global function definition for ‘runif’
    discrepSA_LHS: no visible global function definition for ‘rbinom’
    discrepSA_LHS: no visible global function definition for ‘runif’
    discrepancyC2_EP_ESE: no visible global function definition for ‘runif’
    discrepancyL2_EP_ESE: no visible global function definition for ‘runif’
    discrepancyW2_EP_ESE: no visible global function definition for ‘runif’
    dmaxDesign: no visible global function definition for ‘runif’
    dmaxDesign: no visible global function definition for ‘dist’
    lhsDesign: no visible global function definition for ‘runif’
    lhs_EP: no visible global function definition for ‘runif’
    maximinESE_LHS: no visible global function definition for ‘runif’
    maximinSA_LHS: no visible global function definition for ‘rbinom’
    maximinSA_LHS: no visible global function definition for ‘runif’
    mindist: no visible global function definition for ‘dist’
    mstCriteria: no visible global function definition for ‘dist’
    mstCriteria: no visible global function definition for ‘plot’
    mstCriteria: no visible global function definition for ‘lines’
    mstCriteria: no visible global function definition for ‘var’
    phiP: no visible global function definition for ‘dist’
    phiP_EP_ESE: no visible global function definition for ‘runif’
    rss2d: no visible global function definition for ‘par’
    rss2d: no visible global function definition for ‘plot’
    rss2d: no visible global function definition for ‘lines’
    rss2d: no visible global function definition for ‘abline’
    rss2d: no visible global function definition for ‘points’
    rss3d: no visible global function definition for ‘par’
    straussDesign: no visible global function definition for ‘runif’
    unif.test.quantile: no visible global function definition for ‘qnorm’
    unif.test.quantile: no visible global function definition for
     ‘approxfun’
    wspDesign: no visible global function definition for ‘dist’
    Undefined global functions or variables:
     abline approxfun dist lines par plot points qnorm rbinom runif var
    Consider adding
     importFrom("graphics", "abline", "lines", "par", "plot", "points")
     importFrom("stats", "approxfun", "dist", "qnorm", "rbinom", "runif",
     "var")
    to your NAMESPACE file.
Flavors: r-devel-linux-x86_64-debian-clang, r-devel-linux-x86_64-debian-gcc, r-devel-linux-x86_64-fedora-clang, r-devel-linux-x86_64-fedora-gcc, r-devel-osx-x86_64-clang, r-devel-windows-ix86+x86_64, r-patched-linux-x86_64, r-patched-solaris-sparc, r-patched-solaris-x86, r-release-linux-x86_64, r-release-osx-x86_64-mavericks, r-release-windows-ix86+x86_64

Version: 1.7
Check: dependencies in R code
Result: NOTE
    Invalid MIT-MAGIC-COOKIE-1 key
Flavor: r-release-osx-x86_64-mavericks