CRAN Package Check Results for Package DiceDesign

Last updated on 2015-03-01 19:48:01.

Flavor Version Tinstall Tcheck Ttotal Status Flags
r-devel-linux-x86_64-debian-clang 1.6 1.15 25.76 26.90 NOTE
r-devel-linux-x86_64-debian-gcc 1.6 1.16 24.14 25.30 NOTE
r-devel-linux-x86_64-fedora-clang 1.6 49.12 NOTE
r-devel-linux-x86_64-fedora-gcc 1.6 46.79 NOTE
r-devel-osx-x86_64-clang 1.6 46.19 NOTE
r-devel-windows-ix86+x86_64 1.6 14.00 56.00 70.00 NOTE
r-patched-linux-x86_64 1.6 1.23 25.81 27.04 NOTE
r-patched-solaris-sparc 1.6 326.10 NOTE
r-patched-solaris-x86 1.6 63.20 NOTE
r-release-linux-ix86 1.6 1.75 33.71 35.46 NOTE
r-release-linux-x86_64 1.6 1.20 25.62 26.82 NOTE
r-release-osx-x86_64-mavericks 1.6 NOTE
r-release-osx-x86_64-snowleopard 1.6 OK
r-release-windows-ix86+x86_64 1.6 7.00 55.00 62.00 NOTE
r-oldrel-windows-ix86+x86_64 1.6 8.00 64.00 72.00 OK

Check Details

Version: 1.6
Check: dependencies in R code
Result: NOTE
    'library' or 'require' call to ‘rgl’ in package code.
     Please use :: or requireNamespace() instead.
     See section 'Suggested packages' in the 'Writing R Extensions' manual.
Flavors: r-devel-linux-x86_64-debian-clang, r-devel-linux-x86_64-debian-gcc, r-devel-linux-x86_64-fedora-clang, r-devel-linux-x86_64-fedora-gcc, r-devel-osx-x86_64-clang, r-devel-windows-ix86+x86_64, r-patched-linux-x86_64, r-patched-solaris-sparc, r-patched-solaris-x86

Version: 1.6
Check: R code for possible problems
Result: NOTE
    rss3d: no visible global function definition for ‘open3d’
    rss3d: no visible global function definition for ‘plot3d’
Flavors: r-devel-linux-x86_64-debian-clang, r-devel-linux-x86_64-debian-gcc, r-devel-linux-x86_64-fedora-clang, r-devel-linux-x86_64-fedora-gcc, r-devel-osx-x86_64-clang, r-devel-windows-ix86+x86_64, r-patched-linux-x86_64, r-patched-solaris-sparc, r-patched-solaris-x86, r-release-linux-ix86, r-release-linux-x86_64, r-release-osx-x86_64-mavericks, r-release-windows-ix86+x86_64

Version: 1.6
Check: compiled code
Result: NOTE
    File ‘DiceDesign/libs/DiceDesign.so’:
     Found ‘rand’, possibly from ‘rand’ (C)
     Object: ‘C_StraussDesign.o’
     Found ‘srand’, possibly from ‘srand’ (C)
     Object: ‘C_StraussDesign.o’
    
    Compiled code should not call entry points which might terminate R nor
    write to stdout/stderr instead of to the console, nor the system RNG.
    
    See ‘Writing portable packages’ in the ‘Writing R Extensions’ manual.
Flavors: r-devel-linux-x86_64-debian-clang, r-devel-linux-x86_64-debian-gcc, r-devel-linux-x86_64-fedora-clang, r-devel-linux-x86_64-fedora-gcc, r-patched-linux-x86_64, r-patched-solaris-sparc, r-patched-solaris-x86

Version: 1.6
Check: compiled code
Result: NOTE
    File ‘DiceDesign/libs/DiceDesign.so’:
     Found ‘_rand’, possibly from ‘rand’ (C)
     Object: ‘C_StraussDesign.o’
     Found ‘_srand’, possibly from ‘srand’ (C)
     Object: ‘C_StraussDesign.o’
    
    Compiled code should not call entry points which might terminate R nor
    write to stdout/stderr instead of to the console, nor the system RNG.
    
    See ‘Writing portable packages’ in the ‘Writing R Extensions’ manual.
Flavors: r-devel-osx-x86_64-clang, r-release-osx-x86_64-mavericks

Version: 1.6
Check: compiled code
Result: NOTE
    File 'DiceDesign/libs/i386/DiceDesign.dll':
     Found 'rand', possibly from 'rand' (C)
     Object: 'C_StraussDesign.o'
     Found 'srand', possibly from 'srand' (C)
     Object: 'C_StraussDesign.o'
    File 'DiceDesign/libs/x64/DiceDesign.dll':
     Found 'rand', possibly from 'rand' (C)
     Object: 'C_StraussDesign.o'
     Found 'srand', possibly from 'srand' (C)
     Object: 'C_StraussDesign.o'
    
    Compiled code should not call entry points which might terminate R nor
    write to stdout/stderr instead of to the console, nor the system RNG.
    
    See 'Writing portable packages' in the 'Writing R Extensions' manual.
Flavor: r-devel-windows-ix86+x86_64

Version: 1.6
Check: compiled code
Result: NOTE
    File ‘DiceDesign/libs/DiceDesign.so’:
     Found ‘rand’, possibly from ‘rand’ (C)
     Object: ‘C_StraussDesign.o’
     Found ‘srand’, possibly from ‘srand’ (C)
     Object: ‘C_StraussDesign.o’
    
    Compiled code should not call entry points which might terminate R nor
    write to stdout/stderr instead of to the console, nor the C RNG.
    
    See ‘Writing portable packages’ in the ‘Writing R Extensions’ manual.
Flavors: r-release-linux-ix86, r-release-linux-x86_64

Version: 1.6
Check: compiled code
Result: NOTE
    File 'DiceDesign/libs/i386/DiceDesign.dll':
     Found 'rand', possibly from 'rand' (C)
     Object: 'C_StraussDesign.o'
     Found 'srand', possibly from 'srand' (C)
     Object: 'C_StraussDesign.o'
    File 'DiceDesign/libs/x64/DiceDesign.dll':
     Found 'rand', possibly from 'rand' (C)
     Object: 'C_StraussDesign.o'
     Found 'srand', possibly from 'srand' (C)
     Object: 'C_StraussDesign.o'
    
    Compiled code should not call entry points which might terminate R nor
    write to stdout/stderr instead of to the console, nor the C RNG.
    
    See 'Writing portable packages' in the 'Writing R Extensions' manual.
Flavor: r-release-windows-ix86+x86_64