CRAN Package Check Results for Package DiceDesign

Last updated on 2017-03-24 06:48:06.

Flavor Version Tinstall Tcheck Ttotal Status Flags
r-devel-linux-x86_64-debian-clang 1.7 1.38 31.46 32.84 NOTE
r-devel-linux-x86_64-debian-gcc 1.7 1.47 29.47 30.94 NOTE
r-devel-linux-x86_64-fedora-clang 1.7 53.61 NOTE --no-stop-on-test-error
r-devel-linux-x86_64-fedora-gcc 1.7 54.58 NOTE --no-stop-on-test-error
r-devel-macos-x86_64-clang 1.7 42.01 NOTE --no-stop-on-test-error
r-devel-windows-ix86+x86_64 1.7 8.00 61.00 69.00 NOTE
r-patched-linux-x86_64 1.7 1.24 24.28 25.52 NOTE
r-patched-solaris-sparc 1.7 372.40 NOTE
r-patched-solaris-x86 1.7 62.90 NOTE
r-release-linux-x86_64 1.7 1.24 25.50 26.74 NOTE
r-release-osx-x86_64-mavericks 1.7 NOTE
r-release-windows-ix86+x86_64 1.7 11.00 56.00 67.00 NOTE
r-oldrel-windows-ix86+x86_64 1.7 14.00 82.00 96.00 OK

Check Details

Version: 1.7
Check: R code for possible problems
Result: NOTE
    coverage: no visible global function definition for ‘dist’
    discrepESE_LHS: no visible global function definition for ‘runif’
    discrepSA_LHS: no visible global function definition for ‘rbinom’
    discrepSA_LHS: no visible global function definition for ‘runif’
    discrepancyC2_EP_ESE: no visible global function definition for ‘runif’
    discrepancyL2_EP_ESE: no visible global function definition for ‘runif’
    discrepancyW2_EP_ESE: no visible global function definition for ‘runif’
    dmaxDesign: no visible global function definition for ‘runif’
    dmaxDesign: no visible global function definition for ‘dist’
    lhsDesign: no visible global function definition for ‘runif’
    lhs_EP: no visible global function definition for ‘runif’
    maximinESE_LHS: no visible global function definition for ‘runif’
    maximinSA_LHS: no visible global function definition for ‘rbinom’
    maximinSA_LHS: no visible global function definition for ‘runif’
    mindist: no visible global function definition for ‘dist’
    mstCriteria: no visible global function definition for ‘dist’
    mstCriteria: no visible global function definition for ‘plot’
    mstCriteria: no visible global function definition for ‘lines’
    mstCriteria: no visible global function definition for ‘var’
    phiP: no visible global function definition for ‘dist’
    phiP_EP_ESE: no visible global function definition for ‘runif’
    rss2d: no visible global function definition for ‘par’
    rss2d: no visible global function definition for ‘plot’
    rss2d: no visible global function definition for ‘lines’
    rss2d: no visible global function definition for ‘abline’
    rss2d: no visible global function definition for ‘points’
    rss3d: no visible global function definition for ‘par’
    straussDesign: no visible global function definition for ‘runif’
    unif.test.quantile: no visible global function definition for ‘qnorm’
    unif.test.quantile: no visible global function definition for
     ‘approxfun’
    wspDesign: no visible global function definition for ‘dist’
    Undefined global functions or variables:
     abline approxfun dist lines par plot points qnorm rbinom runif var
    Consider adding
     importFrom("graphics", "abline", "lines", "par", "plot", "points")
     importFrom("stats", "approxfun", "dist", "qnorm", "rbinom", "runif",
     "var")
    to your NAMESPACE file.
Flavors: r-devel-linux-x86_64-debian-clang, r-devel-linux-x86_64-debian-gcc, r-devel-windows-ix86+x86_64, r-patched-linux-x86_64, r-patched-solaris-sparc, r-patched-solaris-x86, r-release-linux-x86_64, r-release-osx-x86_64-mavericks, r-release-windows-ix86+x86_64

Version: 1.7
Check: compiled code
Result: NOTE
    File ‘DiceDesign/libs/DiceDesign.so’:
     Found no calls to: ‘R_registerRoutines’, ‘R_useDynamicSymbols’
    
    It is good practice to register native routines and to disable symbol
    search.
    
    See ‘Writing portable packages’ in the ‘Writing R Extensions’ manual.
Flavors: r-devel-linux-x86_64-debian-clang, r-devel-linux-x86_64-debian-gcc

Version: 1.7
Flags: --no-stop-on-test-error
Check: R code for possible problems
Result: NOTE
    coverage: no visible global function definition for ‘dist’
    discrepESE_LHS: no visible global function definition for ‘runif’
    discrepSA_LHS: no visible global function definition for ‘rbinom’
    discrepSA_LHS: no visible global function definition for ‘runif’
    discrepancyC2_EP_ESE: no visible global function definition for ‘runif’
    discrepancyL2_EP_ESE: no visible global function definition for ‘runif’
    discrepancyW2_EP_ESE: no visible global function definition for ‘runif’
    dmaxDesign: no visible global function definition for ‘runif’
    dmaxDesign: no visible global function definition for ‘dist’
    lhsDesign: no visible global function definition for ‘runif’
    lhs_EP: no visible global function definition for ‘runif’
    maximinESE_LHS: no visible global function definition for ‘runif’
    maximinSA_LHS: no visible global function definition for ‘rbinom’
    maximinSA_LHS: no visible global function definition for ‘runif’
    mindist: no visible global function definition for ‘dist’
    mstCriteria: no visible global function definition for ‘dist’
    mstCriteria: no visible global function definition for ‘plot’
    mstCriteria: no visible global function definition for ‘lines’
    mstCriteria: no visible global function definition for ‘var’
    phiP: no visible global function definition for ‘dist’
    phiP_EP_ESE: no visible global function definition for ‘runif’
    rss2d: no visible global function definition for ‘par’
    rss2d: no visible global function definition for ‘plot’
    rss2d: no visible global function definition for ‘lines’
    rss2d: no visible global function definition for ‘abline’
    rss2d: no visible global function definition for ‘points’
    rss3d: no visible global function definition for ‘par’
    straussDesign: no visible global function definition for ‘runif’
    unif.test.quantile: no visible global function definition for ‘qnorm’
    unif.test.quantile: no visible global function definition for
     ‘approxfun’
    wspDesign: no visible global function definition for ‘dist’
    Undefined global functions or variables:
     abline approxfun dist lines par plot points qnorm rbinom runif var
    Consider adding
     importFrom("graphics", "abline", "lines", "par", "plot", "points")
     importFrom("stats", "approxfun", "dist", "qnorm", "rbinom", "runif",
     "var")
    to your NAMESPACE file.
Flavors: r-devel-linux-x86_64-fedora-clang, r-devel-linux-x86_64-fedora-gcc, r-devel-macos-x86_64-clang

Version: 1.7
Flags: --no-stop-on-test-error
Check: compiled code
Result: NOTE
    File ‘DiceDesign/libs/DiceDesign.so’:
     Found no calls to: ‘R_registerRoutines’, ‘R_useDynamicSymbols’
    
    It is good practice to register native routines and to disable symbol
    search.
    
    See ‘Writing portable packages’ in the ‘Writing R Extensions’ manual.
Flavors: r-devel-linux-x86_64-fedora-clang, r-devel-linux-x86_64-fedora-gcc, r-devel-macos-x86_64-clang

Version: 1.7
Check: dependencies in R code
Result: NOTE
    Invalid MIT-MAGIC-COOKIE-1 key
Flavor: r-release-osx-x86_64-mavericks