CRAN Package Check Results for Package DiceDesign

Last updated on 2014-04-19 11:48:49.

Flavor Version Tinstall Tcheck Ttotal Status Flags
r-devel-linux-x86_64-debian-clang 1.4 1.17 25.75 26.92 OK
r-devel-linux-x86_64-debian-gcc 1.4 1.22 27.26 28.49 OK
r-devel-linux-x86_64-fedora-clang 1.4 51.15 OK
r-devel-linux-x86_64-fedora-gcc 1.4 50.32 OK
r-devel-macosx-x86_64-clang 1.4 48.69 OK
r-devel-macosx-x86_64-gcc 1.4 OK
r-devel-windows-ix86+x86_64 1.4 6.00 54.00 60.00 WARN
r-patched-linux-x86_64 1.4 1.24 26.08 27.32 OK
r-patched-solaris-sparc 1.4 296.10 OK
r-patched-solaris-x86 1.4 62.20 OK
r-release-linux-ix86 1.4 3.00 63.00 66.00 OK
r-release-linux-x86_64 1.4 1.27 26.21 27.48 OK
r-release-macosx-x86_64 1.4 OK
r-release-windows-ix86+x86_64 1.4 9.00 50.00 59.00 WARN
r-oldrel-windows-ix86+x86_64 1.4 7.00 55.00 62.00 WARN

Check Details

Version: 1.4
Check: whether package can be installed
Result: WARNING
    Found the following significant warnings:
     Warning: unable to re-encode 'lhsDesign.R' line 17
    See 'd:/Rcompile/CRANpkg/local/3.2/DiceDesign.Rcheck/00install.out' for details.
Flavor: r-devel-windows-ix86+x86_64

Version: 1.4
Check: whether package can be installed
Result: WARNING
    Found the following significant warnings:
     Warning: unable to re-encode 'lhsDesign.R' line 17
    See 'd:/Rcompile/CRANpkg/local/3.1/DiceDesign.Rcheck/00install.out' for details.
Flavor: r-release-windows-ix86+x86_64

Version: 1.4
Check: whether package can be installed
Result: WARNING
    Found the following significant warnings:
     Warning: unable to re-encode 'lhsDesign.R' line 17
    See 'd:/Rcompile/CRANpkg/local/3.0/DiceDesign.Rcheck/00install.out' for details.
Flavor: r-oldrel-windows-ix86+x86_64