CRAN Package Check Results for Package DiceDesign

Last updated on 2014-09-23 03:48:17.

Flavor Version Tinstall Tcheck Ttotal Status Flags
r-devel-linux-x86_64-debian-clang 1.6 1.54 25.82 27.36 NOTE
r-devel-linux-x86_64-debian-gcc 1.6 1.32 24.74 26.07 NOTE
r-devel-linux-x86_64-fedora-clang 1.6 52.66 NOTE
r-devel-linux-x86_64-fedora-gcc 1.6 53.60 NOTE
r-devel-osx-x86_64-clang 1.6 48.42 NOTE
r-devel-windows-ix86+x86_64 1.6 7.00 48.00 55.00 NOTE
r-patched-linux-x86_64 1.6 1.22 27.83 29.05 OK
r-patched-solaris-sparc 1.6 297.30 OK
r-patched-solaris-x86 1.6 62.50 OK
r-release-linux-ix86 1.6 1.77 35.56 37.34 OK
r-release-linux-x86_64 1.6 1.29 26.85 28.14 OK
r-release-osx-x86_64-mavericks 1.6 OK
r-release-osx-x86_64-snowleopard 1.6 OK
r-release-windows-ix86+x86_64 1.6 6.00 52.00 58.00 OK
r-oldrel-windows-ix86+x86_64 1.6 7.00 55.00 62.00 OK

Check Details

Version: 1.6
Check: R code for possible problems
Result: NOTE
    rss3d: no visible global function definition for ‘open3d’
    rss3d: no visible global function definition for ‘plot3d’
Flavors: r-devel-linux-x86_64-debian-clang, r-devel-linux-x86_64-debian-gcc, r-devel-linux-x86_64-fedora-clang, r-devel-linux-x86_64-fedora-gcc, r-devel-osx-x86_64-clang, r-devel-windows-ix86+x86_64

Version: 1.6
Check: compiled code
Result: NOTE
    File ‘DiceDesign/libs/DiceDesign.so’:
     Found ‘rand’, possibly from ‘rand’ (C)
     Object: ‘C_StraussDesign.o’
     Found ‘srand’, possibly from ‘srand’ (C)
     Object: ‘C_StraussDesign.o’
    
    Compiled code should not call entry points which might terminate R nor
    write to stdout/stderr instead of to the console, nor the C RNG.
    
    See ‘Writing portable packages’ in the ‘Writing R Extensions’ manual.
Flavors: r-devel-linux-x86_64-debian-clang, r-devel-linux-x86_64-debian-gcc, r-devel-linux-x86_64-fedora-clang, r-devel-linux-x86_64-fedora-gcc

Version: 1.6
Check: compiled code
Result: NOTE
    File ‘DiceDesign/libs/DiceDesign.so’:
     Found ‘_rand’, possibly from ‘rand’ (C)
     Object: ‘C_StraussDesign.o’
     Found ‘_srand’, possibly from ‘srand’ (C)
     Object: ‘C_StraussDesign.o’
    
    Compiled code should not call entry points which might terminate R nor
    write to stdout/stderr instead of to the console, nor the C RNG.
    
    See ‘Writing portable packages’ in the ‘Writing R Extensions’ manual.
Flavor: r-devel-osx-x86_64-clang

Version: 1.6
Check: compiled code
Result: NOTE
    File 'DiceDesign/libs/i386/DiceDesign.dll':
     Found 'rand', possibly from 'rand' (C)
     Object: 'C_StraussDesign.o'
     Found 'srand', possibly from 'srand' (C)
     Object: 'C_StraussDesign.o'
    File 'DiceDesign/libs/x64/DiceDesign.dll':
     Found 'rand', possibly from 'rand' (C)
     Object: 'C_StraussDesign.o'
     Found 'srand', possibly from 'srand' (C)
     Object: 'C_StraussDesign.o'
    
    Compiled code should not call entry points which might terminate R nor
    write to stdout/stderr instead of to the console, nor the C RNG.
    
    See 'Writing portable packages' in the 'Writing R Extensions' manual.
Flavor: r-devel-windows-ix86+x86_64