CRAN Package Check Results for Package DiceDesign

Last updated on 2015-07-02 19:47:03.

Flavor Version Tinstall Tcheck Ttotal Status Flags
r-devel-linux-x86_64-debian-clang 1.7 1.16 24.40 25.56 NOTE
r-devel-linux-x86_64-debian-gcc 1.7 1.12 23.94 25.06 NOTE
r-devel-linux-x86_64-fedora-clang 1.7 47.80 NOTE
r-devel-linux-x86_64-fedora-gcc 1.7 44.63 NOTE
r-devel-osx-x86_64-clang 1.7 45.15 OK
r-devel-windows-ix86+x86_64 1.7 7.00 50.00 57.00 NOTE
r-patched-linux-x86_64 1.7 1.14 24.67 25.80 OK
r-patched-solaris-sparc 1.7 330.00 OK
r-patched-solaris-x86 1.7 58.30 OK
r-release-linux-x86_64 1.7 1.16 23.72 24.87 OK
r-release-osx-x86_64-mavericks 1.7 ERROR
r-release-windows-ix86+x86_64 1.7 9.00 55.00 64.00 OK
r-oldrel-windows-ix86+x86_64 1.7 8.00 52.00 60.00 OK

Check Details

Version: 1.7
Check: R code for possible problems
Result: NOTE
    coverage: no visible global function definition for ‘dist’
    discrepESE_LHS: no visible global function definition for ‘runif’
    discrepSA_LHS: no visible global function definition for ‘rbinom’
    discrepSA_LHS: no visible global function definition for ‘runif’
    discrepancyC2_EP_ESE: no visible global function definition for ‘runif’
    discrepancyL2_EP_ESE: no visible global function definition for ‘runif’
    discrepancyW2_EP_ESE: no visible global function definition for ‘runif’
    dmaxDesign: no visible global function definition for ‘runif’
    dmaxDesign: no visible global function definition for ‘dist’
    lhsDesign: no visible global function definition for ‘runif’
    lhs_EP: no visible global function definition for ‘runif’
    maximinESE_LHS: no visible global function definition for ‘runif’
    maximinSA_LHS: no visible global function definition for ‘rbinom’
    maximinSA_LHS: no visible global function definition for ‘runif’
    mindist: no visible global function definition for ‘dist’
    mstCriteria: no visible global function definition for ‘dist’
    mstCriteria: no visible global function definition for ‘plot’
    mstCriteria: no visible global function definition for ‘lines’
    mstCriteria: no visible global function definition for ‘var’
    phiP: no visible global function definition for ‘dist’
    phiP_EP_ESE: no visible global function definition for ‘runif’
    rss2d: no visible global function definition for ‘par’
    rss2d: no visible global function definition for ‘plot’
    rss2d: no visible global function definition for ‘lines’
    rss2d: no visible global function definition for ‘abline’
    rss2d: no visible global function definition for ‘points’
    rss3d: no visible global function definition for ‘par’
    straussDesign: no visible global function definition for ‘runif’
    unif.test.quantile: no visible global function definition for ‘qnorm’
    unif.test.quantile: no visible global function definition for
     ‘approxfun’
    wspDesign: no visible global function definition for ‘dist’
    Undefined global functions or variables:
     abline approxfun dist lines par plot points qnorm rbinom runif var
Flavors: r-devel-linux-x86_64-debian-clang, r-devel-linux-x86_64-fedora-clang, r-devel-linux-x86_64-fedora-gcc

Version: 1.7
Check: R code for possible problems
Result: NOTE
    coverage: no visible global function definition for ‘dist’
    discrepESE_LHS: no visible global function definition for ‘runif’
    discrepSA_LHS: no visible global function definition for ‘rbinom’
    discrepSA_LHS: no visible global function definition for ‘runif’
    discrepancyC2_EP_ESE: no visible global function definition for ‘runif’
    discrepancyL2_EP_ESE: no visible global function definition for ‘runif’
    discrepancyW2_EP_ESE: no visible global function definition for ‘runif’
    dmaxDesign: no visible global function definition for ‘runif’
    dmaxDesign: no visible global function definition for ‘dist’
    lhsDesign: no visible global function definition for ‘runif’
    lhs_EP: no visible global function definition for ‘runif’
    maximinESE_LHS: no visible global function definition for ‘runif’
    maximinSA_LHS: no visible global function definition for ‘rbinom’
    maximinSA_LHS: no visible global function definition for ‘runif’
    mindist: no visible global function definition for ‘dist’
    mstCriteria: no visible global function definition for ‘dist’
    mstCriteria: no visible global function definition for ‘plot’
    mstCriteria: no visible global function definition for ‘lines’
    mstCriteria: no visible global function definition for ‘var’
    phiP: no visible global function definition for ‘dist’
    phiP_EP_ESE: no visible global function definition for ‘runif’
    rss2d: no visible global function definition for ‘par’
    rss2d: no visible global function definition for ‘plot’
    rss2d: no visible global function definition for ‘lines’
    rss2d: no visible global function definition for ‘abline’
    rss2d: no visible global function definition for ‘points’
    rss3d: no visible global function definition for ‘par’
    straussDesign: no visible global function definition for ‘runif’
    unif.test.quantile: no visible global function definition for ‘qnorm’
    unif.test.quantile: no visible global function definition for
     ‘approxfun’
    wspDesign: no visible global function definition for ‘dist’
Flavors: r-devel-linux-x86_64-debian-gcc, r-devel-windows-ix86+x86_64

Version: 1.7
Check: examples
Result: ERROR
    Running examples in ‘DiceDesign-Ex.R’ failed
    The error most likely occurred in:
    
    > ### Name: rss3d
    > ### Title: 3D graphical tool for defect detection of Space-Filling Designs.
    > ### Aliases: rss3d
    > ### Keywords: design
    >
    > ### ** Examples
    >
    > # An orthogonal array in 3D
    > data(OA131)
    >
    > # centering the design points of this 7-levels design
    > OA <- (OA131 + 0.5)/7
    >
    > # 2D projections onto coordinate axis
    > pairs(OA, xlim=c(0,1), ylim=c(0,1))
    > # Now let us look at the 3D properties with the 3D RSS (requires the rgl package)
    > rss <- rss3d(OA, lower=c(0,0,0), upper=c(1,1,1))
    
    3D Radial Scanning Statistic (RSS) with GREENWOOD statistic
    Discretization step (in degree) : 3
    
    Maximum of RS statistic values (global statistic) per triplet of dimensions
    (1,2,3) 0.2621302
    
    Warning in rgl.init(initValue, onlyNULL) :
     RGL: unable to open X11 display
    Warning in fun(libname, pkgname) : error in rgl_init
    Error in rgl.open(useNULL) : rgl.open failed
    Calls: rss3d -> <Anonymous> -> rgl.open
    Execution halted
Flavor: r-release-osx-x86_64-mavericks