CRAN Package Check Results for Package DiceEval

Last updated on 2015-08-05 08:48:25.

Flavor Version Tinstall Tcheck Ttotal Status Flags
r-devel-linux-x86_64-debian-clang 1.4 0.81 14.39 15.20 NOTE
r-devel-linux-x86_64-debian-gcc 1.4 0.76 14.81 15.57 NOTE
r-devel-linux-x86_64-fedora-clang 1.4 29.22 NOTE
r-devel-linux-x86_64-fedora-gcc 1.4 27.50 NOTE
r-devel-osx-x86_64-clang 1.4 27.95 OK
r-devel-windows-ix86+x86_64 1.4 4.00 23.00 27.00 NOTE
r-patched-linux-x86_64 1.4 1.07 14.00 15.08 OK
r-patched-solaris-sparc 1.4 191.10 OK
r-patched-solaris-x86 1.4 41.10 OK
r-release-linux-x86_64 1.4 0.81 14.34 15.14 OK
r-release-osx-x86_64-mavericks 1.4 OK
r-release-windows-ix86+x86_64 1.4 5.00 41.00 46.00 OK
r-oldrel-windows-ix86+x86_64 1.4 6.00 25.00 31.00 OK

Check Details

Version: 1.4
Check: R code for possible problems
Result: NOTE
    RMA: no visible global function definition for ‘sd’
    foldsComposition: no visible global function definition for ‘runif’
    formulaAm: no visible global function definition for ‘as.formula’
    formulaLm: no visible global function definition for ‘as.formula’
    modelComparison: no visible global function definition for ‘par’
    modelComparison: no visible global function definition for ‘dotchart’
    modelComparison: no visible global function definition for ‘axis’
    modelComparison: no visible global function definition for ‘abline’
    modelComparison: no visible global function definition for ‘axTicks’
    modelFit: no visible global function definition for ‘as.formula’
    modelFit: no visible global function definition for ‘lm’
    modelFit: no visible global function definition for ‘step’
    penaltyPolyMARS: no visible global function definition for ‘par’
    penaltyPolyMARS: no visible global function definition for ‘axis’
    penaltyPolyMARS: no visible global function definition for ‘mtext’
    residualsStudy: no visible global function definition for ‘par’
    residualsStudy: no visible global function definition for ‘hist’
    residualsStudy: no visible global function definition for ‘density’
    residualsStudy: no visible global function definition for ‘lines’
    residualsStudy: no visible global function definition for ‘title’
    stepEvolution: no visible global function definition for ‘polygon’
    stepEvolution: no visible global function definition for ‘text’
    stepEvolution: no visible global function definition for ‘par’
    stepEvolution: no visible global function definition for ‘axis’
    stepEvolution: no visible global function definition for ‘mtext’
    testCrossValidation: no visible global function definition for ‘par’
    Undefined global functions or variables:
     abline as.formula axTicks axis density dotchart hist lines lm mtext
     par polygon runif sd step text title
    Consider adding
     importFrom("graphics", "abline", "axTicks", "axis", "dotchart", "hist",
     "lines", "mtext", "par", "polygon", "text", "title")
     importFrom("stats", "as.formula", "density", "lm", "runif", "sd",
     "step")
    to your NAMESPACE.
Flavors: r-devel-linux-x86_64-debian-clang, r-devel-linux-x86_64-debian-gcc, r-devel-linux-x86_64-fedora-clang, r-devel-linux-x86_64-fedora-gcc, r-devel-windows-ix86+x86_64