CRAN Package Check Results for Package DiceEval

Last updated on 2014-04-19 09:52:18.

Flavor Version Tinstall Tcheck Ttotal Status Flags
r-devel-linux-x86_64-debian-clang 1.2 0.99 39.50 40.50 OK
r-devel-linux-x86_64-debian-gcc 1.2 1.00 40.34 41.33 OK
r-devel-linux-x86_64-fedora-clang 1.2 85.30 NOTE
r-devel-linux-x86_64-fedora-gcc 1.2 81.70 NOTE
r-devel-macosx-x86_64-clang 1.2 68.99 OK
r-devel-macosx-x86_64-gcc 1.2 OK
r-devel-windows-ix86+x86_64 1.2 3.00 67.00 70.00 OK
r-patched-linux-x86_64 1.2 1.03 40.90 41.93 OK
r-patched-solaris-sparc 1.2 445.80 OK
r-patched-solaris-x86 1.2 94.10 OK
r-release-linux-ix86 1.2 3.00 86.00 89.00 OK
r-release-linux-x86_64 1.2 1.01 41.68 42.69 OK
r-release-windows-ix86+x86_64 1.2 4.00 64.00 68.00 OK
r-oldrel-windows-ix86+x86_64 1.2 3.00 60.00 63.00 OK

Check Details

Version: 1.2
Check: top-level files
Result: NOTE
    Non-standard file/directory found at top level:
     ‘DiceEval-Ex.R’
Flavors: r-devel-linux-x86_64-fedora-clang, r-devel-linux-x86_64-fedora-gcc