CRAN Package Check Results for Package DiceEval

Last updated on 2014-12-18 10:48:54.

Flavor Version Tinstall Tcheck Ttotal Status Flags
r-devel-linux-x86_64-debian-clang 1.3 0.96 15.62 16.59 NOTE
r-devel-linux-x86_64-debian-gcc 1.3 0.94 15.85 16.79 NOTE
r-devel-linux-x86_64-fedora-clang 1.3 36.10 NOTE
r-devel-linux-x86_64-fedora-gcc 1.3 32.59 NOTE
r-devel-osx-x86_64-clang 1.3 33.06 NOTE
r-devel-windows-ix86+x86_64 1.3 6.00 25.00 31.00 NOTE
r-patched-linux-x86_64 1.3 0.93 15.74 16.68 NOTE
r-patched-solaris-sparc 1.3 188.60 NOTE
r-patched-solaris-x86 1.3 45.80 NOTE
r-release-linux-ix86 1.3 1.30 21.70 22.99 NOTE
r-release-linux-x86_64 1.3 0.94 15.63 16.56 NOTE
r-release-osx-x86_64-mavericks 1.3 OK
r-release-osx-x86_64-snowleopard 1.3 OK
r-release-windows-ix86+x86_64 1.3 3.00 26.00 29.00 NOTE
r-oldrel-windows-ix86+x86_64 1.3 4.00 25.00 29.00 OK

Check Details

Version: 1.3
Check: R code for possible problems
Result: NOTE
    modelFit: no visible global function definition for ‘gam’
    modelFit: no visible global function definition for ‘mars’
    modelFit: no visible global function definition for ‘polymars’
    modelPredict: no visible global function definition for
     ‘predict.polymars’
Flavors: r-devel-linux-x86_64-debian-clang, r-devel-linux-x86_64-debian-gcc, r-devel-linux-x86_64-fedora-clang, r-devel-linux-x86_64-fedora-gcc, r-devel-osx-x86_64-clang, r-devel-windows-ix86+x86_64, r-patched-linux-x86_64, r-patched-solaris-sparc, r-patched-solaris-x86, r-release-linux-ix86, r-release-linux-x86_64, r-release-windows-ix86+x86_64