CRAN Package Check Results for Package DiceEval

Last updated on 2014-09-02 08:47:13.

Flavor Version Tinstall Tcheck Ttotal Status Flags
r-devel-linux-x86_64-debian-clang 1.3 0.94 14.84 15.78 NOTE
r-devel-linux-x86_64-debian-gcc 1.3 1.02 14.46 15.48 NOTE
r-devel-linux-x86_64-fedora-clang 1.3 31.39 NOTE
r-devel-linux-x86_64-fedora-gcc 1.3 31.09 NOTE
r-devel-osx-x86_64-clang 1.3 31.63 NOTE
r-devel-windows-ix86+x86_64 1.3 3.00 24.00 27.00 NOTE
r-patched-linux-x86_64 1.3 0.96 15.71 16.68 OK
r-patched-solaris-sparc 1.3 188.10 OK
r-patched-solaris-x86 1.3 45.70 OK
r-release-linux-ix86 1.3 1.39 22.94 24.33 OK
r-release-linux-x86_64 1.3 1.41 15.88 17.29 OK
r-release-osx-x86_64-mavericks 1.3 OK
r-release-osx-x86_64-snowleopard 1.3 OK
r-release-windows-ix86+x86_64 1.3 3.00 28.00 31.00 OK
r-oldrel-windows-ix86+x86_64 1.3 5.00 28.00 33.00 OK

Check Details

Version: 1.3
Check: R code for possible problems
Result: NOTE
    modelFit: no visible global function definition for ‘gam’
    modelFit: no visible global function definition for ‘mars’
    modelFit: no visible global function definition for ‘polymars’
    modelPredict: no visible global function definition for
     ‘predict.polymars’
Flavors: r-devel-linux-x86_64-debian-clang, r-devel-linux-x86_64-debian-gcc, r-devel-linux-x86_64-fedora-clang, r-devel-linux-x86_64-fedora-gcc, r-devel-osx-x86_64-clang, r-devel-windows-ix86+x86_64