CRAN Package Check Results for Package DiceEval

Last updated on 2014-08-30 17:47:02.

Flavor Version Tinstall Tcheck Ttotal Status Flags
r-devel-linux-x86_64-debian-clang 1.3 1.12 14.70 15.82 NOTE
r-devel-linux-x86_64-debian-gcc 1.3 0.93 15.16 16.09 NOTE
r-devel-linux-x86_64-fedora-clang 1.3 31.39 NOTE
r-devel-linux-x86_64-fedora-gcc 1.3 31.09 NOTE
r-devel-osx-x86_64-clang 1.3 31.67 NOTE
r-devel-windows-ix86+x86_64 1.3 5.00 26.00 31.00 NOTE
r-patched-linux-x86_64 1.3 0.96 15.71 16.68 OK
r-patched-solaris-sparc 1.3 188.10 OK
r-patched-solaris-x86 1.3 45.60 OK
r-release-linux-ix86 1.3 1.39 22.94 24.33 OK
r-release-linux-x86_64 1.3 1.01 16.52 17.53 OK
r-release-osx-x86_64-mavericks 1.3 OK
r-release-osx-x86_64-snowleopard 1.3 OK
r-release-windows-ix86+x86_64 1.3 3.00 43.00 46.00 OK
r-oldrel-windows-ix86+x86_64 1.3 5.00 28.00 33.00 OK

Check Details

Version: 1.3
Check: R code for possible problems
Result: NOTE
    modelFit: no visible global function definition for ‘gam’
    modelFit: no visible global function definition for ‘mars’
    modelFit: no visible global function definition for ‘polymars’
    modelPredict: no visible global function definition for
     ‘predict.polymars’
Flavors: r-devel-linux-x86_64-debian-clang, r-devel-linux-x86_64-debian-gcc, r-devel-linux-x86_64-fedora-clang, r-devel-linux-x86_64-fedora-gcc, r-devel-osx-x86_64-clang, r-devel-windows-ix86+x86_64