CRAN Package Check Results for Package DiceEval

Last updated on 2015-02-27 16:47:45.

Flavor Version Tinstall Tcheck Ttotal Status Flags
r-devel-linux-x86_64-debian-clang 1.3 0.88 14.50 15.37 NOTE
r-devel-linux-x86_64-debian-gcc 1.3 0.78 14.00 14.78 NOTE
r-devel-linux-x86_64-fedora-clang 1.3 30.00 NOTE
r-devel-linux-x86_64-fedora-gcc 1.3 28.52 NOTE
r-devel-osx-x86_64-clang 1.3 30.57 NOTE
r-devel-windows-ix86+x86_64 1.3 5.00 24.00 29.00 NOTE
r-patched-linux-x86_64 1.3 0.95 15.91 16.86 NOTE
r-patched-solaris-sparc 1.3 213.10 NOTE
r-patched-solaris-x86 NOTE
r-release-linux-ix86 1.3 1.39 22.59 23.98 NOTE
r-release-linux-x86_64 1.3 1.04 15.56 16.60 NOTE
r-release-osx-x86_64-mavericks 1.3 NOTE
r-release-osx-x86_64-snowleopard 1.3 OK
r-release-windows-ix86+x86_64 1.3 4.00 28.00 32.00 NOTE
r-oldrel-windows-ix86+x86_64 1.3 5.00 29.00 34.00 OK

Check Details

Version: 1.3
Check: DESCRIPTION meta-information
Result: NOTE
    Malformed Description field: should contain one or more complete sentences.
Flavors: r-devel-linux-x86_64-debian-clang, r-devel-linux-x86_64-debian-gcc, r-devel-linux-x86_64-fedora-clang, r-devel-linux-x86_64-fedora-gcc, r-devel-osx-x86_64-clang, r-devel-windows-ix86+x86_64

Version: 1.3
Check: R code for possible problems
Result: NOTE
    modelFit: no visible global function definition for ‘gam’
    modelFit: no visible global function definition for ‘mars’
    modelFit: no visible global function definition for ‘polymars’
    modelPredict: no visible global function definition for
     ‘predict.polymars’
Flavors: r-devel-linux-x86_64-debian-clang, r-devel-linux-x86_64-debian-gcc, r-devel-linux-x86_64-fedora-clang, r-devel-linux-x86_64-fedora-gcc, r-devel-osx-x86_64-clang, r-devel-windows-ix86+x86_64, r-patched-linux-x86_64, r-patched-solaris-sparc, r-patched-solaris-x86, r-release-linux-ix86, r-release-linux-x86_64, r-release-osx-x86_64-mavericks, r-release-windows-ix86+x86_64