CRAN Package Check Results for Package DiceEval

Last updated on 2015-01-25 21:48:15.

Flavor Version Tinstall Tcheck Ttotal Status Flags
r-devel-linux-x86_64-debian-clang 1.3 0.90 14.60 15.50 NOTE
r-devel-linux-x86_64-debian-gcc 1.3 0.89 16.31 17.20 NOTE
r-devel-linux-x86_64-fedora-clang 1.3 34.87 NOTE
r-devel-linux-x86_64-fedora-gcc 1.3 36.62 NOTE
r-devel-osx-x86_64-clang 1.3 35.84 NOTE
r-devel-windows-ix86+x86_64 1.3 4.00 27.00 31.00 NOTE
r-patched-linux-x86_64 1.3 0.93 15.88 16.82 NOTE
r-patched-solaris-sparc 1.3 213.10 NOTE
r-patched-solaris-x86 1.3 45.60 NOTE
r-release-linux-ix86 1.3 1.29 22.05 23.34 NOTE
r-release-linux-x86_64 1.3 0.95 16.59 17.54 NOTE
r-release-osx-x86_64-mavericks 1.3 NOTE
r-release-osx-x86_64-snowleopard 1.3 OK
r-release-windows-ix86+x86_64 1.3 4.00 27.00 31.00 NOTE
r-oldrel-windows-ix86+x86_64 1.3 4.00 28.00 32.00 OK

Check Details

Version: 1.3
Check: R code for possible problems
Result: NOTE
    modelFit: no visible global function definition for ‘gam’
    modelFit: no visible global function definition for ‘mars’
    modelFit: no visible global function definition for ‘polymars’
    modelPredict: no visible global function definition for
     ‘predict.polymars’
Flavors: r-devel-linux-x86_64-debian-clang, r-devel-linux-x86_64-debian-gcc, r-devel-linux-x86_64-fedora-clang, r-devel-linux-x86_64-fedora-gcc, r-devel-osx-x86_64-clang, r-devel-windows-ix86+x86_64, r-patched-linux-x86_64, r-patched-solaris-sparc, r-patched-solaris-x86, r-release-linux-ix86, r-release-linux-x86_64, r-release-osx-x86_64-mavericks, r-release-windows-ix86+x86_64