CRAN Package Check Results for Package DiceEval

Last updated on 2015-03-29 04:50:16.

Flavor Version Tinstall Tcheck Ttotal Status Flags
r-devel-linux-x86_64-debian-clang 1.3 1.12 14.37 15.49 NOTE
r-devel-linux-x86_64-debian-gcc 1.3 1.21 14.35 15.56 NOTE
r-devel-linux-x86_64-fedora-clang 1.3 31.19 NOTE
r-devel-linux-x86_64-fedora-gcc 1.3 28.46 NOTE
r-devel-osx-x86_64-clang 1.3 37.43 NOTE
r-prerel-windows-ix86+x86_64 1.3 4.00 26.00 30.00 NOTE
r-prerel-linux-x86_64 1.3 0.79 14.57 15.36 NOTE
r-prerel-solaris-sparc 1.3 189.70 NOTE
r-prerel-solaris-x86 1.3 41.20 NOTE
r-release-linux-x86_64 1.3 1.02 17.17 18.18 NOTE
r-release-osx-x86_64-mavericks 1.3 NOTE
r-release-osx-x86_64-snowleopard 1.3 OK
r-release-windows-ix86+x86_64 1.3 3.00 24.00 27.00 NOTE
r-oldrel-windows-ix86+x86_64 1.3 4.00 46.00 50.00 OK

Check Details

Version: 1.3
Check: DESCRIPTION meta-information
Result: NOTE
    Malformed Description field: should contain one or more complete sentences.
Flavors: r-devel-linux-x86_64-debian-clang, r-devel-linux-x86_64-debian-gcc, r-devel-linux-x86_64-fedora-clang, r-devel-linux-x86_64-fedora-gcc, r-devel-osx-x86_64-clang, r-prerel-windows-ix86+x86_64, r-prerel-linux-x86_64, r-prerel-solaris-sparc, r-prerel-solaris-x86

Version: 1.3
Check: R code for possible problems
Result: NOTE
    modelFit: no visible global function definition for ‘gam’
    modelFit: no visible global function definition for ‘mars’
    modelFit: no visible global function definition for ‘polymars’
    modelPredict: no visible global function definition for
     ‘predict.polymars’
Flavors: r-devel-linux-x86_64-debian-clang, r-devel-linux-x86_64-debian-gcc, r-devel-linux-x86_64-fedora-clang, r-devel-linux-x86_64-fedora-gcc, r-devel-osx-x86_64-clang, r-prerel-windows-ix86+x86_64, r-prerel-linux-x86_64, r-prerel-solaris-sparc, r-prerel-solaris-x86, r-release-linux-x86_64, r-release-osx-x86_64-mavericks, r-release-windows-ix86+x86_64