CRAN Package Check Results for Package DiceEval

Last updated on 2015-05-26 15:47:26.

Flavor Version Tinstall Tcheck Ttotal Status Flags
r-devel-linux-x86_64-debian-clang 1.3 0.81 14.74 15.55 NOTE
r-devel-linux-x86_64-debian-gcc 1.3 0.86 14.27 15.13 NOTE
r-devel-linux-x86_64-fedora-clang 1.3 29.48 NOTE
r-devel-linux-x86_64-fedora-gcc 1.3 27.86 NOTE
r-devel-osx-x86_64-clang 1.3 32.64 NOTE
r-devel-windows-ix86+x86_64 1.3 3.00 30.00 33.00 NOTE
r-patched-linux-x86_64 1.3 0.93 14.23 15.16 NOTE
r-patched-solaris-sparc 1.3 188.20 NOTE
r-patched-solaris-x86 1.3 40.40 NOTE
r-release-linux-x86_64 1.3 0.82 15.44 16.26 NOTE
r-release-osx-x86_64-mavericks 1.3 NOTE
r-release-osx-x86_64-snowleopard 1.3 NOTE
r-release-windows-ix86+x86_64 1.3 3.00 30.00 33.00 NOTE
r-oldrel-windows-ix86+x86_64 1.3 3.00 25.00 28.00 NOTE

Check Details

Version: 1.3
Check: DESCRIPTION meta-information
Result: NOTE
    Malformed Description field: should contain one or more complete sentences.
Flavors: r-devel-linux-x86_64-debian-clang, r-devel-linux-x86_64-debian-gcc, r-devel-linux-x86_64-fedora-clang, r-devel-linux-x86_64-fedora-gcc, r-devel-osx-x86_64-clang, r-devel-windows-ix86+x86_64, r-patched-linux-x86_64, r-patched-solaris-sparc, r-patched-solaris-x86, r-release-linux-x86_64, r-release-osx-x86_64-mavericks, r-release-osx-x86_64-snowleopard, r-release-windows-ix86+x86_64

Version: 1.3
Check: R code for possible problems
Result: NOTE
    modelFit: no visible global function definition for ‘gam’
    modelFit: no visible global function definition for ‘mars’
    modelFit: no visible global function definition for ‘polymars’
    modelPredict: no visible global function definition for
     ‘predict.polymars’
Flavors: r-devel-linux-x86_64-debian-clang, r-devel-linux-x86_64-debian-gcc, r-devel-linux-x86_64-fedora-clang, r-devel-linux-x86_64-fedora-gcc, r-devel-osx-x86_64-clang, r-devel-windows-ix86+x86_64, r-patched-linux-x86_64, r-patched-solaris-sparc, r-patched-solaris-x86, r-release-linux-x86_64, r-release-osx-x86_64-mavericks, r-release-osx-x86_64-snowleopard, r-release-windows-ix86+x86_64, r-oldrel-windows-ix86+x86_64