CRAN Package Check Results for Package DiceEval

Last updated on 2015-07-04 19:47:33.

Flavor Version Tinstall Tcheck Ttotal Status Flags
r-devel-linux-x86_64-debian-clang 1.4 0.77 14.36 15.13 NOTE
r-devel-linux-x86_64-debian-gcc 1.4 0.77 14.04 14.80 NOTE
r-devel-linux-x86_64-fedora-clang 1.4 27.73 NOTE
r-devel-linux-x86_64-fedora-gcc 1.4 27.49 NOTE
r-devel-osx-x86_64-clang 1.4 29.01 OK
r-devel-windows-ix86+x86_64 1.4 5.00 29.00 34.00 NOTE
r-patched-linux-x86_64 1.4 0.80 14.48 15.28 OK
r-patched-solaris-sparc 1.4 205.00 OK
r-patched-solaris-x86 1.4 40.80 OK
r-release-linux-x86_64 1.4 0.80 14.12 14.92 OK
r-release-osx-x86_64-mavericks 1.4 OK
r-release-windows-ix86+x86_64 1.4 5.00 26.00 31.00 OK
r-oldrel-windows-ix86+x86_64 1.4 6.00 33.00 39.00 OK

Check Details

Version: 1.4
Check: R code for possible problems
Result: NOTE
    RMA: no visible global function definition for ‘sd’
    foldsComposition: no visible global function definition for ‘runif’
    formulaAm: no visible global function definition for ‘as.formula’
    formulaLm: no visible global function definition for ‘as.formula’
    modelComparison: no visible global function definition for ‘par’
    modelComparison: no visible global function definition for ‘dotchart’
    modelComparison: no visible global function definition for ‘axis’
    modelComparison: no visible global function definition for ‘abline’
    modelComparison: no visible global function definition for ‘axTicks’
    modelFit: no visible global function definition for ‘as.formula’
    modelFit: no visible global function definition for ‘lm’
    modelFit: no visible global function definition for ‘step’
    penaltyPolyMARS: no visible global function definition for ‘par’
    penaltyPolyMARS: no visible global function definition for ‘axis’
    penaltyPolyMARS: no visible global function definition for ‘mtext’
    residualsStudy: no visible global function definition for ‘par’
    residualsStudy: no visible global function definition for ‘hist’
    residualsStudy: no visible global function definition for ‘density’
    residualsStudy: no visible global function definition for ‘lines’
    residualsStudy: no visible global function definition for ‘title’
    stepEvolution: no visible global function definition for ‘polygon’
    stepEvolution: no visible global function definition for ‘text’
    stepEvolution: no visible global function definition for ‘par’
    stepEvolution: no visible global function definition for ‘axis’
    stepEvolution: no visible global function definition for ‘mtext’
    testCrossValidation: no visible global function definition for ‘par’
    Undefined global functions or variables:
     abline as.formula axTicks axis density dotchart hist lines lm mtext
     par polygon runif sd step text title
Flavors: r-devel-linux-x86_64-debian-clang, r-devel-linux-x86_64-debian-gcc, r-devel-linux-x86_64-fedora-clang, r-devel-linux-x86_64-fedora-gcc, r-devel-windows-ix86+x86_64