CRAN Package Check Results for Package DiceKriging

Last updated on 2014-09-20 03:48:38.

Flavor Version Tinstall Tcheck Ttotal Status Flags
r-devel-linux-x86_64-debian-clang 1.5.3 1.96 25.72 27.68 NOTE
r-devel-linux-x86_64-debian-gcc 1.5.3 2.07 25.17 27.24 NOTE
r-devel-linux-x86_64-fedora-clang 1.5.3 54.61 NOTE
r-devel-linux-x86_64-fedora-gcc 1.5.3 59.57 NOTE
r-devel-osx-x86_64-clang 1.5.3 52.14 NOTE
r-devel-windows-ix86+x86_64 1.5.3 7.00 53.00 60.00 NOTE
r-patched-linux-x86_64 1.5.3 2.13 26.97 29.10 OK
r-patched-solaris-sparc 1.5.3 324.50 OK
r-patched-solaris-x86 1.5.3 71.90 OK
r-release-linux-ix86 1.5.3 2.85 35.01 37.86 OK
r-release-linux-x86_64 1.5.3 2.27 26.87 29.14 OK
r-release-osx-x86_64-mavericks 1.5.3 OK
r-release-osx-x86_64-snowleopard 1.5.3 OK
r-release-windows-ix86+x86_64 1.5.3 10.00 53.00 63.00 OK
r-oldrel-windows-ix86+x86_64 1.5.3 8.00 55.00 63.00 OK

Check Details

Version: 1.5.3
Check: R code for possible problems
Result: NOTE
    kmEstimate: no visible binding for global variable ‘genoud’
Flavors: r-devel-linux-x86_64-debian-clang, r-devel-linux-x86_64-debian-gcc, r-devel-linux-x86_64-fedora-clang, r-devel-linux-x86_64-fedora-gcc, r-devel-osx-x86_64-clang, r-devel-windows-ix86+x86_64