CRAN Package Check Results for Package DiceKriging

Last updated on 2017-03-23 06:47:56.

Flavor Version Tinstall Tcheck Ttotal Status Flags
r-devel-linux-x86_64-debian-clang 1.5.5 2.30 32.32 34.62 NOTE
r-devel-linux-x86_64-debian-gcc 1.5.5 2.04 31.62 33.66 NOTE
r-devel-linux-x86_64-fedora-clang 1.5.5 60.13 NOTE --no-stop-on-test-error
r-devel-linux-x86_64-fedora-gcc 1.5.5 58.77 NOTE --no-stop-on-test-error
r-devel-macos-x86_64-clang 1.5.5 48.20 NOTE --no-stop-on-test-error
r-devel-windows-ix86+x86_64 1.5.5 11.00 72.00 83.00 NOTE
r-patched-linux-x86_64 1.5.5 2.05 31.42 33.48 NOTE
r-patched-solaris-sparc 1.5.5 412.20 NOTE
r-patched-solaris-x86 1.5.5 74.80 NOTE
r-release-linux-x86_64 1.5.5 1.92 28.02 29.94 NOTE
r-release-osx-x86_64-mavericks 1.5.5 NOTE
r-release-windows-ix86+x86_64 1.5.5 24.00 83.00 107.00 NOTE
r-oldrel-windows-ix86+x86_64 1.5.5 17.00 83.00 100.00 OK

Check Details

Version: 1.5.5
Check: R code for possible problems
Result: NOTE
    compute.beta.hat: no visible global function definition for ‘lm’
    drop.response: no visible global function definition for ‘terms’
    drop.response: no visible global function definition for ‘reformulate’
    km: no visible global function definition for ‘model.matrix’
    km1Nugget.init: no visible global function definition for ‘lm’
    km1Nugget.init: no visible global function definition for ‘sd’
    km1Nugget.init: no visible global function definition for ‘dist’
    km1Nugget.init: no visible global function definition for ‘quantile’
    km1Nugget.init: no visible global function definition for ‘runif’
    kmData: no visible global function definition for ‘as.formula’
    kmData: no visible global function definition for ‘terms’
    kmEstimate: no visible global function definition for ‘optim’
    kmEstimate: no visible global function definition for ‘lm’
    kmNoNugget.init: no visible global function definition for ‘runif’
    kmNuggets.init: no visible global function definition for ‘runif’
    kmNuggets.init: no visible global function definition for ‘lm’
    kmNuggets.init: no visible global function definition for ‘var’
    kmNuggets.init: no visible global function definition for ‘dist’
    kmNuggets.init: no visible global function definition for ‘quantile’
    leaveOneOut.km: no visible global function definition for
     ‘model.matrix’
    leaveOneOut.km: no visible global function definition for ‘lm’
    plot.km: no visible global function definition for ‘par’
    plot.km: no visible global function definition for ‘lines’
    plot.km: no visible global function definition for ‘qqnorm’
    plot.km: no visible global function definition for ‘qqline’
    predict.km: no visible global function definition for ‘model.matrix’
    predict.km: no visible global function definition for ‘qnorm’
    predict.km: no visible global function definition for ‘qt’
    scalingFun: no visible global function definition for ‘abline’
    scalingGrad1d: no visible global function definition for ‘matplot’
    scalingGrad1d: no visible global function definition for ‘abline’
    simulate.km: no visible global function definition for ‘model.matrix’
    simulate.km: no visible global function definition for ‘rnorm’
    trend.deltax: no visible global function definition for ‘model.matrix’
    trendMatrix.update: no visible global function definition for
     ‘model.matrix’
    paramSample,covAffineScaling: no visible global function definition for
     ‘runif’
    paramSample,covIso: no visible global function definition for ‘runif’
    paramSample,covScaling: no visible global function definition for
     ‘runif’
    paramSample,covTensorProduct: no visible global function definition for
     ‘runif’
    vect2covparam,covScaling: no visible global function definition for
     ‘unstack’
    Undefined global functions or variables:
     abline as.formula dist lines lm matplot model.matrix optim par qnorm
     qqline qqnorm qt quantile reformulate rnorm runif sd terms unstack
     var
    Consider adding
     importFrom("graphics", "abline", "lines", "matplot", "par")
     importFrom("stats", "as.formula", "dist", "lm", "model.matrix",
     "optim", "qnorm", "qqline", "qqnorm", "qt", "quantile",
     "reformulate", "rnorm", "runif", "sd", "terms", "var")
     importFrom("utils", "unstack")
    to your NAMESPACE file.
Flavors: r-devel-linux-x86_64-debian-clang, r-devel-linux-x86_64-debian-gcc, r-devel-windows-ix86+x86_64, r-patched-linux-x86_64, r-patched-solaris-sparc, r-patched-solaris-x86, r-release-linux-x86_64, r-release-osx-x86_64-mavericks, r-release-windows-ix86+x86_64

Version: 1.5.5
Check: compiled code
Result: NOTE
    File ‘DiceKriging/libs/DiceKriging.so’:
     Found no calls to: ‘R_registerRoutines’, ‘R_useDynamicSymbols’
    
    It is good practice to register native routines and to disable symbol
    search.
    
    See ‘Writing portable packages’ in the ‘Writing R Extensions’ manual.
Flavors: r-devel-linux-x86_64-debian-clang, r-devel-linux-x86_64-debian-gcc

Version: 1.5.5
Flags: --no-stop-on-test-error
Check: R code for possible problems
Result: NOTE
    compute.beta.hat: no visible global function definition for ‘lm’
    drop.response: no visible global function definition for ‘terms’
    drop.response: no visible global function definition for ‘reformulate’
    km: no visible global function definition for ‘model.matrix’
    km1Nugget.init: no visible global function definition for ‘lm’
    km1Nugget.init: no visible global function definition for ‘sd’
    km1Nugget.init: no visible global function definition for ‘dist’
    km1Nugget.init: no visible global function definition for ‘quantile’
    km1Nugget.init: no visible global function definition for ‘runif’
    kmData: no visible global function definition for ‘as.formula’
    kmData: no visible global function definition for ‘terms’
    kmEstimate: no visible global function definition for ‘optim’
    kmEstimate: no visible global function definition for ‘lm’
    kmNoNugget.init: no visible global function definition for ‘runif’
    kmNuggets.init: no visible global function definition for ‘runif’
    kmNuggets.init: no visible global function definition for ‘lm’
    kmNuggets.init: no visible global function definition for ‘var’
    kmNuggets.init: no visible global function definition for ‘dist’
    kmNuggets.init: no visible global function definition for ‘quantile’
    leaveOneOut.km: no visible global function definition for
     ‘model.matrix’
    leaveOneOut.km: no visible global function definition for ‘lm’
    plot.km: no visible global function definition for ‘par’
    plot.km: no visible global function definition for ‘lines’
    plot.km: no visible global function definition for ‘qqnorm’
    plot.km: no visible global function definition for ‘qqline’
    predict.km: no visible global function definition for ‘model.matrix’
    predict.km: no visible global function definition for ‘qnorm’
    predict.km: no visible global function definition for ‘qt’
    scalingFun: no visible global function definition for ‘abline’
    scalingGrad1d: no visible global function definition for ‘matplot’
    scalingGrad1d: no visible global function definition for ‘abline’
    simulate.km: no visible global function definition for ‘model.matrix’
    simulate.km: no visible global function definition for ‘rnorm’
    trend.deltax: no visible global function definition for ‘model.matrix’
    trendMatrix.update: no visible global function definition for
     ‘model.matrix’
    paramSample,covAffineScaling: no visible global function definition for
     ‘runif’
    paramSample,covIso: no visible global function definition for ‘runif’
    paramSample,covScaling: no visible global function definition for
     ‘runif’
    paramSample,covTensorProduct: no visible global function definition for
     ‘runif’
    vect2covparam,covScaling: no visible global function definition for
     ‘unstack’
    Undefined global functions or variables:
     abline as.formula dist lines lm matplot model.matrix optim par qnorm
     qqline qqnorm qt quantile reformulate rnorm runif sd terms unstack
     var
    Consider adding
     importFrom("graphics", "abline", "lines", "matplot", "par")
     importFrom("stats", "as.formula", "dist", "lm", "model.matrix",
     "optim", "qnorm", "qqline", "qqnorm", "qt", "quantile",
     "reformulate", "rnorm", "runif", "sd", "terms", "var")
     importFrom("utils", "unstack")
    to your NAMESPACE file.
Flavors: r-devel-linux-x86_64-fedora-clang, r-devel-linux-x86_64-fedora-gcc, r-devel-macos-x86_64-clang

Version: 1.5.5
Flags: --no-stop-on-test-error
Check: compiled code
Result: NOTE
    File ‘DiceKriging/libs/DiceKriging.so’:
     Found no calls to: ‘R_registerRoutines’, ‘R_useDynamicSymbols’
    
    It is good practice to register native routines and to disable symbol
    search.
    
    See ‘Writing portable packages’ in the ‘Writing R Extensions’ manual.
Flavors: r-devel-linux-x86_64-fedora-clang, r-devel-linux-x86_64-fedora-gcc, r-devel-macos-x86_64-clang