CRAN Package Check Results for Package DiceKriging

Last updated on 2015-03-01 03:48:32.

Flavor Version Tinstall Tcheck Ttotal Status Flags
r-devel-linux-x86_64-debian-clang 1.5.4 1.88 27.05 28.93 NOTE
r-devel-linux-x86_64-debian-gcc 1.5.4 1.96 25.35 27.31 NOTE
r-devel-linux-x86_64-fedora-clang 1.5.4 54.57 NOTE
r-devel-linux-x86_64-fedora-gcc 1.5.4 52.27 NOTE
r-devel-osx-x86_64-clang 1.5.4 51.00 NOTE
r-devel-windows-ix86+x86_64 1.5.4 14.00 50.00 64.00 OK
r-patched-linux-x86_64 1.5.4 2.18 28.26 30.44 OK
r-patched-solaris-sparc 1.5.4 399.50 OK
r-patched-solaris-x86 1.5.4 76.80 OK
r-release-linux-ix86 1.5.4 2.78 36.68 39.47 OK
r-release-linux-x86_64 1.5.4 2.23 28.13 30.36 OK
r-release-osx-x86_64-mavericks 1.5.4 OK
r-release-osx-x86_64-snowleopard 1.5.4 OK
r-release-windows-ix86+x86_64 1.5.4 9.00 55.00 64.00 OK
r-oldrel-windows-ix86+x86_64 1.5.4 10.00 60.00 70.00 OK

Check Details

Version: 1.5.4
Check: S3 generic/method consistency
Result: NOTE
    Found the following apparent S3 methods exported but not registered:
     logLik.km plot.km predict.km
    See section ‘Registering S3 methods’ in the ‘Writing R Extensions’
    manual.
Flavors: r-devel-linux-x86_64-debian-clang, r-devel-linux-x86_64-debian-gcc, r-devel-linux-x86_64-fedora-clang, r-devel-linux-x86_64-fedora-gcc, r-devel-osx-x86_64-clang