CRAN Package Check Results for Package DiceKriging

Last updated on 2014-08-29 23:48:45.

Flavor Version Tinstall Tcheck Ttotal Status Flags
r-devel-linux-x86_64-debian-clang 1.5.3 2.05 24.99 27.04 NOTE
r-devel-linux-x86_64-debian-gcc 1.5.3 2.17 25.07 27.24 NOTE
r-devel-linux-x86_64-fedora-clang 1.5.3 55.59 NOTE
r-devel-linux-x86_64-fedora-gcc 1.5.3 51.99 NOTE
r-devel-osx-x86_64-clang 1.5.3 49.46 NOTE
r-devel-windows-ix86+x86_64 1.5.3 8.00 54.00 62.00 NOTE
r-patched-linux-x86_64 1.5.3 2.12 26.40 28.52 OK
r-patched-solaris-sparc 1.5.3 324.50 OK
r-patched-solaris-x86 1.5.3 73.50 OK
r-release-linux-ix86 1.5.3 2.86 36.20 39.06 OK
r-release-linux-x86_64 1.5.3 2.12 26.98 29.09 OK
r-release-osx-x86_64-mavericks 1.5.3 OK
r-release-osx-x86_64-snowleopard 1.5.3 OK
r-release-windows-ix86+x86_64 1.5.3 10.00 53.00 63.00 OK
r-oldrel-windows-ix86+x86_64 1.5.3 8.00 55.00 63.00 OK

Check Details

Version: 1.5.3
Check: R code for possible problems
Result: NOTE
    kmEstimate: no visible binding for global variable ‘genoud’
Flavors: r-devel-linux-x86_64-debian-clang, r-devel-linux-x86_64-debian-gcc, r-devel-linux-x86_64-fedora-clang, r-devel-linux-x86_64-fedora-gcc, r-devel-osx-x86_64-clang, r-devel-windows-ix86+x86_64