CRAN Package Check Results for Package DiceKriging

Last updated on 2015-07-31 23:47:39.

Flavor Version Tinstall Tcheck Ttotal Status Flags
r-devel-linux-x86_64-debian-clang 1.5.5 1.85 26.44 28.29 NOTE
r-devel-linux-x86_64-debian-gcc 1.5.5 3.45 25.74 29.19 NOTE
r-devel-linux-x86_64-fedora-clang 1.5.5 53.27 NOTE
r-devel-linux-x86_64-fedora-gcc 1.5.5 49.89 NOTE
r-devel-osx-x86_64-clang 1.5.5 48.47 OK
r-devel-windows-ix86+x86_64 1.5.5 16.00 59.00 75.00 NOTE
r-patched-linux-x86_64 1.5.5 2.02 26.77 28.80 OK
r-patched-solaris-sparc 1.5.5 352.50 OK
r-patched-solaris-x86 1.5.5 69.60 OK
r-release-linux-x86_64 1.5.5 1.99 26.44 28.43 OK
r-release-osx-x86_64-mavericks 1.5.5 OK
r-release-windows-ix86+x86_64 1.5.5 17.00 56.00 73.00 OK
r-oldrel-windows-ix86+x86_64 1.5.5 10.00 67.00 77.00 OK

Check Details

Version: 1.5.5
Check: R code for possible problems
Result: NOTE
    compute.beta.hat: no visible global function definition for ‘lm’
    drop.response: no visible global function definition for ‘terms’
    drop.response: no visible global function definition for ‘reformulate’
    km: no visible global function definition for ‘model.matrix’
    km1Nugget.init: no visible global function definition for ‘lm’
    km1Nugget.init: no visible global function definition for ‘sd’
    km1Nugget.init: no visible global function definition for ‘dist’
    km1Nugget.init: no visible global function definition for ‘quantile’
    km1Nugget.init: no visible global function definition for ‘runif’
    kmData: no visible global function definition for ‘as.formula’
    kmData: no visible global function definition for ‘terms’
    kmEstimate: no visible global function definition for ‘optim’
    kmEstimate: no visible global function definition for ‘lm’
    kmNoNugget.init: no visible global function definition for ‘runif’
    kmNuggets.init: no visible global function definition for ‘runif’
    kmNuggets.init: no visible global function definition for ‘lm’
    kmNuggets.init: no visible global function definition for ‘var’
    kmNuggets.init: no visible global function definition for ‘dist’
    kmNuggets.init: no visible global function definition for ‘quantile’
    leaveOneOut.km: no visible global function definition for
     ‘model.matrix’
    leaveOneOut.km: no visible global function definition for ‘lm’
    plot.km: no visible global function definition for ‘par’
    plot.km: no visible global function definition for ‘lines’
    plot.km: no visible global function definition for ‘qqnorm’
    plot.km: no visible global function definition for ‘qqline’
    predict.km: no visible global function definition for ‘model.matrix’
    predict.km: no visible global function definition for ‘qnorm’
    predict.km: no visible global function definition for ‘qt’
    scalingFun: no visible global function definition for ‘abline’
    scalingGrad1d: no visible global function definition for ‘matplot’
    scalingGrad1d: no visible global function definition for ‘abline’
    simulate.km: no visible global function definition for ‘model.matrix’
    simulate.km: no visible global function definition for ‘rnorm’
    trend.deltax: no visible global function definition for ‘model.matrix’
    trendMatrix.update: no visible global function definition for
     ‘model.matrix’
    paramSample,covAffineScaling: no visible global function definition for
     ‘runif’
    paramSample,covIso: no visible global function definition for ‘runif’
    paramSample,covScaling: no visible global function definition for
     ‘runif’
    paramSample,covTensorProduct: no visible global function definition for
     ‘runif’
    vect2covparam,covScaling: no visible global function definition for
     ‘unstack’
    Undefined global functions or variables:
     abline as.formula dist lines lm matplot model.matrix optim par qnorm
     qqline qqnorm qt quantile reformulate rnorm runif sd terms unstack
     var
    Consider adding
     importFrom("graphics", "abline", "lines", "matplot", "par")
     importFrom("stats", "as.formula", "dist", "lm", "model.matrix",
     "optim", "qnorm", "qqline", "qqnorm", "qt", "quantile",
     "reformulate", "rnorm", "runif", "sd", "terms", "var")
     importFrom("utils", "unstack")
    to your NAMESPACE.
Flavors: r-devel-linux-x86_64-debian-clang, r-devel-linux-x86_64-debian-gcc, r-devel-linux-x86_64-fedora-clang, r-devel-linux-x86_64-fedora-gcc, r-devel-windows-ix86+x86_64