CRAN Package Check Results for Package DiceKriging

Last updated on 2014-11-29 03:51:51.

Flavor Version Tinstall Tcheck Ttotal Status Flags
r-devel-linux-x86_64-debian-clang 1.5.3 2.12 26.48 28.60 NOTE
r-devel-linux-x86_64-debian-gcc 1.5.3 2.10 26.00 28.10 NOTE
r-devel-linux-x86_64-fedora-clang 1.5.3 60.16 NOTE
r-devel-linux-x86_64-fedora-gcc 1.5.3 56.72 NOTE
r-devel-osx-x86_64-clang 1.5.3 55.55 NOTE
r-devel-windows-ix86+x86_64 1.5.3 7.00 52.00 59.00 NOTE
r-patched-linux-x86_64 1.5.3 2.14 27.22 29.35 NOTE
r-patched-solaris-sparc 1.5.3 330.60 NOTE
r-patched-solaris-x86 1.5.3 75.00 NOTE
r-release-linux-ix86 1.5.3 2.74 34.36 37.10 NOTE
r-release-linux-x86_64 1.5.3 2.16 27.46 29.62 NOTE
r-release-osx-x86_64-mavericks 1.5.3 OK
r-release-osx-x86_64-snowleopard 1.5.3 OK
r-release-windows-ix86+x86_64 1.5.3 9.00 50.00 59.00 NOTE
r-oldrel-windows-ix86+x86_64 1.5.3 8.00 54.00 62.00 OK

Check Details

Version: 1.5.3
Check: R code for possible problems
Result: NOTE
    kmEstimate: no visible binding for global variable ‘genoud’
Flavors: r-devel-linux-x86_64-debian-clang, r-devel-linux-x86_64-debian-gcc, r-devel-linux-x86_64-fedora-clang, r-devel-linux-x86_64-fedora-gcc, r-devel-osx-x86_64-clang, r-devel-windows-ix86+x86_64, r-patched-linux-x86_64, r-patched-solaris-sparc, r-patched-solaris-x86, r-release-linux-ix86, r-release-linux-x86_64, r-release-windows-ix86+x86_64