CRAN Package Check Results for Package DiceKriging

Last updated on 2015-02-01 05:47:51.

Flavor Version Tinstall Tcheck Ttotal Status Flags
r-devel-linux-x86_64-debian-clang 1.5.4 1.87 27.14 29.01 NOTE
r-devel-linux-x86_64-debian-gcc 1.5.4 2.01 26.17 28.18 NOTE
r-devel-linux-x86_64-fedora-clang 1.5.4 60.70 NOTE
r-devel-linux-x86_64-fedora-gcc 1.5.4 51.09 NOTE
r-devel-osx-x86_64-clang 1.5.4 58.83 NOTE
r-devel-windows-ix86+x86_64 1.5.4 13.00 52.00 65.00 OK
r-patched-linux-x86_64 1.5.4 2.40 28.25 30.65 OK
r-patched-solaris-sparc 1.5.4 399.50 OK
r-patched-solaris-x86 1.5.4 77.00 OK
r-release-linux-ix86 1.5.4 2.74 36.81 39.55 OK
r-release-linux-x86_64 1.5.4 2.14 27.90 30.04 OK
r-release-osx-x86_64-mavericks 1.5.4 OK
r-release-osx-x86_64-snowleopard 1.5.4 OK
r-release-windows-ix86+x86_64 1.5.4 9.00 53.00 62.00 OK
r-oldrel-windows-ix86+x86_64 1.5.4 9.00 59.00 68.00 OK

Check Details

Version: 1.5.4
Check: S3 generic/method consistency
Result: NOTE
    Found the following apparent S3 methods exported but not registered:
     plot.km logLik.km predict.km
    See section ‘Registering S3 methods’ in the ‘Writing R Extensions’
    manual.
Flavors: r-devel-linux-x86_64-debian-clang, r-devel-linux-x86_64-debian-gcc, r-devel-linux-x86_64-fedora-clang, r-devel-linux-x86_64-fedora-gcc, r-devel-osx-x86_64-clang