CRAN Package Check Results for Package DiceKriging

Last updated on 2014-12-23 03:49:40.

Flavor Version Tinstall Tcheck Ttotal Status Flags
r-devel-linux-x86_64-debian-clang 1.5.3 1.93 28.09 30.02 NOTE
r-devel-linux-x86_64-debian-gcc 1.5.3 2.05 26.78 28.83 NOTE
r-devel-linux-x86_64-fedora-clang 1.5.3 59.87 NOTE
r-devel-linux-x86_64-fedora-gcc 1.5.3 55.76 NOTE
r-devel-osx-x86_64-clang 1.5.3 55.07 NOTE
r-devel-windows-ix86+x86_64 1.5.3 10.00 47.00 57.00 NOTE
r-patched-linux-x86_64 1.5.3 2.12 27.53 29.65 NOTE
r-patched-solaris-sparc 1.5.3 351.40 NOTE
r-patched-solaris-x86 1.5.3 76.00 NOTE
r-release-linux-ix86 1.5.3 2.74 34.46 37.20 NOTE
r-release-linux-x86_64 1.5.3 2.28 27.59 29.88 NOTE
r-release-osx-x86_64-mavericks 1.5.3 OK
r-release-osx-x86_64-snowleopard 1.5.3 OK
r-release-windows-ix86+x86_64 1.5.3 10.00 51.00 61.00 NOTE
r-oldrel-windows-ix86+x86_64 1.5.3 11.00 50.00 61.00 OK

Check Details

Version: 1.5.3
Check: R code for possible problems
Result: NOTE
    kmEstimate: no visible binding for global variable ‘genoud’
Flavors: r-devel-linux-x86_64-debian-clang, r-devel-linux-x86_64-debian-gcc, r-devel-linux-x86_64-fedora-clang, r-devel-linux-x86_64-fedora-gcc, r-devel-osx-x86_64-clang, r-devel-windows-ix86+x86_64, r-patched-linux-x86_64, r-patched-solaris-sparc, r-patched-solaris-x86, r-release-linux-ix86, r-release-linux-x86_64, r-release-windows-ix86+x86_64