CRAN Package Check Results for Package DiceOptim

Last updated on 2017-10-23 11:48:21.

Flavor Version Tinstall Tcheck Ttotal Status Flags
r-devel-linux-x86_64-debian-clang 2.0 1.95 39.11 41.06 NOTE
r-devel-linux-x86_64-debian-gcc 2.0 2.24 39.84 42.09 NOTE
r-devel-linux-x86_64-fedora-clang 2.0 72.34 NOTE
r-devel-linux-x86_64-fedora-gcc 2.0 77.42 NOTE
r-devel-windows-ix86+x86_64 2.0 11.00 116.00 127.00 OK
r-patched-linux-x86_64 2.0 1.90 38.24 40.14 NOTE
r-patched-solaris-x86 2.0 83.90 OK
r-release-linux-x86_64 2.0 2.12 38.73 40.85 NOTE
r-release-windows-ix86+x86_64 2.0 11.00 92.00 103.00 OK
r-release-osx-x86_64 2.0 OK
r-oldrel-windows-ix86+x86_64 2.0 6.00 73.00 79.00 OK
r-oldrel-osx-x86_64 2.0 OK

Check Details

Version: 2.0
Check: compiled code
Result: NOTE
    File ‘DiceOptim/libs/DiceOptim.so’:
     Found no calls to: ‘R_registerRoutines’, ‘R_useDynamicSymbols’
    
    It is good practice to register native routines and to disable symbol
    search.
    
    See ‘Writing portable packages’ in the ‘Writing R Extensions’ manual.
Flavors: r-devel-linux-x86_64-debian-clang, r-devel-linux-x86_64-debian-gcc, r-devel-linux-x86_64-fedora-clang, r-devel-linux-x86_64-fedora-gcc, r-patched-linux-x86_64, r-release-linux-x86_64