CRAN Package Check Results for Package DiceOptim

Last updated on 2018-09-22 03:49:41 CEST.

Flavor Version Tinstall Tcheck Ttotal Status Flags
r-devel-linux-x86_64-debian-clang 2.0 7.19 60.32 67.51 OK
r-devel-linux-x86_64-debian-gcc 2.0 6.16 47.50 53.66 OK
r-devel-linux-x86_64-fedora-clang 2.0 77.74 NOTE
r-devel-linux-x86_64-fedora-gcc 2.0 76.55 NOTE
r-devel-windows-ix86+x86_64 2.0 17.00 121.00 138.00 OK
r-patched-linux-x86_64 2.0 6.30 56.01 62.31 OK
r-patched-solaris-x86 2.0 96.10 OK
r-release-linux-x86_64 2.0 8.52 57.70 66.22 OK
r-release-windows-ix86+x86_64 2.0 12.00 116.00 128.00 OK
r-release-osx-x86_64 2.0 OK
r-oldrel-windows-ix86+x86_64 2.0 8.00 123.00 131.00 OK
r-oldrel-osx-x86_64 2.0 OK

Check Details

Version: 2.0
Check: compiled code
Result: NOTE
    File ‘DiceOptim/libs/DiceOptim.so’:
     Found no calls to: ‘R_registerRoutines’, ‘R_useDynamicSymbols’
    
    It is good practice to register native routines and to disable symbol
    search.
    
    See ‘Writing portable packages’ in the ‘Writing R Extensions’ manual.
Flavors: r-devel-linux-x86_64-fedora-clang, r-devel-linux-x86_64-fedora-gcc