CRAN Package Check Results for Package DiceOptim

Last updated on 2018-05-21 02:46:35 CEST.

Flavor Version Tinstall Tcheck Ttotal Status Flags
r-devel-linux-x86_64-debian-clang 2.0 7.48 53.16 60.64 NOTE
r-devel-linux-x86_64-debian-gcc 2.0 5.30 44.80 50.10 NOTE
r-devel-linux-x86_64-fedora-clang 2.0 78.60 NOTE
r-devel-linux-x86_64-fedora-gcc 2.0 76.98 NOTE
r-devel-windows-ix86+x86_64 2.0 17.00 90.00 107.00 OK
r-patched-linux-x86_64 2.0 7.48 57.66 65.14 NOTE
r-patched-solaris-x86 2.0 98.70 OK
r-release-linux-x86_64 2.0 7.51 55.45 62.96 NOTE
r-release-windows-ix86+x86_64 2.0 13.00 92.00 105.00 OK
r-release-osx-x86_64 2.0 OK
r-oldrel-windows-ix86+x86_64 2.0 8.00 88.00 96.00 OK
r-oldrel-osx-x86_64 2.0 OK

Check Details

Version: 2.0
Check: compiled code
Result: NOTE
    File ‘DiceOptim/libs/DiceOptim.so’:
     Found no calls to: ‘R_registerRoutines’, ‘R_useDynamicSymbols’
    
    It is good practice to register native routines and to disable symbol
    search.
    
    See ‘Writing portable packages’ in the ‘Writing R Extensions’ manual.
Flavors: r-devel-linux-x86_64-debian-clang, r-devel-linux-x86_64-debian-gcc, r-devel-linux-x86_64-fedora-clang, r-devel-linux-x86_64-fedora-gcc, r-patched-linux-x86_64, r-release-linux-x86_64