CRAN Package Check Results for Package DiceOptim

Last updated on 2015-08-01 23:47:11.

Flavor Version Tinstall Tcheck Ttotal Status Flags
r-devel-linux-x86_64-debian-clang 1.5 1.12 27.06 28.18 NOTE
r-devel-linux-x86_64-debian-gcc 1.5 1.10 27.22 28.32 NOTE
r-devel-linux-x86_64-fedora-clang 1.5 54.31 NOTE
r-devel-linux-x86_64-fedora-gcc 1.5 51.91 NOTE
r-devel-osx-x86_64-clang 1.5 48.13 OK
r-devel-windows-ix86+x86_64 1.5 7.00 46.00 53.00 NOTE
r-patched-linux-x86_64 1.5 1.12 27.60 28.73 OK
r-patched-solaris-sparc 1.5 336.00 OK
r-patched-solaris-x86 1.5 68.40 OK
r-release-linux-x86_64 1.5 1.11 26.83 27.94 OK
r-release-osx-x86_64-mavericks 1.5 OK
r-release-windows-ix86+x86_64 1.5 7.00 50.00 57.00 OK
r-oldrel-windows-ix86+x86_64 1.5 9.00 55.00 64.00 OK

Check Details

Version: 1.5
Check: R code for possible problems
Result: NOTE
    AEI: no visible global function definition for ‘qnorm’
    AEI: no visible global function definition for ‘pnorm’
    AEI: no visible global function definition for ‘dnorm’
    AEI.grad: no visible global function definition for ‘qnorm’
    AEI.grad: no visible global function definition for ‘pnorm’
    AEI.grad: no visible global function definition for ‘dnorm’
    AEI.grad: no visible global function definition for ‘model.matrix’
    AKG: no visible global function definition for ‘model.matrix’
    AKG: no visible global function definition for ‘pnorm’
    AKG: no visible global function definition for ‘dnorm’
    AKG.grad: no visible global function definition for ‘model.matrix’
    AKG.grad: no visible global function definition for ‘pnorm’
    AKG.grad: no visible global function definition for ‘dnorm’
    EGO.nsteps: no visible global function definition for ‘is’
    EI: no visible global function definition for ‘pnorm’
    EI: no visible global function definition for ‘dnorm’
    EI.grad: no visible global function definition for ‘pnorm’
    EI.grad: no visible global function definition for ‘dnorm’
    EI.grad: no visible global function definition for ‘model.matrix’
    EQI: no visible global function definition for ‘qnorm’
    EQI: no visible global function definition for ‘pnorm’
    EQI: no visible global function definition for ‘dnorm’
    EQI.grad: no visible global function definition for ‘qnorm’
    EQI.grad: no visible global function definition for ‘pnorm’
    EQI.grad: no visible global function definition for ‘dnorm’
    EQI.grad: no visible global function definition for ‘model.matrix’
    HPhi: no visible global function definition for ‘dnorm’
    hartman4: no visible binding for global variable ‘end’
    kriging.quantile: no visible global function definition for ‘qnorm’
    kriging.quantile.grad: no visible global function definition for
     ‘model.matrix’
    kriging.quantile.grad: no visible global function definition for
     ‘qnorm’
    krigingDeriv: no visible global function definition for ‘model.matrix’
    max_AEI: no visible global function definition for ‘qnorm’
    max_AEI: no visible global function definition for ‘runif’
    max_AKG: no visible global function definition for ‘runif’
    max_EI: no visible global function definition for ‘runif’
    max_EQI: no visible global function definition for ‘qnorm’
    max_EQI: no visible global function definition for ‘runif’
    max_qEI: no visible global function definition for ‘optim’
    max_qEI: no visible global function definition for ‘runif’
    min_quantile: no visible global function definition for ‘runif’
    noisy.optimizer: no visible global function definition for ‘qnorm’
    qEI: no visible global function definition for ‘dnorm’
    qEI.grad: no visible global function definition for ‘dnorm’
    randLHS: no visible global function definition for ‘runif’
    ranperm: no visible global function definition for ‘runif’
    sampleFromEI: no visible global function definition for ‘pnorm’
    sampleFromEI: no visible global function definition for ‘dnorm’
    Undefined global functions or variables:
     dnorm end is model.matrix optim pnorm qnorm runif
    Consider adding
     importFrom("methods", "is")
     importFrom("stats", "dnorm", "end", "model.matrix", "optim", "pnorm",
     "qnorm", "runif")
    to your NAMESPACE.
Flavors: r-devel-linux-x86_64-debian-clang, r-devel-linux-x86_64-debian-gcc, r-devel-linux-x86_64-fedora-clang, r-devel-linux-x86_64-fedora-gcc, r-devel-windows-ix86+x86_64