CRAN Package Check Results for Package DiceOptim

Last updated on 2018-07-18 04:50:25 CEST.

Flavor Version Tinstall Tcheck Ttotal Status Flags
r-devel-linux-x86_64-debian-clang 2.0 6.70 57.76 64.46 NOTE
r-devel-linux-x86_64-debian-gcc 2.0 5.12 45.92 51.04 NOTE
r-devel-linux-x86_64-fedora-clang 2.0 79.44 NOTE
r-devel-linux-x86_64-fedora-gcc 2.0 76.86 NOTE
r-devel-windows-ix86+x86_64 2.0 16.00 91.00 107.00 OK
r-patched-linux-x86_64 2.0 6.68 57.55 64.23 NOTE
r-patched-solaris-x86 2.0 99.00 OK
r-release-linux-x86_64 2.0 7.47 56.55 64.02 NOTE
r-release-windows-ix86+x86_64 2.0 16.00 128.00 144.00 OK
r-release-osx-x86_64 2.0 OK
r-oldrel-windows-ix86+x86_64 2.0 12.00 96.00 108.00 OK
r-oldrel-osx-x86_64 2.0 OK

Check Details

Version: 2.0
Check: compiled code
Result: NOTE
    File ‘DiceOptim/libs/DiceOptim.so’:
     Found no calls to: ‘R_registerRoutines’, ‘R_useDynamicSymbols’
    
    It is good practice to register native routines and to disable symbol
    search.
    
    See ‘Writing portable packages’ in the ‘Writing R Extensions’ manual.
Flavors: r-devel-linux-x86_64-debian-clang, r-devel-linux-x86_64-debian-gcc, r-devel-linux-x86_64-fedora-clang, r-devel-linux-x86_64-fedora-gcc, r-patched-linux-x86_64, r-release-linux-x86_64