CRAN Package Check Results for Package DiceOptim

Last updated on 2014-09-30 11:48:21.

Flavor Version Tinstall Tcheck Ttotal Status Flags
r-devel-linux-x86_64-debian-clang 1.4 1.30 31.07 32.37 NOTE
r-devel-linux-x86_64-debian-gcc 1.4 1.16 29.81 30.98 NOTE
r-devel-linux-x86_64-fedora-clang 1.4 65.60 NOTE
r-devel-linux-x86_64-fedora-gcc 1.4 74.56 NOTE
r-devel-osx-x86_64-clang 1.4 56.89 NOTE
r-devel-windows-ix86+x86_64 1.4 4.00 46.00 50.00 NOTE
r-patched-linux-x86_64 1.4 1.33 33.58 34.91 NOTE
r-patched-solaris-sparc 1.4 364.30 NOTE
r-patched-solaris-x86 1.4 84.70 NOTE
r-release-linux-ix86 1.4 1.76 41.54 43.30 NOTE
r-release-linux-x86_64 1.4 1.27 32.42 33.69 NOTE
r-release-osx-x86_64-mavericks 1.4 NOTE
r-release-windows-ix86+x86_64 1.4 5.00 54.00 59.00 NOTE
r-oldrel-windows-ix86+x86_64 1.4 5.00 48.00 53.00 NOTE

Check Details

Version: 1.4
Check: dependencies in R code
Result: NOTE
    'library' or 'require' call to ‘MASS’ which was already attached by Depends.
     Please remove these calls from your code.
    Package in Depends field not imported from: ‘lhs’
     These packages need to be imported from (in the NAMESPACE file)
     for when this namespace is loaded but not attached.
    See the information on DESCRIPTION files in the chapter ‘Creating R
    packages’ of the ‘Writing R Extensions’ manual.
Flavors: r-devel-linux-x86_64-debian-clang, r-devel-linux-x86_64-debian-gcc, r-devel-linux-x86_64-fedora-clang, r-devel-linux-x86_64-fedora-gcc, r-devel-osx-x86_64-clang, r-devel-windows-ix86+x86_64, r-patched-linux-x86_64, r-patched-solaris-sparc, r-patched-solaris-x86, r-release-linux-ix86, r-release-linux-x86_64, r-release-osx-x86_64-mavericks, r-release-windows-ix86+x86_64, r-oldrel-windows-ix86+x86_64

Version: 1.4
Check: Rd line widths
Result: NOTE
    Rd file 'max_AEI.Rd':
     \usage lines wider than 90 characters:
     max_AEI(model, new.noise.var=0, y.min=NULL, type = "UK", lower, upper, parinit=NULL, control=NULL)
    
    Rd file 'max_EQI.Rd':
     \usage lines wider than 90 characters:
     max_EQI(model, new.noise.var=0, beta=0.9, q.min=NULL, type = "UK", lower, upper, parinit=NULL, control=NULL)
    
    Rd file 'noisy.optimizer.Rd':
     \usage lines wider than 90 characters:
     noisy.optimizer(optim.crit, optim.param=NULL, model, n.ite, noise.var=NULL, funnoise, lower, upper,
     parinit=NULL, control=NULL, CovReEstimate=TRUE, NoiseReEstimate=FALSE, nugget.LB=1e-5, estim.model=NULL, type="UK")
    
    Rd file 'update_km_noisyEGO.Rd':
     \usage lines wider than 90 characters:
     update_km_noisyEGO(model, x.new, y.new, noise.var=0, type="UK", add.obs=TRUE, index.in.DOE=NULL, CovReEstimate=TRUE, NoiseReEstimate=FA ... [TRUNCATED]
    
    These lines will be truncated in the PDF manual.
Flavors: r-devel-linux-x86_64-debian-clang, r-devel-linux-x86_64-debian-gcc, r-devel-linux-x86_64-fedora-clang, r-devel-linux-x86_64-fedora-gcc, r-patched-linux-x86_64, r-release-linux-x86_64