CRAN Package Check Results for Package DiceOptim

Last updated on 2020-04-08 11:48:05 CEST.

Flavor Version Tinstall Tcheck Ttotal Status Flags
r-devel-linux-x86_64-debian-clang 2.0 9.16 64.10 73.26 OK
r-devel-linux-x86_64-debian-gcc 2.0 7.88 49.37 57.25 OK
r-devel-linux-x86_64-fedora-clang 2.0 88.06 NOTE
r-devel-linux-x86_64-fedora-gcc 2.0 90.87 NOTE
r-devel-windows-ix86+x86_64 2.0 18.00 149.00 167.00 OK
r-devel-windows-ix86+x86_64-gcc8 2.0 16.00 88.00 104.00 OK
r-patched-linux-x86_64 2.0 8.52 65.00 73.52 OK
r-patched-solaris-x86 2.0 115.90 OK
r-release-linux-x86_64 2.0 8.15 59.03 67.18 OK
r-release-windows-ix86+x86_64 2.0 16.00 126.00 142.00 OK
r-release-osx-x86_64 2.0 OK
r-oldrel-windows-ix86+x86_64 2.0 18.00 125.00 143.00 OK
r-oldrel-osx-x86_64 2.0 OK

Additional issues

donttest

Check Details

Version: 2.0
Check: compiled code
Result: NOTE
    File ‘DiceOptim/libs/DiceOptim.so’:
     Found no calls to: ‘R_registerRoutines’, ‘R_useDynamicSymbols’
    
    It is good practice to register native routines and to disable symbol
    search.
    
    See ‘Writing portable packages’ in the ‘Writing R Extensions’ manual.
Flavors: r-devel-linux-x86_64-fedora-clang, r-devel-linux-x86_64-fedora-gcc