CRAN Package Check Results for Package DiceOptim

Last updated on 2017-02-22 23:53:48.

Flavor Version Tinstall Tcheck Ttotal Status Flags
r-devel-linux-x86_64-debian-clang 2.0 1.91 39.96 41.87 NOTE
r-devel-linux-x86_64-debian-gcc 2.0 1.92 38.68 40.61 NOTE
r-devel-linux-x86_64-fedora-clang 2.0 73.84 NOTE --no-stop-on-test-error
r-devel-linux-x86_64-fedora-gcc 2.0 78.29 NOTE --no-stop-on-test-error
r-devel-macos-x86_64-clang 2.0 61.43 NOTE --no-stop-on-test-error
r-devel-windows-ix86+x86_64 2.0 13.00 132.00 145.00 OK
r-patched-linux-x86_64 2.0 1.74 36.09 37.82 OK
r-patched-solaris-sparc 2.0 412.60 OK
r-patched-solaris-x86 2.0 76.40 OK
r-release-linux-x86_64 2.0 1.85 35.55 37.40 OK
r-release-osx-x86_64-mavericks 2.0 OK
r-release-windows-ix86+x86_64 2.0 11.00 110.00 121.00 OK
r-oldrel-windows-ix86+x86_64 2.0 16.00 112.00 128.00 OK

Check Details

Version: 2.0
Check: compiled code
Result: NOTE
    File ‘DiceOptim/libs/DiceOptim.so’:
     Found no calls to: ‘R_registerRoutines’, ‘R_useDynamicSymbols’
    
    It is good practice to register native routines and to disable symbol
    search.
    
    See ‘Writing portable packages’ in the ‘Writing R Extensions’ manual.
Flavors: r-devel-linux-x86_64-debian-clang, r-devel-linux-x86_64-debian-gcc

Version: 2.0
Flags: --no-stop-on-test-error
Check: compiled code
Result: NOTE
    File ‘DiceOptim/libs/DiceOptim.so’:
     Found no calls to: ‘R_registerRoutines’, ‘R_useDynamicSymbols’
    
    It is good practice to register native routines and to disable symbol
    search.
    
    See ‘Writing portable packages’ in the ‘Writing R Extensions’ manual.
Flavors: r-devel-linux-x86_64-fedora-clang, r-devel-linux-x86_64-fedora-gcc, r-devel-macos-x86_64-clang