CRAN Package Check Results for Package DiceOptim

Last updated on 2015-09-02 00:47:35.

Flavor Version Tinstall Tcheck Ttotal Status Flags
r-devel-linux-x86_64-debian-clang 1.5 1.06 26.64 27.71 NOTE
r-devel-linux-x86_64-debian-gcc 1.5 1.03 25.76 26.79 NOTE
r-devel-linux-x86_64-fedora-clang 1.5 52.62 NOTE
r-devel-linux-x86_64-fedora-gcc 1.5 50.15 NOTE
r-devel-osx-x86_64-clang 1.5 47.61 OK
r-devel-windows-ix86+x86_64 1.5 6.00 71.00 77.00 NOTE
r-patched-linux-x86_64 1.5 1.12 27.02 28.14 OK
r-patched-solaris-sparc 1.5 336.00 OK
r-patched-solaris-x86 1.5 70.50 OK
r-release-linux-x86_64 1.5 1.22 27.23 28.45 OK
r-release-osx-x86_64-mavericks 1.5 OK
r-release-windows-ix86+x86_64 1.5 7.00 77.00 84.00 OK
r-oldrel-windows-ix86+x86_64 1.5 9.00 75.00 84.00 OK

Check Details

Version: 1.5
Check: R code for possible problems
Result: NOTE
    AEI: no visible global function definition for ‘qnorm’
    AEI: no visible global function definition for ‘pnorm’
    AEI: no visible global function definition for ‘dnorm’
    AEI.grad: no visible global function definition for ‘qnorm’
    AEI.grad: no visible global function definition for ‘pnorm’
    AEI.grad: no visible global function definition for ‘dnorm’
    AEI.grad: no visible global function definition for ‘model.matrix’
    AKG: no visible global function definition for ‘model.matrix’
    AKG: no visible global function definition for ‘pnorm’
    AKG: no visible global function definition for ‘dnorm’
    AKG.grad: no visible global function definition for ‘model.matrix’
    AKG.grad: no visible global function definition for ‘pnorm’
    AKG.grad: no visible global function definition for ‘dnorm’
    EGO.nsteps: no visible global function definition for ‘is’
    EI: no visible global function definition for ‘pnorm’
    EI: no visible global function definition for ‘dnorm’
    EI.grad: no visible global function definition for ‘pnorm’
    EI.grad: no visible global function definition for ‘dnorm’
    EI.grad: no visible global function definition for ‘model.matrix’
    EQI: no visible global function definition for ‘qnorm’
    EQI: no visible global function definition for ‘pnorm’
    EQI: no visible global function definition for ‘dnorm’
    EQI.grad: no visible global function definition for ‘qnorm’
    EQI.grad: no visible global function definition for ‘pnorm’
    EQI.grad: no visible global function definition for ‘dnorm’
    EQI.grad: no visible global function definition for ‘model.matrix’
    HPhi: no visible global function definition for ‘dnorm’
    hartman4: no visible binding for global variable ‘end’
    kriging.quantile: no visible global function definition for ‘qnorm’
    kriging.quantile.grad: no visible global function definition for
     ‘model.matrix’
    kriging.quantile.grad: no visible global function definition for
     ‘qnorm’
    krigingDeriv: no visible global function definition for ‘model.matrix’
    max_AEI: no visible global function definition for ‘qnorm’
    max_AEI: no visible global function definition for ‘runif’
    max_AKG: no visible global function definition for ‘runif’
    max_EI: no visible global function definition for ‘runif’
    max_EQI: no visible global function definition for ‘qnorm’
    max_EQI: no visible global function definition for ‘runif’
    max_qEI: no visible global function definition for ‘optim’
    max_qEI: no visible global function definition for ‘runif’
    min_quantile: no visible global function definition for ‘runif’
    noisy.optimizer: no visible global function definition for ‘qnorm’
    qEI: no visible global function definition for ‘dnorm’
    qEI.grad: no visible global function definition for ‘dnorm’
    randLHS: no visible global function definition for ‘runif’
    ranperm: no visible global function definition for ‘runif’
    sampleFromEI: no visible global function definition for ‘pnorm’
    sampleFromEI: no visible global function definition for ‘dnorm’
    Undefined global functions or variables:
     dnorm end is model.matrix optim pnorm qnorm runif
    Consider adding
     importFrom("methods", "is")
     importFrom("stats", "dnorm", "end", "model.matrix", "optim", "pnorm",
     "qnorm", "runif")
    to your NAMESPACE (and ensure that your DESCRIPTION Imports field
    contains 'methods').
Flavors: r-devel-linux-x86_64-debian-clang, r-devel-linux-x86_64-debian-gcc, r-devel-linux-x86_64-fedora-clang, r-devel-linux-x86_64-fedora-gcc, r-devel-windows-ix86+x86_64