CRAN Package Check Results for Package DiceOptim

Last updated on 2017-03-29 23:53:00.

Flavor Version Tinstall Tcheck Ttotal Status Flags
r-devel-linux-x86_64-debian-clang 2.0 1.99 40.74 42.73 NOTE
r-devel-linux-x86_64-debian-gcc 2.0 2.05 38.56 40.61 NOTE
r-devel-linux-x86_64-fedora-clang 2.0 75.60 NOTE --no-stop-on-test-error
r-devel-linux-x86_64-fedora-gcc 2.0 74.48 NOTE --no-stop-on-test-error
r-devel-macos-x86_64-clang 2.0 61.37 NOTE --no-stop-on-test-error
r-devel-windows-ix86+x86_64 2.0 7.00 86.00 93.00 OK
r-patched-linux-x86_64 2.0 1.91 39.30 41.21 NOTE
r-patched-solaris-sparc 2.0 498.50 OK
r-patched-solaris-x86 2.0 85.50 OK
r-release-linux-x86_64 2.0 1.84 37.10 38.94 OK
r-release-osx-x86_64-mavericks 2.0 OK
r-release-windows-ix86+x86_64 2.0 23.00 71.00 94.00 OK
r-oldrel-windows-ix86+x86_64 2.0 21.00 100.00 121.00 OK

Check Details

Version: 2.0
Check: compiled code
Result: NOTE
    File ‘DiceOptim/libs/DiceOptim.so’:
     Found no calls to: ‘R_registerRoutines’, ‘R_useDynamicSymbols’
    
    It is good practice to register native routines and to disable symbol
    search.
    
    See ‘Writing portable packages’ in the ‘Writing R Extensions’ manual.
Flavors: r-devel-linux-x86_64-debian-clang, r-devel-linux-x86_64-debian-gcc, r-patched-linux-x86_64

Version: 2.0
Flags: --no-stop-on-test-error
Check: compiled code
Result: NOTE
    File ‘DiceOptim/libs/DiceOptim.so’:
     Found no calls to: ‘R_registerRoutines’, ‘R_useDynamicSymbols’
    
    It is good practice to register native routines and to disable symbol
    search.
    
    See ‘Writing portable packages’ in the ‘Writing R Extensions’ manual.
Flavors: r-devel-linux-x86_64-fedora-clang, r-devel-linux-x86_64-fedora-gcc, r-devel-macos-x86_64-clang