CRAN Package Check Results for Package DiceOptim

Last updated on 2019-03-25 04:51:59 CET.

Flavor Version Tinstall Tcheck Ttotal Status Flags
r-devel-linux-x86_64-debian-clang 2.0 10.16 60.72 70.88 OK
r-devel-linux-x86_64-debian-gcc 2.0 7.15 47.17 54.32 OK
r-devel-linux-x86_64-fedora-clang 2.0 82.15 NOTE
r-devel-linux-x86_64-fedora-gcc 2.0 77.14 NOTE
r-devel-windows-ix86+x86_64 2.0 20.00 133.00 153.00 OK
r-patched-linux-x86_64 2.0 5.65 57.65 63.30 OK
r-patched-solaris-x86 2.0 101.90 OK
r-release-linux-x86_64 2.0 6.06 56.96 63.02 OK
r-release-windows-ix86+x86_64 2.0 11.00 93.00 104.00 OK
r-release-osx-x86_64 2.0 OK
r-oldrel-windows-ix86+x86_64 2.0 8.00 129.00 137.00 OK
r-oldrel-osx-x86_64 2.0 OK

Check Details

Version: 2.0
Check: compiled code
Result: NOTE
    File ‘DiceOptim/libs/DiceOptim.so’:
     Found no calls to: ‘R_registerRoutines’, ‘R_useDynamicSymbols’
    
    It is good practice to register native routines and to disable symbol
    search.
    
    See ‘Writing portable packages’ in the ‘Writing R Extensions’ manual.
Flavors: r-devel-linux-x86_64-fedora-clang, r-devel-linux-x86_64-fedora-gcc