CRAN Package Check Results for Package DiceOptim

Last updated on 2017-08-21 11:47:38.

Flavor Version Tinstall Tcheck Ttotal Status Flags
r-devel-linux-x86_64-debian-clang 2.0 1.98 38.12 40.09 NOTE
r-devel-linux-x86_64-debian-gcc 2.0 1.99 38.20 40.19 NOTE
r-devel-linux-x86_64-fedora-clang 2.0 77.76 NOTE
r-devel-linux-x86_64-fedora-gcc 2.0 74.49 NOTE
r-devel-windows-ix86+x86_64 2.0 8.00 82.00 90.00 OK
r-patched-linux-x86_64 2.0 1.92 38.58 40.50 NOTE
r-patched-solaris-x86 2.0 86.50 OK
r-release-linux-x86_64 2.0 1.96 39.31 41.27 NOTE
r-release-windows-ix86+x86_64 2.0 10.00 134.00 144.00 OK
r-release-osx-x86_64 2.0 OK
r-oldrel-windows-ix86+x86_64 2.0 8.00 72.00 80.00 OK
r-oldrel-osx-x86_64 2.0 OK

Check Details

Version: 2.0
Check: compiled code
Result: NOTE
    File ‘DiceOptim/libs/DiceOptim.so’:
     Found no calls to: ‘R_registerRoutines’, ‘R_useDynamicSymbols’
    
    It is good practice to register native routines and to disable symbol
    search.
    
    See ‘Writing portable packages’ in the ‘Writing R Extensions’ manual.
Flavors: r-devel-linux-x86_64-debian-clang, r-devel-linux-x86_64-debian-gcc, r-devel-linux-x86_64-fedora-clang, r-devel-linux-x86_64-fedora-gcc, r-patched-linux-x86_64, r-release-linux-x86_64