CRAN Package Check Results for Package DiceOptim

Last updated on 2017-06-29 17:50:01.

Flavor Version Tinstall Tcheck Ttotal Status Flags
r-devel-linux-x86_64-debian-clang 2.0 1.94 40.01 41.95 NOTE
r-devel-linux-x86_64-debian-gcc 2.0 2.06 37.11 39.18 NOTE
r-devel-linux-x86_64-fedora-clang 2.0 73.64 NOTE
r-devel-linux-x86_64-fedora-gcc 2.0 70.99 NOTE
r-devel-windows-ix86+x86_64 2.0 9.00 87.00 96.00 OK
r-patched-linux-x86_64 2.0 1.88 39.23 41.12 NOTE
r-patched-solaris-sparc 2.0 498.50 OK
r-patched-solaris-x86 2.0 87.80 OK
r-release-linux-x86_64 2.0 1.95 40.73 42.68 NOTE
r-release-windows-ix86+x86_64 2.0 12.00 124.00 136.00 OK
r-release-osx-x86_64 2.0 OK
r-oldrel-windows-ix86+x86_64 2.0 12.00 104.00 116.00 OK
r-oldrel-osx-x86_64 2.0 OK

Check Details

Version: 2.0
Check: compiled code
Result: NOTE
    File ‘DiceOptim/libs/DiceOptim.so’:
     Found no calls to: ‘R_registerRoutines’, ‘R_useDynamicSymbols’
    
    It is good practice to register native routines and to disable symbol
    search.
    
    See ‘Writing portable packages’ in the ‘Writing R Extensions’ manual.
Flavors: r-devel-linux-x86_64-debian-clang, r-devel-linux-x86_64-debian-gcc, r-devel-linux-x86_64-fedora-clang, r-devel-linux-x86_64-fedora-gcc, r-patched-linux-x86_64, r-release-linux-x86_64