CRAN Package Check Results for Package DiceOptim

Last updated on 2017-05-24 05:49:56.

Flavor Version Tinstall Tcheck Ttotal Status Flags
r-devel-linux-x86_64-debian-clang 2.0 1.90 41.05 42.95 NOTE
r-devel-linux-x86_64-debian-gcc 2.0 2.07 40.38 42.45 NOTE
r-devel-linux-x86_64-fedora-clang 2.0 78.74 NOTE --no-stop-on-test-error
r-devel-linux-x86_64-fedora-gcc 2.0 71.75 NOTE --no-stop-on-test-error
r-devel-windows-ix86+x86_64 2.0 8.00 91.00 99.00 OK
r-patched-linux-x86_64 2.0 2.01 39.51 41.51 NOTE
r-patched-solaris-sparc 2.0 498.50 OK
r-patched-solaris-x86 2.0 83.90 OK
r-release-linux-x86_64 2.0 2.09 40.07 42.17 NOTE
r-release-windows-ix86+x86_64 2.0 8.00 128.00 136.00 WARN
r-release-osx-x86_64 2.0 OK
r-oldrel-windows-ix86+x86_64 2.0 11.00 103.00 114.00 OK
r-oldrel-osx-x86_64 2.0 OK

Check Details

Version: 2.0
Check: compiled code
Result: NOTE
    File ‘DiceOptim/libs/DiceOptim.so’:
     Found no calls to: ‘R_registerRoutines’, ‘R_useDynamicSymbols’
    
    It is good practice to register native routines and to disable symbol
    search.
    
    See ‘Writing portable packages’ in the ‘Writing R Extensions’ manual.
Flavors: r-devel-linux-x86_64-debian-clang, r-devel-linux-x86_64-debian-gcc, r-patched-linux-x86_64, r-release-linux-x86_64

Version: 2.0
Flags: --no-stop-on-test-error
Check: compiled code
Result: NOTE
    File ‘DiceOptim/libs/DiceOptim.so’:
     Found no calls to: ‘R_registerRoutines’, ‘R_useDynamicSymbols’
    
    It is good practice to register native routines and to disable symbol
    search.
    
    See ‘Writing portable packages’ in the ‘Writing R Extensions’ manual.
Flavors: r-devel-linux-x86_64-fedora-clang, r-devel-linux-x86_64-fedora-gcc

Version: 2.0
Check: Rd cross-references
Result: WARN
    Warning in gzfile(file, "rb") :
     cannot open compressed file 'd:/RCompile/CRANpkg/lib/3.4/lattice/Meta/Rd.rds', probable reason 'Permission denied'
    Error in gzfile(file, "rb") : cannot open the connection
    Calls: <Anonymous> -> lapply -> FUN -> readRDS -> gzfile
    Execution halted
Flavor: r-release-windows-ix86+x86_64