CRAN Package Check Results for Package DiceOptim

Last updated on 2014-04-23 12:48:16.

Flavor Version Tinstall Tcheck Ttotal Status Flags
r-devel-linux-x86_64-debian-clang 1.4 1.46 34.21 35.68 NOTE
r-devel-linux-x86_64-debian-gcc 1.4 1.30 33.42 34.72 NOTE
r-devel-linux-x86_64-fedora-clang 1.4 69.84 NOTE
r-devel-linux-x86_64-fedora-gcc 1.4 67.35 NOTE
r-devel-osx-x86_64-clang 1.4 63.19 NOTE
r-devel-osx-x86_64-gcc 1.4 NOTE
r-devel-windows-ix86+x86_64 1.4 4.00 47.00 51.00 NOTE
r-patched-linux-x86_64 1.4 1.34 33.36 34.71 NOTE
r-patched-solaris-sparc 1.4 372.10 NOTE
r-patched-solaris-x86 1.4 82.60 NOTE
r-release-linux-ix86 1.4 2.00 57.00 59.00 NOTE
r-release-linux-x86_64 1.4 1.34 32.90 34.23 NOTE
r-release-osx-x86_64-mavericks 1.4 WARN
r-release-windows-ix86+x86_64 1.4 5.00 55.00 60.00 NOTE
r-oldrel-windows-ix86+x86_64 1.4 5.00 59.00 64.00 NOTE

Check Details

Version: 1.4
Check: dependencies in R code
Result: NOTE
    'library' or 'require' call to ‘MASS’ which was already attached by Depends.
     Please remove these calls from your code.
    Package in Depends field not imported from: ‘lhs’
     These packages need to be imported from (in the NAMESPACE file)
     for when this namespace is loaded but not attached.
    See the information on DESCRIPTION files in the chapter ‘Creating R
    packages’ of the ‘Writing R Extensions’ manual.
Flavors: r-devel-linux-x86_64-debian-clang, r-devel-linux-x86_64-debian-gcc, r-devel-linux-x86_64-fedora-clang, r-devel-linux-x86_64-fedora-gcc, r-devel-osx-x86_64-clang, r-devel-osx-x86_64-gcc, r-devel-windows-ix86+x86_64, r-patched-linux-x86_64, r-patched-solaris-sparc, r-patched-solaris-x86, r-release-linux-ix86, r-release-linux-x86_64, r-release-osx-x86_64-mavericks, r-release-windows-ix86+x86_64, r-oldrel-windows-ix86+x86_64

Version: 1.4
Check: Rd line widths
Result: NOTE
    Rd file 'max_AEI.Rd':
     \usage lines wider than 90 characters:
     max_AEI(model, new.noise.var=0, y.min=NULL, type = "UK", lower, upper, parinit=NULL, control=NULL)
    
    Rd file 'max_EQI.Rd':
     \usage lines wider than 90 characters:
     max_EQI(model, new.noise.var=0, beta=0.9, q.min=NULL, type = "UK", lower, upper, parinit=NULL, control=NULL)
    
    Rd file 'noisy.optimizer.Rd':
     \usage lines wider than 90 characters:
     noisy.optimizer(optim.crit, optim.param=NULL, model, n.ite, noise.var=NULL, funnoise, lower, upper,
     parinit=NULL, control=NULL, CovReEstimate=TRUE, NoiseReEstimate=FALSE, nugget.LB=1e-5, estim.model=NULL, type="UK")
    
    Rd file 'update_km_noisyEGO.Rd':
     \usage lines wider than 90 characters:
     update_km_noisyEGO(model, x.new, y.new, noise.var=0, type="UK", add.obs=TRUE, index.in.DOE=NULL, CovReEstimate=TRUE, NoiseReEstimate=FA ... [TRUNCATED]
    
    These lines will be truncated in the PDF manual.
Flavors: r-devel-linux-x86_64-fedora-clang, r-devel-linux-x86_64-fedora-gcc

Version: 1.4
Check: PDF version of manual
Result: WARNING
    LaTeX errors when creating PDF version.
    This typically indicates Rd problems.
    LaTeX errors found:
    ! LaTeX Error: File `upquote.sty' not found.
    
    Type X to quit or <RETURN> to proceed,
    or enter new name. (Default extension: sty)
    
    68e21797/Rd2.tex:8: ==> Fatal error occurred, no output PDF file produced!
Flavor: r-release-osx-x86_64-mavericks