CRAN Package Check Results for Package DiceOptim

Last updated on 2019-11-20 05:47:04 CET.

Flavor Version Tinstall Tcheck Ttotal Status Flags
r-devel-linux-x86_64-debian-clang 2.0 8.88 61.89 70.77 OK
r-devel-linux-x86_64-debian-gcc 2.0 7.55 48.80 56.35 OK
r-devel-linux-x86_64-fedora-clang 2.0 86.05 NOTE
r-devel-linux-x86_64-fedora-gcc 2.0 85.10 NOTE
r-devel-windows-ix86+x86_64 2.0 24.00 97.00 121.00 OK
r-devel-windows-ix86+x86_64-gcc8 2.0 21.00 96.00 117.00 OK
r-patched-linux-x86_64 2.0 8.64 59.16 67.80 OK
r-patched-solaris-x86 2.0 105.80 OK
r-release-linux-x86_64 2.0 9.74 59.89 69.63 OK
r-release-windows-ix86+x86_64 2.0 12.00 130.00 142.00 OK
r-release-osx-x86_64 2.0 OK
r-oldrel-windows-ix86+x86_64 2.0 17.00 120.00 137.00 OK
r-oldrel-osx-x86_64 2.0 OK

Check Details

Version: 2.0
Check: compiled code
Result: NOTE
    File ‘DiceOptim/libs/DiceOptim.so’:
     Found no calls to: ‘R_registerRoutines’, ‘R_useDynamicSymbols’
    
    It is good practice to register native routines and to disable symbol
    search.
    
    See ‘Writing portable packages’ in the ‘Writing R Extensions’ manual.
Flavors: r-devel-linux-x86_64-fedora-clang, r-devel-linux-x86_64-fedora-gcc