CRAN Package Check Results for Package DiceOptim

Last updated on 2020-07-12 05:47:29 CEST.

Flavor Version Tinstall Tcheck Ttotal Status Flags
r-devel-linux-x86_64-debian-clang 2.0.1 9.29 77.02 86.31 OK
r-devel-linux-x86_64-debian-gcc 2.0.1 7.39 58.16 65.55 OK
r-devel-linux-x86_64-fedora-clang 2.0.1 114.05 NOTE
r-devel-linux-x86_64-fedora-gcc 2.0.1 99.95 NOTE
r-devel-windows-ix86+x86_64 2.0.1 22.00 158.00 180.00 OK
r-patched-linux-x86_64 2.0.1 8.01 77.82 85.83 OK
r-patched-solaris-x86 2.0.1 135.80 OK
r-release-linux-x86_64 2.0.1 10.30 78.21 88.51 OK
r-release-macos-x86_64 2.0.1 OK
r-release-windows-ix86+x86_64 2.0.1 24.00 123.00 147.00 OK
r-oldrel-macos-x86_64 2.0.1 OK
r-oldrel-windows-ix86+x86_64 2.0.1 22.00 134.00 156.00 OK

Check Details

Version: 2.0.1
Check: compiled code
Result: NOTE
    File ‘DiceOptim/libs/DiceOptim.so’:
     Found no calls to: ‘R_registerRoutines’, ‘R_useDynamicSymbols’
    
    It is good practice to register native routines and to disable symbol
    search.
    
    See ‘Writing portable packages’ in the ‘Writing R Extensions’ manual.
Flavors: r-devel-linux-x86_64-fedora-clang, r-devel-linux-x86_64-fedora-gcc