CRAN Package Check Results for Package DiceOptim

Last updated on 2019-05-24 13:48:19 CEST.

Flavor Version Tinstall Tcheck Ttotal Status Flags
r-devel-linux-x86_64-debian-clang 2.0 7.58 60.81 68.39 OK
r-devel-linux-x86_64-debian-gcc 2.0 7.58 45.90 53.48 OK
r-devel-linux-x86_64-fedora-clang 2.0 83.56 NOTE
r-devel-linux-x86_64-fedora-gcc 2.0 83.42 NOTE
r-devel-windows-ix86+x86_64 2.0 17.00 92.00 109.00 OK
r-patched-linux-x86_64 2.0 8.14 60.53 68.67 OK
r-patched-solaris-x86 2.0 111.10 OK
r-release-linux-x86_64 2.0 8.35 59.79 68.14 OK
r-release-windows-ix86+x86_64 2.0 22.00 96.00 118.00 OK
r-release-osx-x86_64 2.0 OK
r-oldrel-windows-ix86+x86_64 2.0 20.00 114.00 134.00 OK
r-oldrel-osx-x86_64 2.0 OK

Check Details

Version: 2.0
Check: compiled code
Result: NOTE
    File ‘DiceOptim/libs/DiceOptim.so’:
     Found no calls to: ‘R_registerRoutines’, ‘R_useDynamicSymbols’
    
    It is good practice to register native routines and to disable symbol
    search.
    
    See ‘Writing portable packages’ in the ‘Writing R Extensions’ manual.
Flavors: r-devel-linux-x86_64-fedora-clang, r-devel-linux-x86_64-fedora-gcc