CRAN Package Check Results for Package DiceView

Last updated on 2015-07-31 18:48:13.

Flavor Version Tinstall Tcheck Ttotal Status Flags
r-devel-linux-x86_64-debian-clang 1.3-1 1.01 35.37 36.38 NOTE
r-devel-linux-x86_64-debian-gcc 1.3-1 1.45 35.04 36.50 NOTE
r-devel-linux-x86_64-fedora-clang 1.3-1 69.06 NOTE
r-devel-linux-x86_64-fedora-gcc 1.3-1 66.75 NOTE
r-devel-osx-x86_64-clang 1.3-1 53.87 NOTE
r-devel-windows-ix86+x86_64 1.3-1 6.00 49.00 55.00 NOTE
r-patched-linux-x86_64 1.3-1 1.18 33.55 34.74 NOTE
r-patched-solaris-sparc 1.3-1 382.10 NOTE
r-patched-solaris-x86 1.3-1 77.20 NOTE
r-release-linux-x86_64 1.3-1 1.02 35.98 37.00 NOTE
r-release-osx-x86_64-mavericks 1.3-1 NOTE
r-release-windows-ix86+x86_64 1.3-1 5.00 52.00 57.00 NOTE
r-oldrel-windows-ix86+x86_64 1.3-1 5.00 68.00 73.00 NOTE

Check Details

Version: 1.3-1
Check: DESCRIPTION meta-information
Result: NOTE
    Malformed Title field: should not end in a period.
Flavors: r-devel-linux-x86_64-debian-clang, r-devel-linux-x86_64-debian-gcc, r-devel-linux-x86_64-fedora-clang, r-devel-linux-x86_64-fedora-gcc, r-devel-osx-x86_64-clang, r-devel-windows-ix86+x86_64, r-patched-linux-x86_64, r-patched-solaris-sparc, r-patched-solaris-x86, r-release-linux-x86_64, r-release-osx-x86_64-mavericks, r-release-windows-ix86+x86_64

Version: 1.3-1
Check: R code for possible problems
Result: NOTE
    sectionview,function: warning in sectionview.fun(fun = model, dim =
     dim, center = center, axis = axis, npoints = npoints, col = col,
     mfrow = mfrow, Xname = Xname, yname = yname, Xscale = Xscale, yscale
     = yscale, xlim = xlim, ylim = ylim, title = title, ...): partial
     argument match of ‘col’ to ‘col_surf’
    view,character-function: warning in sectionview.fun(fun = model, dim =
     dim, center = center, axis = axis, npoints = ifelse(is.null(npoints),
     100, npoints), col = col, mfrow = mfrow, Xname = Xname, yname =
     yname, Xscale = Xscale, yscale = yscale, xlim = xlim, ylim = ylim,
     title = title, ...): partial argument match of ‘col’ to ‘col_surf’
    col.levels: no visible global function definition for ‘col2rgb’
    col.levels: no visible global function definition for ‘rgb2hsv’
    col.levels: no visible global function definition for ‘hsv’
    contourview.fun: no visible global function definition for ‘combn’
    contourview.km: no visible global function definition for ‘combn’
    contourview.km: no visible global function definition for ‘col2rgb’
    contourview.km: no visible global function definition for ‘rgb’
    contourview.list: no visible global function definition for ‘combn’
    fade: no visible global function definition for ‘col2rgb’
    fade: no visible global function definition for ‘rgb’
    sectionview.km: no visible global function definition for ‘qnorm’
    sectionview.km: no visible global function definition for ‘rgb’
    sectionview3d.fun: no visible global function definition for ‘combn’
    sectionview3d.km: no visible global function definition for ‘combn’
    sectionview3d.km: no visible global function definition for ‘qnorm’
    sectionview3d.km: no visible global function definition for ‘rgb’
    sectionview3d.list: no visible global function definition for ‘combn’
    translude: no visible global function definition for ‘col2rgb’
    Undefined global functions or variables:
     col2rgb combn hsv qnorm rgb rgb2hsv
    Consider adding
     importFrom("grDevices", "col2rgb", "hsv", "rgb", "rgb2hsv")
     importFrom("stats", "qnorm")
     importFrom("utils", "combn")
    to your NAMESPACE.
Flavors: r-devel-linux-x86_64-debian-clang, r-devel-linux-x86_64-debian-gcc, r-devel-linux-x86_64-fedora-clang, r-devel-linux-x86_64-fedora-gcc, r-devel-windows-ix86+x86_64

Version: 1.3-1
Check: R code for possible problems
Result: NOTE
    sectionview,function: warning in sectionview.fun(fun = model, dim =
     dim, center = center, axis = axis, npoints = npoints, col = col,
     mfrow = mfrow, Xname = Xname, yname = yname, Xscale = Xscale, yscale
     = yscale, xlim = xlim, ylim = ylim, title = title, ...): partial
     argument match of 'col' to 'col_surf'
    view,character-function: warning in sectionview.fun(fun = model, dim =
     dim, center = center, axis = axis, npoints = ifelse(is.null(npoints),
     100, npoints), col = col, mfrow = mfrow, Xname = Xname, yname =
     yname, Xscale = Xscale, yscale = yscale, xlim = xlim, ylim = ylim,
     title = title, ...): partial argument match of 'col' to 'col_surf'
Flavor: r-devel-osx-x86_64-clang

Version: 1.3-1
Check: R code for possible problems
Result: NOTE
    sectionview,function : .local: warning in sectionview.fun(fun = model,
     dim = dim, center = center, axis = axis, npoints = npoints, col =
     col, mfrow = mfrow, Xname = Xname, yname = yname, Xscale = Xscale,
     yscale = yscale, xlim = xlim, ylim = ylim, title = title, ...):
     partial argument match of ‘col’ to ‘col_surf’
    view,character-function : .local: warning in sectionview.fun(fun =
     model, dim = dim, center = center, axis = axis, npoints =
     ifelse(is.null(npoints), 100, npoints), col = col, mfrow = mfrow,
     Xname = Xname, yname = yname, Xscale = Xscale, yscale = yscale, xlim
     = xlim, ylim = ylim, title = title, ...): partial argument match of
     ‘col’ to ‘col_surf’
Flavors: r-patched-linux-x86_64, r-patched-solaris-sparc, r-patched-solaris-x86, r-release-linux-x86_64, r-release-windows-ix86+x86_64, r-oldrel-windows-ix86+x86_64