CRAN Package Check Results for Package DiceView

Last updated on 2015-03-06 06:46:53.

Flavor Version Tinstall Tcheck Ttotal Status Flags
r-devel-linux-x86_64-debian-clang 1.3-1 0.99 35.66 36.65 NOTE
r-devel-linux-x86_64-debian-gcc 1.3-1 1.02 33.92 34.93 NOTE
r-devel-linux-x86_64-fedora-clang 1.3-1 75.07 NOTE
r-devel-linux-x86_64-fedora-gcc 1.3-1 66.77 NOTE
r-devel-osx-x86_64-clang 1.3-1 66.43 NOTE
r-devel-windows-ix86+x86_64 1.3-1 3.00 53.00 56.00 NOTE
r-patched-linux-x86_64 1.3-1 1.21 43.37 44.58 OK
r-patched-solaris-sparc 1.3-1 455.00 OK
r-patched-solaris-x86 1.3-1 87.30 OK
r-release-linux-ix86 1.3-1 1.62 50.01 51.63 OK
r-release-linux-x86_64 1.3-1 1.21 40.44 41.64 OK
r-release-osx-x86_64-mavericks 1.3-1 OK
r-release-osx-x86_64-snowleopard 1.3-1 OK
r-release-windows-ix86+x86_64 1.3-1 5.00 56.00 61.00 OK
r-oldrel-windows-ix86+x86_64 1.3-1 5.00 55.00 60.00 OK

Check Details

Version: 1.3-1
Check: DESCRIPTION meta-information
Result: NOTE
    Malformed Title field: should not end in a period.
Flavors: r-devel-linux-x86_64-debian-clang, r-devel-linux-x86_64-debian-gcc, r-devel-linux-x86_64-fedora-clang, r-devel-linux-x86_64-fedora-gcc, r-devel-osx-x86_64-clang, r-devel-windows-ix86+x86_64