CRAN Package Check Results for Package DiceView

Last updated on 2016-08-31 23:47:46.

Flavor Version Tinstall Tcheck Ttotal Status Flags
r-devel-linux-x86_64-debian-clang 1.3-1 1.24 41.63 42.87 NOTE
r-devel-linux-x86_64-debian-gcc 1.3-1 1.38 40.18 41.57 NOTE
r-devel-linux-x86_64-fedora-clang 1.3-1 71.11 NOTE
r-devel-linux-x86_64-fedora-gcc 1.3-1 72.61 NOTE
r-devel-osx-x86_64-clang 1.3-1 51.36 NOTE
r-devel-windows-ix86+x86_64 1.3-1 8.00 97.00 105.00 NOTE
r-patched-linux-x86_64 1.3-1 1.38 40.73 42.11 NOTE
r-patched-solaris-sparc 1.3-1 374.10 NOTE
r-patched-solaris-x86 1.3-1 80.30 NOTE
r-release-linux-x86_64 1.3-1 1.44 40.45 41.90 NOTE
r-release-osx-x86_64-mavericks 1.3-1 WARN
r-release-windows-ix86+x86_64 1.3-1 6.00 73.00 79.00 NOTE
r-oldrel-windows-ix86+x86_64 1.3-1 10.00 87.00 97.00 NOTE

Check Details

Version: 1.3-1
Check: DESCRIPTION meta-information
Result: NOTE
    Malformed Title field: should not end in a period.
Flavors: r-devel-linux-x86_64-debian-clang, r-devel-linux-x86_64-debian-gcc, r-devel-linux-x86_64-fedora-clang, r-devel-linux-x86_64-fedora-gcc, r-devel-osx-x86_64-clang, r-devel-windows-ix86+x86_64, r-patched-linux-x86_64, r-patched-solaris-sparc, r-patched-solaris-x86, r-release-linux-x86_64, r-release-osx-x86_64-mavericks, r-release-windows-ix86+x86_64, r-oldrel-windows-ix86+x86_64

Version: 1.3-1
Check: R code for possible problems
Result: NOTE
    sectionview,function: warning in sectionview.fun(fun = model, dim =
     dim, center = center, axis = axis, npoints = npoints, col = col,
     mfrow = mfrow, Xname = Xname, yname = yname, Xscale = Xscale, yscale
     = yscale, xlim = xlim, ylim = ylim, title = title, ...): partial
     argument match of ‘col’ to ‘col_surf’
    view,character-function: warning in sectionview.fun(fun = model, dim =
     dim, center = center, axis = axis, npoints = ifelse(is.null(npoints),
     100, npoints), col = col, mfrow = mfrow, Xname = Xname, yname =
     yname, Xscale = Xscale, yscale = yscale, xlim = xlim, ylim = ylim,
     title = title, ...): partial argument match of ‘col’ to ‘col_surf’
    col.levels: no visible global function definition for ‘col2rgb’
    col.levels: no visible global function definition for ‘rgb2hsv’
    col.levels: no visible global function definition for ‘hsv’
    contourview.fun: no visible global function definition for ‘combn’
    contourview.km: no visible global function definition for ‘combn’
    contourview.km: no visible global function definition for ‘col2rgb’
    contourview.km: no visible global function definition for ‘rgb’
    contourview.list: no visible global function definition for ‘combn’
    fade: no visible global function definition for ‘col2rgb’
    fade: no visible global function definition for ‘rgb’
    sectionview.km: no visible global function definition for ‘qnorm’
    sectionview.km: no visible global function definition for ‘rgb’
    sectionview3d.fun: no visible global function definition for ‘combn’
    sectionview3d.km: no visible global function definition for ‘combn’
    sectionview3d.km: no visible global function definition for ‘qnorm’
    sectionview3d.km: no visible global function definition for ‘rgb’
    sectionview3d.list: no visible global function definition for ‘combn’
    translude: no visible global function definition for ‘col2rgb’
    Undefined global functions or variables:
     col2rgb combn hsv qnorm rgb rgb2hsv
    Consider adding
     importFrom("grDevices", "col2rgb", "hsv", "rgb", "rgb2hsv")
     importFrom("stats", "qnorm")
     importFrom("utils", "combn")
    to your NAMESPACE file.
Flavors: r-devel-linux-x86_64-debian-clang, r-devel-linux-x86_64-debian-gcc, r-devel-linux-x86_64-fedora-clang, r-devel-linux-x86_64-fedora-gcc, r-devel-osx-x86_64-clang, r-devel-windows-ix86+x86_64, r-patched-linux-x86_64, r-patched-solaris-sparc, r-patched-solaris-x86, r-release-linux-x86_64, r-release-windows-ix86+x86_64

Version: 1.3-1
Check: whether package can be installed
Result: WARN
    Found the following significant warnings:
     Warning: 'rgl_init' failed, running with rgl.useNULL = TRUE
Flavor: r-release-osx-x86_64-mavericks

Version: 1.3-1
Check: dependencies in R code
Result: NOTE
    Invalid MIT-MAGIC-COOKIE-1 key
Flavor: r-release-osx-x86_64-mavericks

Version: 1.3-1
Check: S3 generic/method consistency
Result: WARN
    Invalid MIT-MAGIC-COOKIE-1 key
    See section ‘Generic functions and methods’ in the ‘Writing R
    Extensions’ manual.
Flavor: r-release-osx-x86_64-mavericks

Version: 1.3-1
Check: replacement functions
Result: WARN
    Invalid MIT-MAGIC-COOKIE-1 key
    The argument of a replacement function which corresponds to the right
    hand side must be named ‘value’.
Flavor: r-release-osx-x86_64-mavericks

Version: 1.3-1
Check: foreign function calls
Result: NOTE
    Invalid MIT-MAGIC-COOKIE-1 key
    See chapter ‘System and foreign language interfaces’ in the ‘Writing R
    Extensions’ manual.
Flavor: r-release-osx-x86_64-mavericks

Version: 1.3-1
Check: R code for possible problems
Result: NOTE
    Invalid MIT-MAGIC-COOKIE-1 keysectionview,function: warning in sectionview.fun(fun = model, dim =
     dim, center = center, axis = axis, npoints = npoints, col = col,
     mfrow = mfrow, Xname = Xname, yname = yname, Xscale = Xscale, yscale
     = yscale, xlim = xlim, ylim = ylim, title = title, ...): partial
     argument match of 'col' to 'col_surf'
    view,character-function: warning in sectionview.fun(fun = model, dim =
     dim, center = center, axis = axis, npoints = ifelse(is.null(npoints),
     100, npoints), col = col, mfrow = mfrow, Xname = Xname, yname =
     yname, Xscale = Xscale, yscale = yscale, xlim = xlim, ylim = ylim,
     title = title, ...): partial argument match of 'col' to 'col_surf'
    col.levels: no visible global function definition for ‘col2rgb’
    col.levels: no visible global function definition for ‘rgb2hsv’
    col.levels: no visible global function definition for ‘hsv’
    contourview.fun: no visible global function definition for ‘combn’
    contourview.km: no visible global function definition for ‘combn’
    contourview.km: no visible global function definition for ‘col2rgb’
    contourview.km: no visible global function definition for ‘rgb’
    contourview.list: no visible global function definition for ‘combn’
    fade: no visible global function definition for ‘col2rgb’
    fade: no visible global function definition for ‘rgb’
    sectionview.km: no visible global function definition for ‘qnorm’
    sectionview.km: no visible global function definition for ‘rgb’
    sectionview3d.fun: no visible global function definition for ‘combn’
    sectionview3d.km: no visible global function definition for ‘combn’
    sectionview3d.km: no visible global function definition for ‘qnorm’
    sectionview3d.km: no visible global function definition for ‘rgb’
    sectionview3d.list: no visible global function definition for ‘combn’
    translude: no visible global function definition for ‘col2rgb’
    Undefined global functions or variables:
     col2rgb combn hsv qnorm rgb rgb2hsv
    Consider adding
     importFrom("grDevices", "col2rgb", "hsv", "rgb", "rgb2hsv")
     importFrom("stats", "qnorm")
     importFrom("utils", "combn")
    to your NAMESPACE file.
Flavor: r-release-osx-x86_64-mavericks

Version: 1.3-1
Check: for missing documentation entries
Result: WARN
    Invalid MIT-MAGIC-COOKIE-1 key
    All user-level objects in a package should have documentation entries.
    See chapter ‘Writing R documentation files’ in the ‘Writing R
    Extensions’ manual.
Flavor: r-release-osx-x86_64-mavericks

Version: 1.3-1
Check: for code/documentation mismatches
Result: WARN
    Invalid MIT-MAGIC-COOKIE-1 key
    Invalid MIT-MAGIC-COOKIE-1 key
    Invalid MIT-MAGIC-COOKIE-1 key
Flavor: r-release-osx-x86_64-mavericks

Version: 1.3-1
Check: Rd \usage sections
Result: NOTE
    Invalid MIT-MAGIC-COOKIE-1 key
    The \usage entries for S3 methods should use the \method markup and not
    their full name.
    See chapter ‘Writing R documentation files’ in the ‘Writing R
    Extensions’ manual.
Flavor: r-release-osx-x86_64-mavericks

Version: 1.3-1
Check: R code for possible problems
Result: NOTE
    sectionview,function : .local: warning in sectionview.fun(fun = model,
     dim = dim, center = center, axis = axis, npoints = npoints, col =
     col, mfrow = mfrow, Xname = Xname, yname = yname, Xscale = Xscale,
     yscale = yscale, xlim = xlim, ylim = ylim, title = title, ...):
     partial argument match of 'col' to 'col_surf'
    view,character-function : .local: warning in sectionview.fun(fun =
     model, dim = dim, center = center, axis = axis, npoints =
     ifelse(is.null(npoints), 100, npoints), col = col, mfrow = mfrow,
     Xname = Xname, yname = yname, Xscale = Xscale, yscale = yscale, xlim
     = xlim, ylim = ylim, title = title, ...): partial argument match of
     'col' to 'col_surf'
Flavor: r-oldrel-windows-ix86+x86_64