CRAN Package Check Results for Package DiceView

Last updated on 2015-05-03 16:46:29.

Flavor Version Tinstall Tcheck Ttotal Status Flags
r-devel-linux-x86_64-debian-clang 1.3-1 1.04 35.02 36.06 NOTE
r-devel-linux-x86_64-debian-gcc 1.3-1 1.03 33.48 34.52 NOTE
r-devel-linux-x86_64-fedora-clang 1.3-1 70.64 NOTE
r-devel-linux-x86_64-fedora-gcc 1.3-1 68.59 NOTE
r-devel-osx-x86_64-clang 1.3-1 58.33 NOTE
r-devel-windows-ix86+x86_64 1.3-1 4.00 53.00 57.00 NOTE
r-patched-linux-x86_64 1.3-1 0.96 33.24 34.20 NOTE
r-patched-solaris-sparc 1.3-1 383.30 NOTE
r-patched-solaris-x86 1.3-1 78.40 NOTE
r-release-linux-x86_64 1.3-1 0.99 33.36 34.35 NOTE
r-release-osx-x86_64-mavericks 1.3-1 NOTE
r-release-osx-x86_64-snowleopard 1.3-1 ERROR
r-release-windows-ix86+x86_64 1.3-1 4.00 51.00 55.00 NOTE
r-oldrel-windows-ix86+x86_64 1.3-1 3.00 52.00 55.00 OK

Check Details

Version: 1.3-1
Check: DESCRIPTION meta-information
Result: NOTE
    Malformed Title field: should not end in a period.
Flavors: r-devel-linux-x86_64-debian-clang, r-devel-linux-x86_64-debian-gcc, r-devel-linux-x86_64-fedora-clang, r-devel-linux-x86_64-fedora-gcc, r-devel-osx-x86_64-clang, r-devel-windows-ix86+x86_64, r-patched-linux-x86_64, r-patched-solaris-sparc, r-patched-solaris-x86, r-release-linux-x86_64, r-release-osx-x86_64-mavericks, r-release-osx-x86_64-snowleopard, r-release-windows-ix86+x86_64

Version: 1.3-1
Check: examples
Result: ERROR
    Running examples in ‘DiceView-Ex.R’ failed
    The error most likely occurred in:
    
    > ### Name: sectionview3d
    > ### Title: Plot a 3-D (using RGL) view of a kriging or modelPredict model,
    > ### including design points
    > ### Aliases: sectionview3d sectionview3d,km-method
    > ### sectionview3d,list-method sectionview3d,function-method
    > ### Keywords: models
    >
    > ### ** Examples
    >
    > ## A 2D example - Branin-Hoo function. See DiceKriging package manual
    > ## a 16-points factorial design, and the corresponding response
    > d <- 2; n <- 16
    > design.fact <- expand.grid(seq(0, 1, length = 4), seq(0, 1, length = 4))
    > design.fact <- data.frame(design.fact); names(design.fact)<-c("x1", "x2")
    > y <- branin(design.fact)
    >
    > ## kriging model 1 : matern5_2 covariance structure, no trend, no nugget effect
    >
    > m1 <- km(design = design.fact, response = y)
    
    optimisation start
    ------------------
    * estimation method : MLE
    * optimisation method : BFGS
    * analytical gradient : used
    * trend model : ~1
    * covariance model :
     - type : matern5_2
     - nugget : NO
     - parameters lower bounds : 1e-10 1e-10
     - parameters upper bounds : 2 2
     - best initial criterion value(s) : -82.12845
    
    N = 2, M = 5 machine precision = 2.22045e-16
    At X0, 0 variables are exactly at the bounds
    At iterate 0 f= 82.128 |proj g|= 0.76007
    At iterate 1 f = 82.058 |proj g|= 0.42619
    At iterate 2 f = 81.623 |proj g|= 1.2737
    At iterate 3 f = 81.089 |proj g|= 1.0521
    At iterate 4 f = 81.058 |proj g|= 0.049783
    At iterate 5 f = 81.058 |proj g|= 0.0050937
    At iterate 6 f = 81.058 |proj g|= 2.8715e-05
    At iterate 7 f = 81.058 |proj g|= 1.6743e-08
    
    iterations 7
    function evaluations 9
    segments explored during Cauchy searches 9
    BFGS updates skipped 0
    active bounds at final generalized Cauchy point 1
    norm of the final projected gradient 1.67429e-08
    final function value 81.0576
    
    F = 81.0576
    final value 81.057643
    converged
    >
    > ## the same as sectionview3d.km
    > sectionview3d(m1)
    Fri Mar 20 23:41:20 hagal.research.att.com R[62321] <Error>: unknown error code: invalid pixel format
    Fri Mar 20 23:41:20 hagal.research.att.com R[62321] <Error>: kCGErrorFailure: Set a breakpoint @ CGErrorBreakpoint() to catch errors as they are logged.
    X Error of failed request: GLXBadContext
     Major opcode of failed request: 0 ()
     Serial number of failed request: 27
     Current serial number in output stream: 27
Flavor: r-release-osx-x86_64-snowleopard