CRAN Package Check Results for Package DierckxSpline

Last updated on 2014-07-24 17:48:59.

Flavor Version Tinstall Tcheck Ttotal Status Flags
r-devel-linux-x86_64-debian-clang 1.1-9 18.80 41.60 60.40 NOTE
r-devel-linux-x86_64-debian-gcc 1.1-9 18.06 41.30 59.36 NOTE
r-devel-linux-x86_64-fedora-clang 1.1-9 126.55 NOTE
r-devel-linux-x86_64-fedora-gcc 1.1-9 121.61 NOTE
r-devel-osx-x86_64-clang 1.1-9 101.46 NOTE
r-devel-windows-ix86+x86_64 1.1-9 83.00 74.00 157.00 NOTE
r-patched-linux-x86_64 1.1-9 18.49 42.25 60.74 NOTE
r-patched-solaris-sparc 1.1-9 715.60 NOTE
r-patched-solaris-x86 1.1-9 176.70 NOTE
r-release-linux-ix86 1.1-9 28.10 54.84 82.94 NOTE
r-release-linux-x86_64 1.1-9 18.44 41.90 60.33 NOTE
r-release-osx-x86_64-mavericks 1.1-9 NOTE
r-release-osx-x86_64-snowleopard 1.1-9 NOTE
r-release-windows-ix86+x86_64 1.1-9 81.00 78.00 159.00 NOTE
r-oldrel-windows-ix86+x86_64 1.1-9 82.00 75.00 157.00 NOTE

Memtest notes: valgrind

Check Details

Version: 1.1-9
Check: dependencies in R code
Result: NOTE
    'library' or 'require' call to ‘fda’ which was already attached by Depends.
     Please remove these calls from your code.
    Package in Depends field not imported from: ‘fda’
     These packages need to be imported from (in the NAMESPACE file)
     for when this namespace is loaded but not attached.
    See the information on DESCRIPTION files in the chapter ‘Creating R
    packages’ of the ‘Writing R Extensions’ manual.
Flavors: r-devel-linux-x86_64-debian-clang, r-devel-linux-x86_64-debian-gcc, r-devel-linux-x86_64-fedora-clang, r-devel-linux-x86_64-fedora-gcc, r-devel-osx-x86_64-clang, r-devel-windows-ix86+x86_64, r-patched-linux-x86_64, r-patched-solaris-sparc, r-patched-solaris-x86, r-release-linux-ix86, r-release-linux-x86_64, r-release-osx-x86_64-mavericks, r-release-windows-ix86+x86_64, r-oldrel-windows-ix86+x86_64

Version: 1.1-9
Check: dependencies in R code
Result: NOTE
    'library' or 'require' call to 'fda' which was already attached by Depends.
     Please remove these calls from your code.
    Package in Depends field not imported from: 'fda'
     These packages need to be imported from for the case when
     this namespace is loaded but not attached.
    See the information on DESCRIPTION files in the chapter 'Creating R
    packages' of the 'Writing R Extensions' manual.
Flavor: r-release-osx-x86_64-snowleopard