CRAN Package Check Results for Package DierckxSpline

Last updated on 2014-08-30 03:51:00.

Flavor Version Tinstall Tcheck Ttotal Status Flags
r-devel-linux-x86_64-debian-clang 1.1-9 18.25 40.02 58.27 NOTE
r-devel-linux-x86_64-debian-gcc 1.1-9 18.32 39.54 57.86 NOTE
r-devel-linux-x86_64-fedora-clang 1.1-9 119.62 NOTE
r-devel-linux-x86_64-fedora-gcc 1.1-9 116.00 NOTE
r-devel-osx-x86_64-clang 1.1-9 99.28 NOTE
r-devel-windows-ix86+x86_64 1.1-9 99.00 72.00 171.00 NOTE
r-patched-linux-x86_64 1.1-9 19.16 42.02 61.18 NOTE
r-patched-solaris-sparc 1.1-9 686.30 NOTE
r-patched-solaris-x86 1.1-9 178.90 NOTE
r-release-linux-ix86 1.1-9 28.30 55.14 83.44 NOTE
r-release-linux-x86_64 1.1-9 18.34 43.42 61.76 NOTE
r-release-osx-x86_64-mavericks 1.1-9 NOTE
r-release-osx-x86_64-snowleopard 1.1-9 NOTE
r-release-windows-ix86+x86_64 1.1-9 79.00 80.00 159.00 NOTE
r-oldrel-windows-ix86+x86_64 1.1-9 77.00 77.00 154.00 NOTE

Memtest notes: valgrind

Check Details

Version: 1.1-9
Check: dependencies in R code
Result: NOTE
    'library' or 'require' call to ‘fda’ which was already attached by Depends.
     Please remove these calls from your code.
    Package in Depends field not imported from: ‘fda’
     These packages need to be imported from (in the NAMESPACE file)
     for when this namespace is loaded but not attached.
    See the information on DESCRIPTION files in the chapter ‘Creating R
    packages’ of the ‘Writing R Extensions’ manual.
Flavors: r-devel-linux-x86_64-debian-clang, r-devel-linux-x86_64-debian-gcc, r-devel-linux-x86_64-fedora-clang, r-devel-linux-x86_64-fedora-gcc, r-devel-osx-x86_64-clang, r-devel-windows-ix86+x86_64, r-patched-linux-x86_64, r-patched-solaris-sparc, r-patched-solaris-x86, r-release-linux-ix86, r-release-linux-x86_64, r-release-osx-x86_64-mavericks, r-release-windows-ix86+x86_64, r-oldrel-windows-ix86+x86_64

Version: 1.1-9
Check: R code for possible problems
Result: NOTE
    as.dierckx.fd: no visible global function definition for ‘eval.fd’
    dierckx2fd: no visible global function definition for
     ‘create.bspline.basis’
    fd2dierckx: no visible global function definition for ‘eval.fd’
    panel.dierckx: no visible global function definition for
     ‘current.panel.limits’
    panel.dierckx: no visible global function definition for ‘lpoints’
    panel.dierckx: no visible global function definition for ‘panel.xyplot’
    xyplot.profile.dierckx : <anonymous>: no visible global function
     definition for ‘panel.abline’
    xyplot.profile.dierckx : <anonymous>: no visible global function
     definition for ‘panel.xyplot’
Flavors: r-devel-linux-x86_64-debian-clang, r-devel-linux-x86_64-debian-gcc, r-devel-linux-x86_64-fedora-clang, r-devel-linux-x86_64-fedora-gcc, r-devel-osx-x86_64-clang, r-devel-windows-ix86+x86_64

Version: 1.1-9
Check: dependencies in R code
Result: NOTE
    'library' or 'require' call to 'fda' which was already attached by Depends.
     Please remove these calls from your code.
    Package in Depends field not imported from: 'fda'
     These packages need to be imported from for the case when
     this namespace is loaded but not attached.
    See the information on DESCRIPTION files in the chapter 'Creating R
    packages' of the 'Writing R Extensions' manual.
Flavor: r-release-osx-x86_64-snowleopard