CRAN Package Check Results for Package DierckxSpline

Last updated on 2014-04-25 05:47:14.

Flavor Version Tinstall Tcheck Ttotal Status Flags
r-devel-linux-x86_64-debian-clang 1.1-9 18.54 46.07 64.60 NOTE
r-devel-linux-x86_64-debian-gcc 1.1-9 18.50 44.12 62.62 NOTE
r-devel-linux-x86_64-fedora-clang 1.1-9 127.20 NOTE
r-devel-linux-x86_64-fedora-gcc 1.1-9 121.20 NOTE
r-devel-osx-x86_64-clang 1.1-9 106.66 NOTE
r-devel-osx-x86_64-gcc 1.1-9 ERROR
r-devel-windows-ix86+x86_64 1.1-9 84.00 72.00 156.00 NOTE
r-patched-linux-x86_64 1.1-9 19.22 44.13 63.35 NOTE
r-patched-solaris-sparc 1.1-9 715.60 NOTE
r-patched-solaris-x86 1.1-9 177.80 NOTE
r-release-linux-ix86 1.1-9 33.00 74.00 107.00 NOTE
r-release-linux-x86_64 1.1-9 19.54 44.32 63.86 NOTE
r-release-osx-x86_64-mavericks 1.1-9 WARN
r-release-osx-x86_64-snowleopard 1.1-9 NOTE
r-release-windows-ix86+x86_64 1.1-9 77.00 82.00 159.00 NOTE
r-oldrel-windows-ix86+x86_64 1.1-9 78.00 75.00 153.00 NOTE

Memtest notes: valgrind

Check Details

Version: 1.1-9
Check: dependencies in R code
Result: NOTE
    'library' or 'require' call to ‘fda’ which was already attached by Depends.
     Please remove these calls from your code.
    Package in Depends field not imported from: ‘fda’
     These packages need to be imported from (in the NAMESPACE file)
     for when this namespace is loaded but not attached.
    See the information on DESCRIPTION files in the chapter ‘Creating R
    packages’ of the ‘Writing R Extensions’ manual.
Flavors: r-devel-linux-x86_64-debian-clang, r-devel-linux-x86_64-debian-gcc, r-devel-linux-x86_64-fedora-clang, r-devel-linux-x86_64-fedora-gcc, r-devel-osx-x86_64-clang, r-devel-windows-ix86+x86_64, r-patched-linux-x86_64, r-patched-solaris-sparc, r-patched-solaris-x86, r-release-linux-ix86, r-release-linux-x86_64, r-release-osx-x86_64-mavericks, r-release-windows-ix86+x86_64, r-oldrel-windows-ix86+x86_64

Version: 1.1-9
Check: package dependencies
Result: ERROR
    Package required but not available: ‘fda’
    
    See the information on DESCRIPTION files in the chapter ‘Creating R
    packages’ of the ‘Writing R Extensions’ manual.
Flavor: r-devel-osx-x86_64-gcc

Version: 1.1-9
Check: PDF version of manual
Result: WARNING
    LaTeX errors when creating PDF version.
    This typically indicates Rd problems.
    LaTeX errors found:
    ! LaTeX Error: File `upquote.sty' not found.
    
    Type X to quit or <RETURN> to proceed,
    or enter new name. (Default extension: sty)
    
    cd681b9/Rd2.tex:8: ==> Fatal error occurred, no output PDF file produced!
Flavor: r-release-osx-x86_64-mavericks

Version: 1.1-9
Check: dependencies in R code
Result: NOTE
    'library' or 'require' call to 'fda' which was already attached by Depends.
     Please remove these calls from your code.
    Package in Depends field not imported from: 'fda'
     These packages need to be imported from for the case when
     this namespace is loaded but not attached.
    See the information on DESCRIPTION files in the chapter 'Creating R
    packages' of the 'Writing R Extensions' manual.
Flavor: r-release-osx-x86_64-snowleopard