CRAN Package Check Results for Package DiffusionRimp

Last updated on 2022-07-07 07:51:20 CEST.

Flavor Version Tinstall Tcheck Ttotal Status Flags
r-devel-linux-x86_64-debian-clang 0.1.2 31.18 61.83 93.01 NOTE
r-devel-linux-x86_64-debian-gcc 0.1.2 27.26 46.47 73.73 NOTE
r-devel-linux-x86_64-fedora-clang 0.1.2 150.39 NOTE
r-devel-linux-x86_64-fedora-gcc 0.1.2 137.42 NOTE
r-devel-windows-x86_64 0.1.2 77.00 110.00 187.00 OK
r-patched-linux-x86_64 0.1.2 31.63 59.30 90.93 NOTE
r-release-linux-x86_64 0.1.2 33.42 58.89 92.31 NOTE
r-release-macos-arm64 0.1.2 32.00 OK
r-release-macos-x86_64 0.1.2 48.00 OK
r-release-windows-x86_64 0.1.2 137.00 111.00 248.00 OK
r-oldrel-macos-arm64 0.1.2 47.00 OK
r-oldrel-macos-x86_64 0.1.2 68.00 OK
r-oldrel-windows-ix86+x86_64 0.1.2 80.00 111.00 191.00 OK

Check Details

Version: 0.1.2
Check: package dependencies
Result: NOTE
    Packages suggested but not available for checking:
     'DiffusionRgqd', 'DiffusionRjgqd'
Flavors: r-devel-linux-x86_64-debian-clang, r-devel-linux-x86_64-debian-gcc, r-devel-linux-x86_64-fedora-clang, r-devel-linux-x86_64-fedora-gcc, r-patched-linux-x86_64, r-release-linux-x86_64

Version: 0.1.2
Check: HTML version of manual
Result: NOTE
    Found the following problems:
    BiMOL.aic.Rd:107:1: Warning: missing </b> before </p>
    BiMOL.aic.Rd:108:32: Warning: inserting implicit <b>
    BiMOL.aic.Rd:110:1: Warning: inserting implicit <b>
    BiMOL.aic.Rd:111:4: Warning: missing </b> before </p>
    BiMOL.aic.Rd:112:32: Warning: inserting implicit <b>
    BiMOL.aic.Rd:114:1: Warning: inserting implicit <b>
    BiMOL.aic.Rd:107:1: Warning: trimming empty <b>
    BiMOL.aic.Rd:110:1: Warning: trimming empty <b>
    BiMOL.aic.Rd:111:4: Warning: trimming empty <b>
    BiMOL.aic.Rd:111:1: Warning: trimming empty <p>
    BiMOL.aic.Rd:114:1: Warning: trimming empty <b>
    BiMOL.density.Rd:132:1: Warning: missing </b> before </p>
    BiMOL.density.Rd:133:32: Warning: inserting implicit <b>
    BiMOL.density.Rd:135:1: Warning: inserting implicit <b>
    BiMOL.density.Rd:136:4: Warning: missing </b> before </p>
    BiMOL.density.Rd:137:32: Warning: inserting implicit <b>
    BiMOL.density.Rd:139:1: Warning: inserting implicit <b>
    BiMOL.density.Rd:132:1: Warning: trimming empty <b>
    BiMOL.density.Rd:135:1: Warning: trimming empty <b>
    BiMOL.density.Rd:136:4: Warning: trimming empty <b>
    BiMOL.density.Rd:136:1: Warning: trimming empty <p>
    BiMOL.density.Rd:139:1: Warning: trimming empty <b>
    BiMOL.passage.Rd:121:1: Warning: missing </b> before </p>
    BiMOL.passage.Rd:122:32: Warning: inserting implicit <b>
    BiMOL.passage.Rd:124:1: Warning: inserting implicit <b>
    BiMOL.passage.Rd:125:4: Warning: missing </b> before </p>
    BiMOL.passage.Rd:126:32: Warning: inserting implicit <b>
    BiMOL.passage.Rd:128:1: Warning: inserting implicit <b>
    BiMOL.passage.Rd:121:1: Warning: trimming empty <b>
    BiMOL.passage.Rd:124:1: Warning: trimming empty <b>
    BiMOL.passage.Rd:125:4: Warning: trimming empty <b>
    BiMOL.passage.Rd:125:1: Warning: trimming empty <p>
    BiMOL.passage.Rd:128:1: Warning: trimming empty <b>
    BiRS.impute.Rd:24:1: Warning: missing </b> before </p>
    BiRS.impute.Rd:25:32: Warning: inserting implicit <b>
    BiRS.impute.Rd:27:1: Warning: inserting implicit <b>
    BiRS.impute.Rd:28:4: Warning: missing </b> before </p>
    BiRS.impute.Rd:29:32: Warning: inserting implicit <b>
    BiRS.impute.Rd:31:1: Warning: inserting implicit <b>
    BiRS.impute.Rd:24:1: Warning: trimming empty <b>
    BiRS.impute.Rd:27:1: Warning: trimming empty <b>
    BiRS.impute.Rd:28:4: Warning: trimming empty <b>
    BiRS.impute.Rd:28:1: Warning: trimming empty <p>
    BiRS.impute.Rd:31:1: Warning: trimming empty <b>
    DoubleWell.Rd:26:1: Warning: missing </b> before </p>
    DoubleWell.Rd:27:32: Warning: inserting implicit <b>
    DoubleWell.Rd:29:1: Warning: inserting implicit <b>
    DoubleWell.Rd:26:1: Warning: trimming empty <b>
    DoubleWell.Rd:29:1: Warning: trimming empty <b>
    MOL.aic.Rd:98:1: Warning: missing </b> before </p>
    MOL.aic.Rd:99:32: Warning: inserting implicit <b>
    MOL.aic.Rd:101:1: Warning: inserting implicit <b>
    MOL.aic.Rd:98:1: Warning: trimming empty <b>
    MOL.aic.Rd:101:1: Warning: trimming empty <b>
    MOL.density.Rd:96:1: Warning: missing </b> before </p>
    MOL.density.Rd:97:32: Warning: inserting implicit <b>
    MOL.density.Rd:99:1: Warning: inserting implicit <b>
    MOL.density.Rd:96:1: Warning: trimming empty <b>
    MOL.density.Rd:99:1: Warning: trimming empty <b>
    MOL.passage.Rd:92:1: Warning: missing </b> before </p>
    MOL.passage.Rd:93:32: Warning: inserting implicit <b>
    MOL.passage.Rd:95:1: Warning: inserting implicit <b>
    MOL.passage.Rd:92:1: Warning: trimming empty <b>
    MOL.passage.Rd:95:1: Warning: trimming empty <b>
    RS.impute.Rd:24:1: Warning: missing </b> before </p>
    RS.impute.Rd:25:32: Warning: inserting implicit <b>
    RS.impute.Rd:27:1: Warning: inserting implicit <b>
    RS.impute.Rd:24:1: Warning: trimming empty <b>
    RS.impute.Rd:27:1: Warning: trimming empty <b>
    TiCIR.Rd:26:1: Warning: missing </b> before </p>
    TiCIR.Rd:27:32: Warning: inserting implicit <b>
    TiCIR.Rd:29:1: Warning: inserting implicit <b>
    TiCIR.Rd:30:4: Warning: missing </b> before </p>
    TiCIR.Rd:31:32: Warning: inserting implicit <b>
    TiCIR.Rd:33:1: Warning: inserting implicit <b>
    TiCIR.Rd:26:1: Warning: trimming empty <b>
    TiCIR.Rd:29:1: Warning: trimming empty <b>
    TiCIR.Rd:30:4: Warning: trimming empty <b>
    TiCIR.Rd:30:1: Warning: trimming empty <p>
    TiCIR.Rd:33:1: Warning: trimming empty <b>
Flavors: r-devel-linux-x86_64-debian-clang, r-devel-linux-x86_64-debian-gcc

Version: 0.1.2
Check: compiled code
Result: NOTE
    File ‘DiffusionRimp/libs/DiffusionRimp.so’:
     Found no calls to: ‘R_registerRoutines’, ‘R_useDynamicSymbols’
    
    It is good practice to register native routines and to disable symbol
    search.
    
    See ‘Writing portable packages’ in the ‘Writing R Extensions’ manual.
Flavors: r-devel-linux-x86_64-fedora-clang, r-devel-linux-x86_64-fedora-gcc