Last updated on 2022-05-21 07:07:28 CEST.
Flavor | Version | Tinstall | Tcheck | Ttotal | Status | Flags |
---|---|---|---|---|---|---|
r-devel-linux-x86_64-debian-clang | 0.1.1 | 46.32 | 182.91 | 229.23 | NOTE | |
r-devel-linux-x86_64-debian-gcc | 0.1.1 | 38.08 | 139.26 | 177.34 | NOTE | |
r-devel-linux-x86_64-fedora-clang | 0.1.1 | 278.06 | NOTE | |||
r-devel-linux-x86_64-fedora-gcc | 0.1.1 | 277.01 | NOTE | |||
r-devel-windows-x86_64 | 0.1.1 | 228.00 | 282.00 | 510.00 | NOTE | |
r-patched-linux-x86_64 | 0.1.1 | 35.32 | 184.23 | 219.55 | OK | |
r-release-linux-x86_64 | 0.1.1 | 44.45 | 178.99 | 223.44 | OK | |
r-release-macos-arm64 | 0.1.1 | 78.00 | NOTE | |||
r-release-macos-x86_64 | 0.1.1 | 125.00 | NOTE | |||
r-release-windows-x86_64 | 0.1.1 | 216.00 | 270.00 | 486.00 | NOTE | |
r-oldrel-macos-arm64 | 0.1.1 | 93.00 | NOTE | |||
r-oldrel-macos-x86_64 | 0.1.1 | 189.00 | NOTE | |||
r-oldrel-windows-ix86+x86_64 | 0.1.1 | 98.00 | 141.00 | 239.00 | NOTE |
Version: 0.1.1
Check: Rd files
Result: NOTE
checkRd: (7) JGQD.dic.Rd:30: \item in \value must have non-empty label
Flavors: r-devel-linux-x86_64-debian-clang, r-devel-linux-x86_64-debian-gcc, r-devel-linux-x86_64-fedora-clang, r-devel-linux-x86_64-fedora-gcc, r-devel-windows-x86_64
Version: 0.1.1
Check: HTML version of manual
Result: NOTE
Found the following problems:
JGQD.dic.Rd:85:38: Warning: trimming empty <code>
Flavors: r-devel-linux-x86_64-debian-clang, r-devel-linux-x86_64-debian-gcc
Version: 0.1.1
Check: installed package size
Result: NOTE
installed size is 6.9Mb
sub-directories of 1Mb or more:
doc 5.7Mb
Flavors: r-devel-linux-x86_64-fedora-clang, r-devel-windows-x86_64, r-release-macos-arm64, r-release-macos-x86_64, r-release-windows-x86_64, r-oldrel-macos-arm64, r-oldrel-macos-x86_64, r-oldrel-windows-ix86+x86_64
Version: 0.1.1
Check: compiled code
Result: NOTE
File ‘DiffusionRjgqd/libs/DiffusionRjgqd.so’:
Found no calls to: ‘R_registerRoutines’, ‘R_useDynamicSymbols’
It is good practice to register native routines and to disable symbol
search.
See ‘Writing portable packages’ in the ‘Writing R Extensions’ manual.
Flavors: r-devel-linux-x86_64-fedora-clang, r-devel-linux-x86_64-fedora-gcc
Version: 0.1.1
Check: package dependencies
Result: NOTE
Package suggested but not available for checking: ‘DiffusionRgqd’
Flavor: r-release-macos-x86_64