CRAN Package Check Results for Package Digiroo2

Last updated on 2014-07-25 10:51:57.

Flavor Version Tinstall Tcheck Ttotal Status Flags
r-devel-linux-x86_64-debian-clang 0.6 4.53 61.20 65.73 NOTE
r-devel-linux-x86_64-debian-gcc 0.6 4.36 59.46 63.82 NOTE
r-devel-linux-x86_64-fedora-clang 0.6 161.77 NOTE
r-devel-linux-x86_64-fedora-gcc 0.6 152.40 NOTE
r-devel-osx-x86_64-clang 0.6 119.56 NOTE
r-devel-windows-ix86+x86_64 0.6 16.00 93.00 109.00 NOTE
r-patched-linux-x86_64 0.6 4.47 61.12 65.58 NOTE
r-patched-solaris-sparc 0.6 830.10 NOTE
r-patched-solaris-x86 0.6 194.20 NOTE
r-release-linux-ix86 0.6 5.24 79.47 84.71 NOTE
r-release-linux-x86_64 0.6 4.58 62.30 66.88 NOTE
r-release-osx-x86_64-mavericks 0.6 NOTE
r-release-windows-ix86+x86_64 0.6 14.00 97.00 111.00 NOTE
r-oldrel-windows-ix86+x86_64 0.6 17.00 98.00 115.00 NOTE

Check Details

Version: 0.6
Check: dependencies in R code
Result: NOTE
    'library' or 'require' calls to packages already attached by Depends:
     ‘maptools’ ‘spatstat’ ‘spdep’
     Please remove these calls from your code.
    See the information on DESCRIPTION files in the chapter ‘Creating R
    packages’ of the ‘Writing R Extensions’ manual.
Flavors: r-devel-linux-x86_64-debian-clang, r-devel-linux-x86_64-debian-gcc, r-devel-linux-x86_64-fedora-clang, r-devel-linux-x86_64-fedora-gcc, r-devel-osx-x86_64-clang, r-devel-windows-ix86+x86_64, r-patched-linux-x86_64, r-patched-solaris-sparc, r-patched-solaris-x86, r-release-linux-ix86, r-release-linux-x86_64, r-release-osx-x86_64-mavericks, r-release-windows-ix86+x86_64, r-oldrel-windows-ix86+x86_64

Version: 0.6
Check: Rd line widths
Result: NOTE
    Rd file 'fAssocmatrix.Rd':
     \examples lines wider than 100 characters:
     ## Run 20 permutations using individuals accoring to sighting probability (ave no. roos seen on survey = 6)
    
    These lines will be truncated in the PDF manual.
Flavors: r-devel-linux-x86_64-fedora-clang, r-devel-linux-x86_64-fedora-gcc