CRAN Package Check Results for Package Digiroo2

Last updated on 2014-08-29 21:47:36.

Flavor Version Tinstall Tcheck Ttotal Status Flags
r-devel-linux-x86_64-debian-clang 0.6 4.56 58.62 63.18 NOTE
r-devel-linux-x86_64-debian-gcc 0.6 4.27 56.90 61.17 NOTE
r-devel-linux-x86_64-fedora-clang 0.6 150.24 NOTE
r-devel-linux-x86_64-fedora-gcc 0.6 143.62 NOTE
r-devel-osx-x86_64-clang 0.6 117.39 NOTE
r-devel-windows-ix86+x86_64 0.6 15.00 98.00 113.00 NOTE
r-patched-linux-x86_64 0.6 4.62 64.59 69.22 NOTE
r-patched-solaris-sparc 0.6 805.60 NOTE
r-patched-solaris-x86 0.6 197.40 NOTE
r-release-linux-ix86 0.6 5.28 109.22 114.50 NOTE
r-release-linux-x86_64 0.6 4.68 63.56 68.24 NOTE
r-release-osx-x86_64-mavericks 0.6 NOTE
r-release-windows-ix86+x86_64 0.6 15.00 100.00 115.00 NOTE
r-oldrel-windows-ix86+x86_64 0.6 15.00 101.00 116.00 NOTE

Check Details

Version: 0.6
Check: dependencies in R code
Result: NOTE
    'library' or 'require' calls to packages already attached by Depends:
     ‘maptools’ ‘spatstat’ ‘spdep’
     Please remove these calls from your code.
    See the information on DESCRIPTION files in the chapter ‘Creating R
    packages’ of the ‘Writing R Extensions’ manual.
Flavors: r-devel-linux-x86_64-debian-clang, r-devel-linux-x86_64-debian-gcc, r-devel-linux-x86_64-fedora-clang, r-devel-linux-x86_64-fedora-gcc, r-devel-osx-x86_64-clang, r-devel-windows-ix86+x86_64, r-patched-linux-x86_64, r-patched-solaris-sparc, r-patched-solaris-x86, r-release-linux-ix86, r-release-linux-x86_64, r-release-osx-x86_64-mavericks, r-release-windows-ix86+x86_64, r-oldrel-windows-ix86+x86_64

Version: 0.6
Check: R code for possible problems
Result: NOTE
    fAssocmatrix : fAssocmatrix1: no visible global function definition for
     ‘coordinates<-’
    fAssocplot: no visible global function definition for ‘coordinates’
    fDrawfigure: no visible global function definition for
     ‘SpatialPolygons’
    fDrawfigure: no visible global function definition for ‘spsample’
    fRanXY : <anonymous>: no visible global function definition for
     ‘spsample’
Flavors: r-devel-linux-x86_64-debian-clang, r-devel-linux-x86_64-debian-gcc, r-devel-linux-x86_64-fedora-clang, r-devel-linux-x86_64-fedora-gcc, r-devel-osx-x86_64-clang, r-devel-windows-ix86+x86_64

Version: 0.6
Check: Rd line widths
Result: NOTE
    Rd file 'fAssocmatrix.Rd':
     \examples lines wider than 100 characters:
     ## Run 20 permutations using individuals accoring to sighting probability (ave no. roos seen on survey = 6)
    
    These lines will be truncated in the PDF manual.
Flavors: r-devel-linux-x86_64-fedora-clang, r-devel-linux-x86_64-fedora-gcc