CRAN Package Check Results for Package Digiroo2

Last updated on 2014-11-28 01:48:03.

Flavor Version Tinstall Tcheck Ttotal Status Flags
r-devel-linux-x86_64-debian-clang 0.6 4.36 60.96 65.32 NOTE
r-devel-linux-x86_64-debian-gcc 0.6 4.51 58.20 62.70 NOTE
r-devel-linux-x86_64-fedora-clang 0.6 160.29 NOTE
r-devel-linux-x86_64-fedora-gcc 0.6 148.94 NOTE
r-devel-osx-x86_64-clang 0.6 122.49 NOTE
r-devel-windows-ix86+x86_64 0.6 14.00 88.00 102.00 NOTE
r-patched-linux-x86_64 0.6 4.73 60.85 65.58 NOTE
r-patched-solaris-sparc 0.6 782.90 NOTE
r-patched-solaris-x86 0.6 197.20 NOTE
r-release-linux-ix86 0.6 5.05 94.72 99.77 NOTE
r-release-linux-x86_64 0.6 4.59 61.45 66.04 NOTE
r-release-osx-x86_64-mavericks 0.6 NOTE
r-release-windows-ix86+x86_64 0.6 14.00 101.00 115.00 NOTE
r-oldrel-windows-ix86+x86_64 0.6 16.00 97.00 113.00 NOTE

Check Details

Version: 0.6
Check: dependencies in R code
Result: NOTE
    'library' or 'require' calls to packages already attached by Depends:
     ‘maptools’ ‘spatstat’ ‘spdep’
     Please remove these calls from your code.
    See the information on DESCRIPTION files in the chapter ‘Creating R
    packages’ of the ‘Writing R Extensions’ manual.
Flavors: r-devel-linux-x86_64-debian-clang, r-devel-linux-x86_64-debian-gcc, r-devel-linux-x86_64-fedora-clang, r-devel-linux-x86_64-fedora-gcc, r-devel-osx-x86_64-clang, r-devel-windows-ix86+x86_64, r-patched-linux-x86_64, r-patched-solaris-sparc, r-patched-solaris-x86, r-release-linux-ix86, r-release-linux-x86_64, r-release-osx-x86_64-mavericks, r-release-windows-ix86+x86_64, r-oldrel-windows-ix86+x86_64

Version: 0.6
Check: R code for possible problems
Result: NOTE
    fAssocmatrix : fAssocmatrix1: no visible global function definition for
     ‘coordinates<-’
    fAssocplot: no visible global function definition for ‘coordinates’
    fDrawfigure: no visible global function definition for
     ‘SpatialPolygons’
    fDrawfigure: no visible global function definition for ‘spsample’
    fRanXY : <anonymous>: no visible global function definition for
     ‘spsample’
Flavors: r-devel-linux-x86_64-debian-clang, r-devel-linux-x86_64-debian-gcc, r-devel-linux-x86_64-fedora-clang, r-devel-linux-x86_64-fedora-gcc, r-devel-osx-x86_64-clang, r-devel-windows-ix86+x86_64, r-patched-linux-x86_64, r-patched-solaris-sparc, r-patched-solaris-x86, r-release-linux-ix86, r-release-linux-x86_64, r-release-windows-ix86+x86_64

Version: 0.6
Check: Rd line widths
Result: NOTE
    Rd file 'fAssocmatrix.Rd':
     \examples lines wider than 100 characters:
     ## Run 20 permutations using individuals accoring to sighting probability (ave no. roos seen on survey = 6)
    
    These lines will be truncated in the PDF manual.
Flavors: r-devel-linux-x86_64-debian-clang, r-devel-linux-x86_64-debian-gcc, r-devel-linux-x86_64-fedora-clang, r-devel-linux-x86_64-fedora-gcc, r-patched-linux-x86_64, r-release-linux-x86_64