CRAN Package Check Results for Package Digiroo2

Last updated on 2014-04-23 12:48:16.

Flavor Version Tinstall Tcheck Ttotal Status Flags
r-devel-linux-x86_64-debian-clang 0.6 4.99 64.62 69.61 NOTE
r-devel-linux-x86_64-debian-gcc 0.6 4.63 64.35 68.98 NOTE
r-devel-linux-x86_64-fedora-clang 0.6 156.95 NOTE
r-devel-linux-x86_64-fedora-gcc 0.6 150.87 NOTE
r-devel-osx-x86_64-clang 0.6 132.16 NOTE
r-devel-osx-x86_64-gcc 0.6 ERROR
r-devel-windows-ix86+x86_64 0.6 16.00 89.00 105.00 NOTE
r-patched-linux-x86_64 0.6 5.07 62.59 67.66 NOTE
r-patched-solaris-sparc 0.6 830.10 NOTE
r-patched-solaris-x86 0.6 198.20 NOTE
r-release-linux-ix86 0.6 6.00 128.00 134.00 NOTE
r-release-linux-x86_64 0.6 5.34 63.84 69.18 NOTE
r-release-osx-x86_64-mavericks 0.6 ERROR
r-release-windows-ix86+x86_64 0.6 14.00 94.00 108.00 NOTE
r-oldrel-windows-ix86+x86_64 0.6 15.00 96.00 111.00 NOTE

Check Details

Version: 0.6
Check: dependencies in R code
Result: NOTE
    'library' or 'require' calls to packages already attached by Depends:
     ‘maptools’ ‘spatstat’ ‘spdep’
     Please remove these calls from your code.
    See the information on DESCRIPTION files in the chapter ‘Creating R
    packages’ of the ‘Writing R Extensions’ manual.
Flavors: r-devel-linux-x86_64-debian-clang, r-devel-linux-x86_64-debian-gcc, r-devel-linux-x86_64-fedora-clang, r-devel-linux-x86_64-fedora-gcc, r-devel-osx-x86_64-clang, r-devel-windows-ix86+x86_64, r-patched-linux-x86_64, r-patched-solaris-sparc, r-patched-solaris-x86, r-release-linux-ix86, r-release-linux-x86_64, r-release-windows-ix86+x86_64, r-oldrel-windows-ix86+x86_64

Version: 0.6
Check: Rd line widths
Result: NOTE
    Rd file 'fAssocmatrix.Rd':
     \examples lines wider than 100 characters:
     ## Run 20 permutations using individuals accoring to sighting probability (ave no. roos seen on survey = 6)
    
    These lines will be truncated in the PDF manual.
Flavors: r-devel-linux-x86_64-fedora-clang, r-devel-linux-x86_64-fedora-gcc

Version: 0.6
Check: package dependencies
Result: ERROR
    Packages required but not available: ‘maptools’ ‘spdep’
    
    Packages suggested but not available for checking: ‘adehabitatHR’ ‘raster’
    
    See the information on DESCRIPTION files in the chapter ‘Creating R
    packages’ of the ‘Writing R Extensions’ manual.
Flavor: r-devel-osx-x86_64-gcc

Version: 0.6
Check: package dependencies
Result: ERROR
    Packages required but not available: ‘maptools’ ‘spdep’
    
    See the information on DESCRIPTION files in the chapter ‘Creating R
    packages’ of the ‘Writing R Extensions’ manual.
Flavor: r-release-osx-x86_64-mavericks