CRAN Package Check Results for Package Digiroo2

Last updated on 2015-08-28 06:47:13.

Flavor Version Tinstall Tcheck Ttotal Status Flags
r-devel-linux-x86_64-debian-clang 0.6 4.42 48.96 53.38 NOTE
r-devel-linux-x86_64-debian-gcc 0.6 3.61 47.76 51.37 NOTE
r-devel-linux-x86_64-fedora-clang 0.6 104.06 NOTE
r-devel-linux-x86_64-fedora-gcc 0.6 97.66 NOTE
r-devel-osx-x86_64-clang 0.6 85.73 NOTE
r-devel-windows-ix86+x86_64 0.6 14.00 84.00 98.00 NOTE
r-patched-linux-x86_64 0.6 3.68 51.65 55.33 NOTE
r-patched-solaris-sparc 0.6 658.20 NOTE
r-patched-solaris-x86 0.6 151.40 NOTE
r-release-linux-x86_64 0.6 3.74 50.80 54.54 NOTE
r-release-osx-x86_64-mavericks 0.6 NOTE
r-release-windows-ix86+x86_64 0.6 16.00 91.00 107.00 NOTE
r-oldrel-windows-ix86+x86_64 0.6 21.00 104.00 125.00 NOTE

Check Details

Version: 0.6
Check: dependencies in R code
Result: NOTE
    'library' or 'require' calls to packages already attached by Depends:
     ‘maptools’ ‘spatstat’ ‘spdep’
     Please remove these calls from your code.
Flavors: r-devel-linux-x86_64-debian-clang, r-devel-linux-x86_64-debian-gcc, r-devel-linux-x86_64-fedora-clang, r-devel-linux-x86_64-fedora-gcc, r-devel-osx-x86_64-clang, r-devel-windows-ix86+x86_64, r-patched-linux-x86_64, r-patched-solaris-sparc, r-patched-solaris-x86, r-release-linux-x86_64, r-release-osx-x86_64-mavericks, r-release-windows-ix86+x86_64, r-oldrel-windows-ix86+x86_64

Version: 0.6
Check: R code for possible problems
Result: NOTE
    fAssocmatrix : fAssocmatrix1: no visible global function definition for
     ‘coordinates<-’
    fAssocplot: no visible global function definition for ‘plot’
    fAssocplot: no visible global function definition for ‘coordinates’
    fAssocplot: no visible global function definition for ‘text’
    fAssocplot: no visible global function definition for ‘box’
    fDrawfigure: no visible global function definition for ‘slot’
    fDrawfigure : <anonymous>: no visible global function definition for
     ‘slot’
    fDrawfigure: no visible global function definition for
     ‘SpatialPolygons’
    fDrawfigure: no visible global function definition for ‘spsample’
    fDrawfigure: no visible global function definition for ‘plot’
    fDrawfigure: no visible global function definition for ‘image’
    fDrawfigure: no visible global function definition for
     ‘colorRampPalette’
    fDrawfigure: no visible global function definition for ‘points’
    fRanXY : <anonymous>: no visible global function definition for ‘slot’
    fRanXY : <anonymous>: no visible global function definition for
     ‘spsample’
    Undefined global functions or variables:
     SpatialPolygons box colorRampPalette coordinates coordinates<- image
     plot points slot spsample text
    Consider adding
     importFrom("grDevices", "colorRampPalette")
     importFrom("graphics", "box", "image", "plot", "points", "text")
     importFrom("methods", "slot")
    to your NAMESPACE (and ensure that your DESCRIPTION Imports field
    contains 'methods').
Flavors: r-devel-linux-x86_64-debian-clang, r-devel-linux-x86_64-debian-gcc, r-devel-linux-x86_64-fedora-clang, r-devel-linux-x86_64-fedora-gcc, r-devel-windows-ix86+x86_64

Version: 0.6
Check: Rd line widths
Result: NOTE
    Rd file 'fAssocmatrix.Rd':
     \examples lines wider than 100 characters:
     ## Run 20 permutations using individuals accoring to sighting probability (ave no. roos seen on survey = 6)
    
    These lines will be truncated in the PDF manual.
Flavors: r-devel-linux-x86_64-debian-clang, r-devel-linux-x86_64-debian-gcc, r-devel-linux-x86_64-fedora-clang, r-devel-linux-x86_64-fedora-gcc, r-patched-linux-x86_64, r-release-linux-x86_64

Version: 0.6
Check: R code for possible problems
Result: NOTE
    fAssocmatrix : fAssocmatrix1: no visible global function definition for
     ‘coordinates<-’
    fAssocplot: no visible global function definition for ‘coordinates’
    fDrawfigure: no visible global function definition for
     ‘SpatialPolygons’
    fDrawfigure: no visible global function definition for ‘spsample’
    fRanXY : <anonymous>: no visible global function definition for
     ‘spsample’
    Undefined global functions or variables:
     SpatialPolygons coordinates coordinates<- spsample
Flavor: r-devel-osx-x86_64-clang

Version: 0.6
Check: R code for possible problems
Result: NOTE
    fAssocmatrix : fAssocmatrix1: no visible global function definition for
     ‘coordinates<-’
    fAssocplot: no visible global function definition for ‘coordinates’
    fDrawfigure: no visible global function definition for
     ‘SpatialPolygons’
    fDrawfigure: no visible global function definition for ‘spsample’
    fRanXY : <anonymous>: no visible global function definition for
     ‘spsample’
Flavors: r-patched-linux-x86_64, r-patched-solaris-sparc, r-patched-solaris-x86, r-release-linux-x86_64, r-release-osx-x86_64-mavericks, r-release-windows-ix86+x86_64, r-oldrel-windows-ix86+x86_64