CRAN Package Check Results for Package Digiroo2

Last updated on 2014-09-20 13:48:06.

Flavor Version Tinstall Tcheck Ttotal Status Flags
r-devel-linux-x86_64-debian-clang 0.6 4.41 57.75 62.16 NOTE
r-devel-linux-x86_64-debian-gcc 0.6 4.31 57.34 61.65 NOTE
r-devel-linux-x86_64-fedora-clang 0.6 149.77 NOTE
r-devel-linux-x86_64-fedora-gcc 0.6 174.14 NOTE
r-devel-osx-x86_64-clang 0.6 120.73 NOTE
r-devel-windows-ix86+x86_64 0.6 17.00 88.00 105.00 NOTE
r-patched-linux-x86_64 0.6 4.60 62.84 67.44 NOTE
r-patched-solaris-sparc 0.6 805.60 NOTE
r-patched-solaris-x86 0.6 200.50 NOTE
r-release-linux-ix86 0.6 5.48 76.96 82.43 NOTE
r-release-linux-x86_64 0.6 4.79 62.91 67.70 NOTE
r-release-osx-x86_64-mavericks 0.6 NOTE
r-release-windows-ix86+x86_64 0.6 16.00 109.00 125.00 NOTE
r-oldrel-windows-ix86+x86_64 0.6 18.00 98.00 116.00 NOTE

Check Details

Version: 0.6
Check: dependencies in R code
Result: NOTE
    'library' or 'require' calls to packages already attached by Depends:
     ‘maptools’ ‘spatstat’ ‘spdep’
     Please remove these calls from your code.
    See the information on DESCRIPTION files in the chapter ‘Creating R
    packages’ of the ‘Writing R Extensions’ manual.
Flavors: r-devel-linux-x86_64-debian-clang, r-devel-linux-x86_64-debian-gcc, r-devel-linux-x86_64-fedora-clang, r-devel-linux-x86_64-fedora-gcc, r-devel-osx-x86_64-clang, r-devel-windows-ix86+x86_64, r-patched-linux-x86_64, r-patched-solaris-sparc, r-patched-solaris-x86, r-release-linux-ix86, r-release-linux-x86_64, r-release-osx-x86_64-mavericks, r-release-windows-ix86+x86_64, r-oldrel-windows-ix86+x86_64

Version: 0.6
Check: R code for possible problems
Result: NOTE
    fAssocmatrix : fAssocmatrix1: no visible global function definition for
     ‘coordinates<-’
    fAssocplot: no visible global function definition for ‘coordinates’
    fDrawfigure: no visible global function definition for
     ‘SpatialPolygons’
    fDrawfigure: no visible global function definition for ‘spsample’
    fRanXY : <anonymous>: no visible global function definition for
     ‘spsample’
Flavors: r-devel-linux-x86_64-debian-clang, r-devel-linux-x86_64-debian-gcc, r-devel-linux-x86_64-fedora-clang, r-devel-linux-x86_64-fedora-gcc, r-devel-osx-x86_64-clang, r-devel-windows-ix86+x86_64

Version: 0.6
Check: Rd line widths
Result: NOTE
    Rd file 'fAssocmatrix.Rd':
     \examples lines wider than 100 characters:
     ## Run 20 permutations using individuals accoring to sighting probability (ave no. roos seen on survey = 6)
    
    These lines will be truncated in the PDF manual.
Flavors: r-devel-linux-x86_64-debian-clang, r-devel-linux-x86_64-debian-gcc, r-devel-linux-x86_64-fedora-clang, r-devel-linux-x86_64-fedora-gcc, r-patched-linux-x86_64, r-release-linux-x86_64