CRAN Package Check Results for Package DirichletReg

Last updated on 2019-06-19 18:52:32 CEST.

Flavor Version Tinstall Tcheck Ttotal Status Flags
r-devel-linux-x86_64-debian-clang 0.6-3.1 7.14 54.77 61.91 OK
r-devel-linux-x86_64-debian-gcc 0.6-3.1 5.68 44.13 49.81 OK
r-devel-linux-x86_64-fedora-clang 0.6-3.1 76.28 OK
r-devel-linux-x86_64-fedora-gcc 0.6-3.1 74.05 OK
r-devel-windows-ix86+x86_64 0.6-3.1 28.00 135.00 163.00 OK
r-patched-linux-x86_64 0.6-3.1 7.30 54.91 62.21 OK
r-patched-solaris-x86 0.6-3.1 120.30 OK
r-release-linux-x86_64 0.6-3.1 6.85 54.96 61.81 OK
r-release-windows-ix86+x86_64 0.6-3.1 40.00 145.00 185.00 OK
r-release-osx-x86_64 0.6-3.1 WARN
r-oldrel-windows-ix86+x86_64 0.6-3.1 15.00 180.00 195.00 OK
r-oldrel-osx-x86_64 0.6-3.1 OK

Check Details

Version: 0.6-3.1
Check: whether package can be installed
Result: WARN
    Found the following significant warnings:
     Warning: 'rgl_init' failed, running with rgl.useNULL = TRUE
Flavor: r-release-osx-x86_64