CRAN Package Check Results for Package DirichletReg

Last updated on 2015-08-30 15:46:40.

Flavor Version Tinstall Tcheck Ttotal Status Flags
r-devel-linux-x86_64-debian-clang 0.6-2 4.15 30.69 34.84 NOTE
r-devel-linux-x86_64-debian-gcc 0.6-2 2.82 30.02 32.84 NOTE
r-devel-linux-x86_64-fedora-clang 0.6-2 65.36 NOTE
r-devel-linux-x86_64-fedora-gcc 0.6-2 61.71 NOTE
r-devel-osx-x86_64-clang 0.6-2 58.42 OK
r-devel-windows-ix86+x86_64 0.6-2 17.00 72.00 89.00 NOTE
r-patched-linux-x86_64 0.6-2 3.08 30.96 34.04 OK
r-patched-solaris-sparc 0.6-2 400.20 OK
r-patched-solaris-x86 0.6-2 91.90 OK
r-release-linux-x86_64 0.6-2 3.22 30.59 33.81 OK
r-release-osx-x86_64-mavericks 0.6-2 OK
r-release-windows-ix86+x86_64 0.6-2 16.00 77.00 93.00 OK
r-oldrel-windows-ix86+x86_64 0.6-2 20.00 83.00 103.00 OK

Check Details

Version: 0.6-2
Check: R code for possible problems
Result: NOTE
    DirichReg: no visible global function definition for ‘flush.console’
    cmyk2rgb: no visible global function definition for ‘rgb’
    plot_DRdata_3d: no visible global function definition for ‘hsv’
    plot_DRdata_3d: no visible global function definition for ‘rgb’
    t3d: no visible global function definition for ‘trans3d’
    Undefined global functions or variables:
     flush.console hsv rgb trans3d
    Consider adding
     importFrom("grDevices", "hsv", "rgb", "trans3d")
     importFrom("utils", "flush.console")
    to your NAMESPACE.
Flavors: r-devel-linux-x86_64-debian-clang, r-devel-linux-x86_64-debian-gcc, r-devel-linux-x86_64-fedora-clang, r-devel-linux-x86_64-fedora-gcc, r-devel-windows-ix86+x86_64