CRAN Package Check Results for Package DirichletReg

Last updated on 2017-09-22 11:51:05.

Flavor Version Tinstall Tcheck Ttotal Status Flags
r-devel-linux-x86_64-debian-clang 0.6-3 3.86 40.53 44.39 NOTE
r-devel-linux-x86_64-debian-gcc 0.6-3 3.74 39.01 42.74 NOTE
r-devel-linux-x86_64-fedora-clang 0.6-3 79.77 NOTE
r-devel-linux-x86_64-fedora-gcc 0.6-3 77.05 NOTE
r-devel-windows-ix86+x86_64 0.6-3 12.00 94.00 106.00 OK
r-patched-linux-x86_64 0.6-3 3.71 38.30 42.01 NOTE
r-patched-solaris-x86 0.6-3 102.60 OK
r-release-linux-x86_64 0.6-3 3.89 39.74 43.63 NOTE
r-release-windows-ix86+x86_64 0.6-3 12.00 98.00 110.00 OK
r-release-osx-x86_64 0.6-3 NOTE
r-oldrel-windows-ix86+x86_64 0.6-3 14.00 86.00 100.00 OK
r-oldrel-osx-x86_64 0.6-3 WARN

Check Details

Version: 0.6-3
Check: compiled code
Result: NOTE
    File ‘DirichletReg/libs/DirichletReg.so’:
     Found no calls to: ‘R_registerRoutines’, ‘R_useDynamicSymbols’
    
    It is good practice to register native routines and to disable symbol
    search.
    
    See ‘Writing portable packages’ in the ‘Writing R Extensions’ manual.
Flavors: r-devel-linux-x86_64-debian-clang, r-devel-linux-x86_64-debian-gcc, r-devel-linux-x86_64-fedora-clang, r-devel-linux-x86_64-fedora-gcc, r-patched-linux-x86_64, r-release-linux-x86_64

Version: 0.6-3
Check: re-building of vignette outputs
Result: NOTE
    Error in re-building vignettes:
     ...
     not all rows sum up to 1 => normalization forced
    Warning in DR_data(Bld[31:36, 1:4]) :
     not all rows sum up to 1 => normalization forced
    Warning in DR_data(Bld[31:36, 1:4]) :
     not all rows sum up to 1 => normalization forced
    Warning in DR_data(BloodSamples[, c(1, 2, 4)]) :
     not all rows sum up to 1 => normalization forced
    only one variable in [0, 1] supplied - beta-distribution assumed.
    check this assumption.
    Error in texi2dvi(file = file, pdf = TRUE, clean = clean, quiet = quiet, :
     Running 'texi2dvi' on 'DirichletReg-vig.tex' failed.
    LaTeX errors:
    ! LaTeX Error: File `blkarray.sty' not found.
    
    Type X to quit or <RETURN> to proceed,
    or enter new name. (Default extension: sty)
    
    ! Emergency stop.
    <read *>
    
    l.50 ^^M
    
    ! ==> Fatal error occurred, no output PDF file produced!
    Calls: buildVignettes -> texi2pdf -> texi2dvi
    Execution halted
Flavor: r-release-osx-x86_64

Version: 0.6-3
Check: whether package can be installed
Result: WARN
    Found the following significant warnings:
     Warning: 'rgl_init' failed, running with rgl.useNULL = TRUE
Flavor: r-oldrel-osx-x86_64

Version: 0.6-3
Check: dependencies in R code
Result: NOTE
    Invalid MIT-MAGIC-COOKIE-1 key
Flavor: r-oldrel-osx-x86_64

Version: 0.6-3
Check: S3 generic/method consistency
Result: WARN
    Invalid MIT-MAGIC-COOKIE-1 key
    See section ‘Generic functions and methods’ in the ‘Writing R
    Extensions’ manual.
Flavor: r-oldrel-osx-x86_64

Version: 0.6-3
Check: replacement functions
Result: WARN
    Invalid MIT-MAGIC-COOKIE-1 key
    The argument of a replacement function which corresponds to the right
    hand side must be named ‘value’.
Flavor: r-oldrel-osx-x86_64

Version: 0.6-3
Check: foreign function calls
Result: NOTE
    Invalid MIT-MAGIC-COOKIE-1 key
    See chapter ‘System and foreign language interfaces’ in the ‘Writing R
    Extensions’ manual.
Flavor: r-oldrel-osx-x86_64

Version: 0.6-3
Check: R code for possible problems
Result: NOTE
    Invalid MIT-MAGIC-COOKIE-1 key
Flavor: r-oldrel-osx-x86_64

Version: 0.6-3
Check: for missing documentation entries
Result: WARN
    Invalid MIT-MAGIC-COOKIE-1 key
    All user-level objects in a package should have documentation entries.
    See chapter ‘Writing R documentation files’ in the ‘Writing R
    Extensions’ manual.
Flavor: r-oldrel-osx-x86_64

Version: 0.6-3
Check: for code/documentation mismatches
Result: WARN
    Invalid MIT-MAGIC-COOKIE-1 key
    Invalid MIT-MAGIC-COOKIE-1 key
    Invalid MIT-MAGIC-COOKIE-1 key
Flavor: r-oldrel-osx-x86_64

Version: 0.6-3
Check: Rd \usage sections
Result: NOTE
    Invalid MIT-MAGIC-COOKIE-1 key
    The \usage entries for S3 methods should use the \method markup and not
    their full name.
    See chapter ‘Writing R documentation files’ in the ‘Writing R
    Extensions’ manual.
Flavor: r-oldrel-osx-x86_64