CRAN Package Check Results for Package DirichletReg

Last updated on 2014-12-21 01:46:56.

Flavor Version Tinstall Tcheck Ttotal Status Flags
r-devel-linux-x86_64-debian-clang 0.6-1 3.38 35.19 38.58 OK
r-devel-linux-x86_64-debian-gcc 0.6-1 3.69 34.54 38.23 OK
r-devel-linux-x86_64-fedora-clang 0.6-1 78.50 OK
r-devel-linux-x86_64-fedora-gcc 0.6-1 73.02 OK
r-devel-osx-x86_64-clang 0.6-1 68.99 OK
r-devel-windows-ix86+x86_64 0.6-1 14.00 72.00 86.00 OK
r-patched-linux-x86_64 0.6-1 3.58 35.73 39.30 OK
r-patched-solaris-sparc 0.6-1 428.30 OK
r-patched-solaris-x86 0.6-1 100.30 OK
r-release-linux-ix86 0.6-1 4.46 45.51 49.97 OK
r-release-linux-x86_64 0.6-1 3.70 36.93 40.63 OK
r-release-osx-x86_64-mavericks 0.6-1 NOTE
r-release-osx-x86_64-snowleopard 0.6-1 OK
r-release-windows-ix86+x86_64 0.6-1 14.00 75.00 89.00 OK
r-oldrel-windows-ix86+x86_64 0.6-1 15.00 76.00 91.00 WARN

Check Details

Version: 0.6-1
Check: re-building of vignette outputs
Result: NOTE
    Error in re-building vignettes:
     ...
     not all rows sum up to 1 => normalization forced
    Warning in DR_data(ArcticLake[, 1:3]) :
     not all rows sum up to 1 => normalization forced
    Warning in DR_data(Bld[, 1:4]) :
     not all rows sum up to 1 => normalization forced
    Warning in DR_data(Bld[31:36, 1:4]) :
     not all rows sum up to 1 => normalization forced
    Warning in DR_data(Bld[31:36, 1:4]) :
     not all rows sum up to 1 => normalization forced
    Warning in DR_data(BloodSamples[, c(1, 2, 4)]) :
     not all rows sum up to 1 => normalization forced
    only one variable in [0, 1] supplied - beta-distribution assumed.
    check this assumption.
    Error in texi2dvi(file = file, pdf = TRUE, clean = clean, quiet = quiet, :
     Running 'texi2dvi' on 'DirichletReg-vig.tex' failed.
    LaTeX errors:
    ! LaTeX Error: File `blkarray.sty' not found.
    
    Type X to quit or <RETURN> to proceed,
    or enter new name. (Default extension: sty)
    
    /vign_test/DirichletReg/vignettes/DirichletReg-vig.tex:50: ==> Fatal error occ
    urred, no output PDF file produced!
    Calls: buildVignettes -> texi2pdf -> texi2dvi
    Execution halted
Flavor: r-release-osx-x86_64-mavericks

Version: 0.6-1
Check: for code/documentation mismatches
Result: WARN
    Data codoc mismatches from documentation object 'ArcticLake':
    Variables in data frame 'ArcticLake'
     Code: clay depth sand silt
     Docs: \code{clay \code{silt} depth sand}
    
    Data codoc mismatches from documentation object 'BloodSamples':
    Variables in data frame 'BloodSamples'
     Code: Albumin Disease Globulin.A Globulin.B New Pre.Albumin
     Docs: Albumin} Disease New \code{Globulin.A} \code{Globulin.B
     \code{Pre.Albumin}
    
    Data codoc mismatches from documentation object 'Rocks':
    Variables in data frame 'Rocks'
     Code: Albite Blandite Cornite Daubite Endite depth porosity type
     Docs: Albite} \code{Blandite} \code{Cornite} \code{Daubite}
     \code{Endite depth porosity type
Flavor: r-oldrel-windows-ix86+x86_64