CRAN Package Check Results for Package DirichletReg

Last updated on 2016-08-31 15:47:54.

Flavor Version Tinstall Tcheck Ttotal Status Flags
r-devel-linux-x86_64-debian-clang 0.6-3 4.04 36.85 40.89 OK
r-devel-linux-x86_64-debian-gcc 0.6-3 3.84 35.43 39.27 OK
r-devel-linux-x86_64-fedora-clang 0.6-3 61.58 OK
r-devel-linux-x86_64-fedora-gcc 0.6-3 58.77 OK
r-devel-osx-x86_64-clang 0.6-3 49.04 OK
r-devel-windows-ix86+x86_64 0.6-3 20.00 117.00 137.00 OK
r-patched-linux-x86_64 0.6-3 3.59 35.19 38.78 OK
r-patched-solaris-sparc 0.6-3 360.80 OK
r-patched-solaris-x86 0.6-3 86.40 OK
r-release-linux-x86_64 0.6-3 4.22 37.01 41.23 OK
r-release-osx-x86_64-mavericks 0.6-3 WARN
r-release-windows-ix86+x86_64 0.6-3 19.00 97.00 116.00 OK
r-oldrel-windows-ix86+x86_64 0.6-3 27.00 122.00 149.00 OK

Check Details

Version: 0.6-3
Check: whether package can be installed
Result: WARN
    Found the following significant warnings:
     Warning: 'rgl_init' failed, running with rgl.useNULL = TRUE
Flavor: r-release-osx-x86_64-mavericks

Version: 0.6-3
Check: dependencies in R code
Result: NOTE
    Invalid MIT-MAGIC-COOKIE-1 key
Flavor: r-release-osx-x86_64-mavericks

Version: 0.6-3
Check: S3 generic/method consistency
Result: WARN
    Invalid MIT-MAGIC-COOKIE-1 key
    See section ‘Generic functions and methods’ in the ‘Writing R
    Extensions’ manual.
Flavor: r-release-osx-x86_64-mavericks

Version: 0.6-3
Check: replacement functions
Result: WARN
    Invalid MIT-MAGIC-COOKIE-1 key
    The argument of a replacement function which corresponds to the right
    hand side must be named ‘value’.
Flavor: r-release-osx-x86_64-mavericks

Version: 0.6-3
Check: foreign function calls
Result: NOTE
    Invalid MIT-MAGIC-COOKIE-1 key
    See chapter ‘System and foreign language interfaces’ in the ‘Writing R
    Extensions’ manual.
Flavor: r-release-osx-x86_64-mavericks

Version: 0.6-3
Check: R code for possible problems
Result: NOTE
    Invalid MIT-MAGIC-COOKIE-1 key
Flavor: r-release-osx-x86_64-mavericks

Version: 0.6-3
Check: for missing documentation entries
Result: WARN
    Invalid MIT-MAGIC-COOKIE-1 key
    All user-level objects in a package should have documentation entries.
    See chapter ‘Writing R documentation files’ in the ‘Writing R
    Extensions’ manual.
Flavor: r-release-osx-x86_64-mavericks

Version: 0.6-3
Check: for code/documentation mismatches
Result: WARN
    Invalid MIT-MAGIC-COOKIE-1 key
    Invalid MIT-MAGIC-COOKIE-1 key
    Invalid MIT-MAGIC-COOKIE-1 key
Flavor: r-release-osx-x86_64-mavericks

Version: 0.6-3
Check: Rd \usage sections
Result: NOTE
    Invalid MIT-MAGIC-COOKIE-1 key
    The \usage entries for S3 methods should use the \method markup and not
    their full name.
    See chapter ‘Writing R documentation files’ in the ‘Writing R
    Extensions’ manual.
Flavor: r-release-osx-x86_64-mavericks