CRAN Package Check Results for Package DirichletReg

Last updated on 2014-08-20 15:50:13.

Flavor Version Tinstall Tcheck Ttotal Status Flags
r-devel-linux-x86_64-debian-clang 0.4-0 2.78 33.63 36.41 NOTE
r-devel-linux-x86_64-debian-gcc 0.4-0 2.71 31.95 34.66 NOTE
r-devel-linux-x86_64-fedora-clang 0.4-0 75.46 NOTE
r-devel-linux-x86_64-fedora-gcc 0.4-0 71.33 NOTE
r-devel-osx-x86_64-clang 0.4-0 64.49 NOTE
r-devel-windows-ix86+x86_64 0.4-0 8.00 54.00 62.00 NOTE
r-patched-linux-x86_64 0.4-0 2.77 33.21 35.98 NOTE
r-patched-solaris-sparc 0.4-0 411.40 NOTE
r-patched-solaris-x86 0.4-0 88.70 NOTE
r-release-linux-ix86 0.4-0 3.45 48.39 51.84 NOTE
r-release-linux-x86_64 0.4-0 2.84 33.85 36.69 NOTE
r-release-osx-x86_64-mavericks 0.4-0 NOTE
r-release-osx-x86_64-snowleopard 0.4-0 WARN
r-release-windows-ix86+x86_64 0.4-0 8.00 60.00 68.00 NOTE
r-oldrel-windows-ix86+x86_64 0.4-0 8.00 58.00 66.00 NOTE

Check Details

Version: 0.4-0
Check: dependencies in R code
Result: NOTE
    Namespaces in Imports field not imported from:
     ‘graphics’ ‘methods’
     All declared Imports should be used.
    Packages in Depends field not imported from:
     ‘Formula’ ‘maxLik’ ‘rgl’
     These packages need to be imported from (in the NAMESPACE file)
     for when this namespace is loaded but not attached.
    See the information on DESCRIPTION files in the chapter ‘Creating R
    packages’ of the ‘Writing R Extensions’ manual.
Flavors: r-devel-linux-x86_64-debian-clang, r-devel-linux-x86_64-debian-gcc, r-devel-linux-x86_64-fedora-clang, r-devel-linux-x86_64-fedora-gcc, r-devel-osx-x86_64-clang, r-devel-windows-ix86+x86_64, r-patched-linux-x86_64, r-patched-solaris-sparc, r-patched-solaris-x86, r-release-linux-ix86, r-release-linux-x86_64, r-release-osx-x86_64-mavericks, r-release-windows-ix86+x86_64, r-oldrel-windows-ix86+x86_64

Version: 0.4-0
Check: R code for possible problems
Result: NOTE
    DirichMixture : <anonymous>: no visible global function definition for
     ‘maxBFGS’
    DirichReg: no visible global function definition for ‘as.Formula’
    DirichReg_fit: no visible global function definition for ‘maxBFGS’
    DirichReg_fit: no visible global function definition for ‘maxNR’
    get_starting_values : <anonymous>: no visible global function
     definition for ‘maxBFGS’
    plot_DRdata_4d: no visible global function definition for ‘view3d’
    plot_DRdata_4d: no visible global function definition for ‘segments3d’
    plot_DRdata_4d: no visible global function definition for ‘points3d’
    plot_DRdata_4d: no visible global function definition for ‘text3d’
    predict.DirichletRegModel : <anonymous>: no visible global function
     definition for ‘Formula’
    predict.DirichletRegModel: no visible global function definition for
     ‘Formula’
Flavors: r-devel-linux-x86_64-fedora-clang, r-devel-linux-x86_64-fedora-gcc, r-devel-osx-x86_64-clang

Version: 0.4-0
Check: re-building of vignette outputs
Result: NOTE
    Error in re-building vignettes:
     ...
    Warning in DR_data(ArcticLake[, 1:3]) :
     not all rows sum up to 1 => normalization forced
    Warning in DR_data(ArcticLake[, 1:3]) :
     not all rows sum up to 1 => normalization forced
    Warning in DR_data(Bld[, 1:4]) :
     not all rows sum up to 1 => normalization forced
    Warning in DR_data(Bld[31:36, 1:4]) :
     not all rows sum up to 1 => normalization forced
    Warning in DR_data(Bld[31:36, 1:4]) :
     not all rows sum up to 1 => normalization forced
    Warning in DR_data(BloodSamples[, c(1, 2, 4)]) :
     not all rows sum up to 1 => normalization forced
    only one variable in [0, 1] supplied - beta-distribution assumed. check this assumption.
    Error in texi2dvi(file = file, pdf = TRUE, clean = clean, quiet = quiet, :
     Running 'texi2dvi' on 'DirichletReg-vig.tex' failed.
    LaTeX errors:
    ! LaTeX Error: File `blkarray.sty' not found.
    
    Type X to quit or <RETURN> to proceed,
    or enter new name. (Default extension: sty)
    
    /vign_test/DirichletReg/vignettes/DirichletReg-vig.tex:47: ==> Fatal error occ
    urred, no output PDF file produced!
    Calls: buildVignettes -> texi2pdf -> texi2dvi
    Execution halted
Flavor: r-release-osx-x86_64-mavericks

Version: 0.4-0
Check: dependencies in R code
Result: NOTE
    Namespaces in Imports field not imported from:
     'graphics' 'methods'
     All declared Imports should be used.
    Packages in Depends field not imported from:
     'Formula' 'maxLik' 'rgl'
     These packages need to be imported from for the case when
     this namespace is loaded but not attached.
    See the information on DESCRIPTION files in the chapter 'Creating R
    packages' of the 'Writing R Extensions' manual.
Flavor: r-release-osx-x86_64-snowleopard

Version: 0.4-0
Check: examples
Result: WARNING
    checking a package with encoding 'latin1' in an ASCII locale
    
     OK
Flavor: r-release-osx-x86_64-snowleopard

Version: 0.4-0
Check: re-building of vignette outputs
Result: NOTE
    Error in re-building vignettes:
     ...
    This is DirichletReg 0.4-0
    DirichletReg is BETA software
    Please report any bugs to marco.maier@wu.ac.at
    Warning in DR_data(ArcticLake[, 1:3]) :
     not all rows sum up to 1 => normalization forced
    Warning in DR_data(ArcticLake[, 1:3]) :
     not all rows sum up to 1 => normalization forced
    Warning in DR_data(Bld[, 1:4]) :
     not all rows sum up to 1 => normalization forced
    Warning in DR_data(Bld[31:36, 1:4]) :
     not all rows sum up to 1 => normalization forced
    Warning in DR_data(Bld[31:36, 1:4]) :
     not all rows sum up to 1 => normalization forced
    Warning in DR_data(BloodSamples[, c(1, 2, 4)]) :
     not all rows sum up to 1 => normalization forced
    only one variable in [0, 1] supplied - beta-distribution assumed. check this assumption.
    Error in texi2dvi(file = file, pdf = TRUE, clean = clean, quiet = quiet, :
     Running 'texi2dvi' on 'DirichletReg-vig.tex' failed.
    LaTeX errors:
    ! LaTeX Error: File `blkarray.sty' not found.
    
    Type X to quit or <RETURN> to proceed,
    or enter new name. (Default extension: sty)
    Calls: buildVignettes -> texi2pdf -> texi2dvi
    Execution halted
Flavor: r-release-osx-x86_64-snowleopard