CRAN Package Check Results for Package DirichletReg

Last updated on 2015-05-28 19:47:15.

Flavor Version Tinstall Tcheck Ttotal Status Flags
r-devel-linux-x86_64-debian-clang 0.6-2 3.03 30.96 33.98 OK
r-devel-linux-x86_64-debian-gcc 0.6-2 3.04 29.98 33.02 OK
r-devel-linux-x86_64-fedora-clang 0.6-2 68.73 OK
r-devel-linux-x86_64-fedora-gcc 0.6-2 64.44 OK
r-devel-osx-x86_64-clang 0.6-2 62.44 OK
r-devel-windows-ix86+x86_64 0.6-2 13.00 66.00 79.00 OK
r-patched-linux-x86_64 0.6-2 3.02 31.08 34.10 OK
r-patched-solaris-sparc 0.6-2 396.40 OK
r-patched-solaris-x86 0.6-2 86.40 OK
r-release-linux-x86_64 0.6-2 3.23 30.72 33.95 OK
r-release-osx-x86_64-mavericks 0.6-2 OK
r-release-osx-x86_64-snowleopard 0.6-2 ERROR
r-release-windows-ix86+x86_64 0.6-2 13.00 66.00 79.00 OK
r-oldrel-windows-ix86+x86_64 0.6-2 15.00 76.00 91.00 OK

Check Details

Version: 0.6-2
Check: package dependencies
Result: ERROR
    Package required but not available: ‘maxLik’
    
    See section ‘The DESCRIPTION file’ in the ‘Writing R Extensions’
    manual.
Flavor: r-release-osx-x86_64-snowleopard