CRAN Package Check Results for Package DirichletReg

Last updated on 2017-02-23 23:49:23.

Flavor Version Tinstall Tcheck Ttotal Status Flags
r-devel-linux-x86_64-debian-clang 0.6-3 3.77 40.06 43.83 NOTE
r-devel-linux-x86_64-debian-gcc 0.6-3 3.81 38.71 42.52 NOTE
r-devel-linux-x86_64-fedora-clang 0.6-3 77.26 NOTE --no-stop-on-test-error
r-devel-linux-x86_64-fedora-gcc 0.6-3 77.10 NOTE --no-stop-on-test-error
r-devel-macos-x86_64-clang 0.6-3 62.14 NOTE --no-stop-on-test-error
r-devel-windows-ix86+x86_64 0.6-3 19.00 126.00 145.00 OK
r-patched-linux-x86_64 0.6-3 3.67 34.99 38.65 OK
r-patched-solaris-sparc 0.6-3 416.40 OK
r-patched-solaris-x86 0.6-3 87.90 OK
r-release-linux-x86_64 0.6-3 4.36 36.51 40.87 OK
r-release-osx-x86_64-mavericks 0.6-3 WARN
r-release-windows-ix86+x86_64 0.6-3 25.00 119.00 144.00 OK
r-oldrel-windows-ix86+x86_64 0.6-3 20.00 133.00 153.00 OK

Check Details

Version: 0.6-3
Check: compiled code
Result: NOTE
    File ‘DirichletReg/libs/DirichletReg.so’:
     Found no calls to: ‘R_registerRoutines’, ‘R_useDynamicSymbols’
    
    It is good practice to register native routines and to disable symbol
    search.
    
    See ‘Writing portable packages’ in the ‘Writing R Extensions’ manual.
Flavors: r-devel-linux-x86_64-debian-clang, r-devel-linux-x86_64-debian-gcc

Version: 0.6-3
Flags: --no-stop-on-test-error
Check: compiled code
Result: NOTE
    File ‘DirichletReg/libs/DirichletReg.so’:
     Found no calls to: ‘R_registerRoutines’, ‘R_useDynamicSymbols’
    
    It is good practice to register native routines and to disable symbol
    search.
    
    See ‘Writing portable packages’ in the ‘Writing R Extensions’ manual.
Flavors: r-devel-linux-x86_64-fedora-clang, r-devel-linux-x86_64-fedora-gcc, r-devel-macos-x86_64-clang

Version: 0.6-3
Check: whether package can be installed
Result: WARN
    Found the following significant warnings:
     Warning: 'rgl_init' failed, running with rgl.useNULL = TRUE
Flavor: r-release-osx-x86_64-mavericks

Version: 0.6-3
Check: dependencies in R code
Result: NOTE
    Invalid MIT-MAGIC-COOKIE-1 key
Flavor: r-release-osx-x86_64-mavericks

Version: 0.6-3
Check: S3 generic/method consistency
Result: WARN
    Invalid MIT-MAGIC-COOKIE-1 key
    See section ‘Generic functions and methods’ in the ‘Writing R
    Extensions’ manual.
Flavor: r-release-osx-x86_64-mavericks

Version: 0.6-3
Check: replacement functions
Result: WARN
    Invalid MIT-MAGIC-COOKIE-1 key
    The argument of a replacement function which corresponds to the right
    hand side must be named ‘value’.
Flavor: r-release-osx-x86_64-mavericks

Version: 0.6-3
Check: foreign function calls
Result: NOTE
    Invalid MIT-MAGIC-COOKIE-1 key
    See chapter ‘System and foreign language interfaces’ in the ‘Writing R
    Extensions’ manual.
Flavor: r-release-osx-x86_64-mavericks

Version: 0.6-3
Check: R code for possible problems
Result: NOTE
    Invalid MIT-MAGIC-COOKIE-1 key
Flavor: r-release-osx-x86_64-mavericks

Version: 0.6-3
Check: for missing documentation entries
Result: WARN
    Invalid MIT-MAGIC-COOKIE-1 key
    All user-level objects in a package should have documentation entries.
    See chapter ‘Writing R documentation files’ in the ‘Writing R
    Extensions’ manual.
Flavor: r-release-osx-x86_64-mavericks

Version: 0.6-3
Check: for code/documentation mismatches
Result: WARN
    Invalid MIT-MAGIC-COOKIE-1 key
    Invalid MIT-MAGIC-COOKIE-1 key
    Invalid MIT-MAGIC-COOKIE-1 key
Flavor: r-release-osx-x86_64-mavericks

Version: 0.6-3
Check: Rd \usage sections
Result: NOTE
    Invalid MIT-MAGIC-COOKIE-1 key
    The \usage entries for S3 methods should use the \method markup and not
    their full name.
    See chapter ‘Writing R documentation files’ in the ‘Writing R
    Extensions’ manual.
Flavor: r-release-osx-x86_64-mavericks