CRAN Package Check Results for Package DirichletReg

Last updated on 2014-04-18 05:48:02.

Flavor Version Tinstall Tcheck Ttotal Status Flags
r-devel-linux-x86_64-debian-clang 0.4-0 3.11 34.47 37.58 NOTE
r-devel-linux-x86_64-debian-gcc NOTE
r-devel-linux-x86_64-fedora-clang 0.4-0 78.04 NOTE
r-devel-linux-x86_64-fedora-gcc 0.4-0 74.76 NOTE
r-devel-macosx-x86_64-clang 0.4-0 70.63 NOTE
r-devel-macosx-x86_64-gcc 0.4-0 ERROR
r-devel-windows-ix86+x86_64 0.4-0 7.00 58.00 65.00 NOTE
r-patched-linux-x86_64 0.4-0 2.96 36.01 38.97 NOTE
r-patched-solaris-sparc 0.4-0 414.10 NOTE
r-patched-solaris-x86 0.4-0 88.30 NOTE
r-release-linux-ix86 0.4-0 6.00 82.00 88.00 NOTE
r-release-linux-x86_64 0.4-0 2.90 35.50 38.40 NOTE
r-release-macosx-x86_64 0.4-0 WARN
r-release-windows-ix86+x86_64 0.4-0 9.00 59.00 68.00 NOTE
r-oldrel-windows-ix86+x86_64 0.4-0 8.00 54.00 62.00 NOTE

Check Details

Version: 0.4-0
Check: dependencies in R code
Result: NOTE
    Namespaces in Imports field not imported from:
     ‘graphics’ ‘methods’
     All declared Imports should be used.
    Packages in Depends field not imported from:
     ‘Formula’ ‘maxLik’ ‘rgl’
     These packages need to be imported from (in the NAMESPACE file)
     for when this namespace is loaded but not attached.
    See the information on DESCRIPTION files in the chapter ‘Creating R
    packages’ of the ‘Writing R Extensions’ manual.
Flavors: r-devel-linux-x86_64-debian-clang, r-devel-linux-x86_64-debian-gcc, r-devel-linux-x86_64-fedora-clang, r-devel-linux-x86_64-fedora-gcc, r-devel-macosx-x86_64-clang, r-devel-windows-ix86+x86_64, r-patched-linux-x86_64, r-patched-solaris-sparc, r-patched-solaris-x86, r-release-linux-ix86, r-release-linux-x86_64, r-release-windows-ix86+x86_64, r-oldrel-windows-ix86+x86_64

Version: 0.4-0
Check: package dependencies
Result: ERROR
    Package required but not available: ‘maxLik’
    
    See the information on DESCRIPTION files in the chapter ‘Creating R
    packages’ of the ‘Writing R Extensions’ manual.
Flavor: r-devel-macosx-x86_64-gcc

Version: 0.4-0
Check: dependencies in R code
Result: NOTE
    Namespaces in Imports field not imported from:
     'graphics' 'methods'
     All declared Imports should be used.
    Packages in Depends field not imported from:
     'Formula' 'maxLik' 'rgl'
     These packages need to be imported from for the case when
     this namespace is loaded but not attached.
    See the information on DESCRIPTION files in the chapter 'Creating R
    packages' of the 'Writing R Extensions' manual.
Flavor: r-release-macosx-x86_64

Version: 0.4-0
Check: examples
Result: WARNING
    checking a package with encoding 'latin1' in an ASCII locale
    
     OK
Flavor: r-release-macosx-x86_64

Version: 0.4-0
Check: re-building of vignette outputs
Result: NOTE
    Error in re-building vignettes:
     ...
    This is DirichletReg 0.4-0
    DirichletReg is BETA software
    Please report any bugs to marco.maier@wu.ac.at
    Warning in DR_data(ArcticLake[, 1:3]) :
     not all rows sum up to 1 => normalization forced
    Warning in DR_data(ArcticLake[, 1:3]) :
     not all rows sum up to 1 => normalization forced
    Warning in DR_data(Bld[, 1:4]) :
     not all rows sum up to 1 => normalization forced
    Warning in DR_data(Bld[31:36, 1:4]) :
     not all rows sum up to 1 => normalization forced
    Warning in DR_data(Bld[31:36, 1:4]) :
     not all rows sum up to 1 => normalization forced
    Warning in DR_data(BloodSamples[, c(1, 2, 4)]) :
     not all rows sum up to 1 => normalization forced
    only one variable in [0, 1] supplied - beta-distribution assumed. check this assumption.
    Error in texi2dvi(file = file, pdf = TRUE, clean = clean, quiet = quiet, :
     Running 'texi2dvi' on 'DirichletReg-vig.tex' failed.
    LaTeX errors:
    ! LaTeX Error: File `blkarray.sty' not found.
    
    Type X to quit or <RETURN> to proceed,
    or enter new name. (Default extension: sty)
    Calls: buildVignettes -> texi2pdf -> texi2dvi
    Execution halted
Flavor: r-release-macosx-x86_64