CRAN Package Check Results for Package DirichletReg

Last updated on 2015-01-31 04:47:51.

Flavor Version Tinstall Tcheck Ttotal Status Flags
r-devel-linux-x86_64-debian-clang 0.6-1 2.96 31.21 34.17 OK
r-devel-linux-x86_64-debian-gcc 0.6-1 2.97 29.34 32.31 OK
r-devel-linux-x86_64-fedora-clang 0.6-1 72.56 OK
r-devel-linux-x86_64-fedora-gcc 0.6-1 69.08 OK
r-devel-osx-x86_64-clang 0.6-1 74.32 OK
r-devel-windows-ix86+x86_64 0.6-1 20.00 65.00 85.00 OK
r-patched-linux-x86_64 0.6-1 3.59 36.12 39.70 OK
r-patched-solaris-sparc 0.6-1 450.10 OK
r-patched-solaris-x86 0.6-1 100.70 OK
r-release-linux-ix86 0.6-1 4.42 46.16 50.58 OK
r-release-linux-x86_64 0.6-1 3.61 35.42 39.03 OK
r-release-osx-x86_64-mavericks 0.6-1 OK
r-release-osx-x86_64-snowleopard 0.6-1 OK
r-release-windows-ix86+x86_64 0.6-1 13.00 75.00 88.00 OK
r-oldrel-windows-ix86+x86_64 0.6-1 14.00 83.00 97.00 WARN

Check Details

Version: 0.6-1
Check: for code/documentation mismatches
Result: WARN
    Data codoc mismatches from documentation object 'ArcticLake':
    Variables in data frame 'ArcticLake'
     Code: clay depth sand silt
     Docs: \code{clay \code{silt} depth sand}
    
    Data codoc mismatches from documentation object 'BloodSamples':
    Variables in data frame 'BloodSamples'
     Code: Albumin Disease Globulin.A Globulin.B New Pre.Albumin
     Docs: Albumin} Disease New \code{Globulin.A} \code{Globulin.B
     \code{Pre.Albumin}
    
    Data codoc mismatches from documentation object 'Rocks':
    Variables in data frame 'Rocks'
     Code: Albite Blandite Cornite Daubite Endite depth porosity type
     Docs: Albite} \code{Blandite} \code{Cornite} \code{Daubite}
     \code{Endite depth porosity type
Flavor: r-oldrel-windows-ix86+x86_64