CRAN Package Check Results for Package DirichletReg

Last updated on 2016-07-29 11:49:32.

Flavor Version Tinstall Tcheck Ttotal Status Flags
r-devel-linux-x86_64-debian-clang 0.6-3 3.34 30.82 34.16 OK
r-devel-linux-x86_64-debian-gcc 0.6-3 4.20 35.37 39.57 OK
r-devel-linux-x86_64-fedora-clang 0.6-3 69.84 OK
r-devel-linux-x86_64-fedora-gcc 0.6-3 56.28 OK
r-devel-osx-x86_64-clang 0.6-3 49.33 OK
r-devel-windows-ix86+x86_64 0.6-3 14.00 78.00 92.00 OK
r-patched-linux-x86_64 0.6-3 3.79 39.35 43.14 OK
r-patched-solaris-sparc 0.6-3 360.80 OK
r-patched-solaris-x86 0.6-3 72.80 OK
r-release-linux-x86_64 0.6-3 4.32 39.47 43.78 OK
r-release-osx-x86_64-mavericks 0.6-3 WARN
r-release-windows-ix86+x86_64 0.6-3 16.00 97.00 113.00 OK
r-oldrel-windows-ix86+x86_64 0.6-3 16.00 106.00 122.00 OK

Check Details

Version: 0.6-3
Check: whether package can be installed
Result: WARN
    Found the following significant warnings:
     Warning: 'rgl_init' failed, running with rgl.useNULL = TRUE
Flavor: r-release-osx-x86_64-mavericks

Version: 0.6-3
Check: dependencies in R code
Result: NOTE
    Invalid MIT-MAGIC-COOKIE-1 key
Flavor: r-release-osx-x86_64-mavericks

Version: 0.6-3
Check: S3 generic/method consistency
Result: WARN
    Invalid MIT-MAGIC-COOKIE-1 key
    See section ‘Generic functions and methods’ in the ‘Writing R
    Extensions’ manual.
Flavor: r-release-osx-x86_64-mavericks

Version: 0.6-3
Check: replacement functions
Result: WARN
    Invalid MIT-MAGIC-COOKIE-1 key
    The argument of a replacement function which corresponds to the right
    hand side must be named ‘value’.
Flavor: r-release-osx-x86_64-mavericks

Version: 0.6-3
Check: foreign function calls
Result: NOTE
    Invalid MIT-MAGIC-COOKIE-1 key
    See chapter ‘System and foreign language interfaces’ in the ‘Writing R
    Extensions’ manual.
Flavor: r-release-osx-x86_64-mavericks

Version: 0.6-3
Check: R code for possible problems
Result: NOTE
    Invalid MIT-MAGIC-COOKIE-1 key
Flavor: r-release-osx-x86_64-mavericks

Version: 0.6-3
Check: for missing documentation entries
Result: WARN
    Invalid MIT-MAGIC-COOKIE-1 key
    All user-level objects in a package should have documentation entries.
    See chapter ‘Writing R documentation files’ in the ‘Writing R
    Extensions’ manual.
Flavor: r-release-osx-x86_64-mavericks

Version: 0.6-3
Check: for code/documentation mismatches
Result: WARN
    Invalid MIT-MAGIC-COOKIE-1 key
    Invalid MIT-MAGIC-COOKIE-1 key
    Invalid MIT-MAGIC-COOKIE-1 key
Flavor: r-release-osx-x86_64-mavericks

Version: 0.6-3
Check: Rd \usage sections
Result: NOTE
    Invalid MIT-MAGIC-COOKIE-1 key
    The \usage entries for S3 methods should use the \method markup and not
    their full name.
    See chapter ‘Writing R documentation files’ in the ‘Writing R
    Extensions’ manual.
Flavor: r-release-osx-x86_64-mavericks