CRAN Package Check Results for Package DirichletReg

Last updated on 2014-11-01 03:48:43.

Flavor Version Tinstall Tcheck Ttotal Status Flags
r-devel-linux-x86_64-debian-clang 0.5-2 2.96 37.01 39.97 OK
r-devel-linux-x86_64-debian-gcc 0.5-2 2.94 36.16 39.10 OK
r-devel-linux-x86_64-fedora-clang 0.5-2 78.26 OK
r-devel-linux-x86_64-fedora-gcc 0.5-2 73.65 OK
r-devel-osx-x86_64-clang 0.5-2 70.94 OK
r-devel-windows-ix86+x86_64 0.5-2 11.00 71.00 82.00 OK
r-patched-linux-x86_64 0.5-2 3.24 38.23 41.46 OK
r-patched-solaris-sparc 0.5-2 415.00 OK
r-patched-solaris-x86 0.5-2 99.40 OK
r-release-linux-ix86 0.5-2 3.96 49.45 53.41 OK
r-release-linux-x86_64 0.5-2 3.92 37.23 41.15 OK
r-release-osx-x86_64-mavericks 0.5-2 NOTE
r-release-osx-x86_64-snowleopard 0.5-2 OK
r-release-windows-ix86+x86_64 0.5-2 10.00 77.00 87.00 OK
r-oldrel-windows-ix86+x86_64 0.5-2 10.00 76.00 86.00 WARN

Check Details

Version: 0.5-2
Check: re-building of vignette outputs
Result: NOTE
    Error in re-building vignettes:
     ...
    Warning in DR_data(BloodSamples[, c(1, 2, 4)]) :
     not all rows sum up to 1 => normalization forced
    Warning: 'DirichletReg:::coord.trafo' is deprecated.
    Use 'toSimplex' instead.
    See help("Deprecated")
    Warning: 'DirichletReg:::coord.trafo' is deprecated.
    Use 'toSimplex' instead.
    See help("Deprecated")
    Warning: 'DirichletReg:::coord.trafo' is deprecated.
    Use 'toSimplex' instead.
    See help("Deprecated")
    only one variable in [0, 1] supplied - beta-distribution assumed.
    check this assumption.
    Error in texi2dvi(file = file, pdf = TRUE, clean = clean, quiet = quiet, :
     Running 'texi2dvi' on 'DirichletReg-vig.tex' failed.
    LaTeX errors:
    ! LaTeX Error: File `blkarray.sty' not found.
    
    Type X to quit or <RETURN> to proceed,
    or enter new name. (Default extension: sty)
    
    /vign_test/DirichletReg/vignettes/DirichletReg-vig.tex:50: ==> Fatal error occ
    urred, no output PDF file produced!
    Calls: buildVignettes -> texi2pdf -> texi2dvi
    Execution halted
Flavor: r-release-osx-x86_64-mavericks

Version: 0.5-2
Check: for code/documentation mismatches
Result: WARN
    Data codoc mismatches from documentation object 'ArcticLake':
    Variables in data frame 'ArcticLake'
     Code: clay depth sand silt
     Docs: \code{clay \code{silt} depth sand}
    
    Data codoc mismatches from documentation object 'BloodSamples':
    Variables in data frame 'BloodSamples'
     Code: Albumin Disease Globulin.A Globulin.B New Pre.Albumin
     Docs: Albumin} Disease New \code{Globulin.A} \code{Globulin.B
     \code{Pre.Albumin}
    
    Data codoc mismatches from documentation object 'Rocks':
    Variables in data frame 'Rocks'
     Code: Albite Blandite Cornite Daubite Endite depth porosity type
     Docs: Albite} \code{Blandite} \code{Cornite} \code{Daubite}
     \code{Endite depth porosity type
Flavor: r-oldrel-windows-ix86+x86_64