CRAN Package Check Results for Package DirichletReg

Last updated on 2015-07-28 23:47:28.

Flavor Version Tinstall Tcheck Ttotal Status Flags
r-devel-linux-x86_64-debian-clang 0.6-2 3.00 30.92 33.92 NOTE
r-devel-linux-x86_64-debian-gcc 0.6-2 3.26 30.76 34.02 NOTE
r-devel-linux-x86_64-fedora-clang 0.6-2 66.01 NOTE
r-devel-linux-x86_64-fedora-gcc 0.6-2 61.83 NOTE
r-devel-osx-x86_64-clang 0.6-2 62.03 OK
r-devel-windows-ix86+x86_64 0.6-2 12.00 63.00 75.00 NOTE
r-patched-linux-x86_64 0.6-2 3.02 33.74 36.77 OK
r-patched-solaris-sparc 0.6-2 400.20 OK
r-patched-solaris-x86 0.6-2 84.00 OK
r-release-linux-x86_64 0.6-2 3.00 32.12 35.12 OK
r-release-osx-x86_64-mavericks 0.6-2 OK
r-release-windows-ix86+x86_64 0.6-2 16.00 70.00 86.00 OK
r-oldrel-windows-ix86+x86_64 0.6-2 13.00 83.00 96.00 OK

Check Details

Version: 0.6-2
Check: R code for possible problems
Result: NOTE
    DirichReg: no visible global function definition for ‘flush.console’
    cmyk2rgb: no visible global function definition for ‘rgb’
    plot_DRdata_3d: no visible global function definition for ‘hsv’
    plot_DRdata_3d: no visible global function definition for ‘rgb’
    t3d: no visible global function definition for ‘trans3d’
    Undefined global functions or variables:
     flush.console hsv rgb trans3d
    Consider adding
     importFrom("grDevices", "hsv", "rgb", "trans3d")
     importFrom("utils", "flush.console")
    to your NAMESPACE.
Flavors: r-devel-linux-x86_64-debian-clang, r-devel-linux-x86_64-debian-gcc, r-devel-linux-x86_64-fedora-clang, r-devel-linux-x86_64-fedora-gcc, r-devel-windows-ix86+x86_64