CRAN Package Check Results for Package DirichletReg

Last updated on 2015-04-18 03:50:12.

Flavor Version Tinstall Tcheck Ttotal Status Flags
r-devel-linux-x86_64-debian-clang 0.6-2 3.07 31.75 34.82 OK
r-devel-linux-x86_64-debian-gcc 0.6-2 2.93 30.60 33.53 OK
r-devel-linux-x86_64-fedora-clang 0.6-2 66.62 OK
r-devel-linux-x86_64-fedora-gcc 0.6-2 65.09 OK
r-devel-osx-x86_64-clang 0.6-2 64.50 OK
r-prerel-windows-ix86+x86_64 0.6-2 13.00 70.00 83.00 OK
r-prerel-linux-x86_64 0.6-2 2.91 29.99 32.90 OK
r-prerel-solaris-sparc 0.6-2 420.30 OK
r-prerel-solaris-x86 0.6-2 87.00 OK
r-release-linux-x86_64 0.6-2 3.68 35.93 39.61 OK
r-release-osx-x86_64-mavericks 0.6-2 OK
r-release-osx-x86_64-snowleopard 0.6-2 OK
r-release-windows-ix86+x86_64 0.6-2 15.00 102.00 117.00 OK
r-oldrel-windows-ix86+x86_64 0.6-2 15.00 101.00 116.00 WARN

Check Details

Version: 0.6-2
Check: for code/documentation mismatches
Result: WARN
    Data codoc mismatches from documentation object 'ArcticLake':
    Variables in data frame 'ArcticLake'
     Code: clay depth sand silt
     Docs: \code{clay \code{silt} depth sand}
    
    Data codoc mismatches from documentation object 'BloodSamples':
    Variables in data frame 'BloodSamples'
     Code: Albumin Disease Globulin.A Globulin.B New Pre.Albumin
     Docs: Albumin} Disease New \code{Globulin.A} \code{Globulin.B
     \code{Pre.Albumin}
    
    Data codoc mismatches from documentation object 'Rocks':
    Variables in data frame 'Rocks'
     Code: Albite Blandite Cornite Daubite Endite depth porosity type
     Docs: Albite} \code{Blandite} \code{Cornite} \code{Daubite}
     \code{Endite depth porosity type
Flavor: r-oldrel-windows-ix86+x86_64