CRAN Package Check Results for Package DirichletReg

Last updated on 2015-03-01 12:47:33.

Flavor Version Tinstall Tcheck Ttotal Status Flags
r-devel-linux-x86_64-debian-clang 0.6-2 3.17 30.81 33.98 OK
r-devel-linux-x86_64-debian-gcc 0.6-2 2.96 29.74 32.70 OK
r-devel-linux-x86_64-fedora-clang 0.6-2 68.06 OK
r-devel-linux-x86_64-fedora-gcc 0.6-2 64.28 OK
r-devel-osx-x86_64-clang 0.6-2 60.43 OK
r-devel-windows-ix86+x86_64 0.6-2 19.00 64.00 83.00 OK
r-patched-linux-x86_64 0.6-2 3.81 35.68 39.49 OK
r-patched-solaris-sparc 0.6-2 407.40 OK
r-patched-solaris-x86 0.6-2 97.60 OK
r-release-linux-ix86 0.6-2 4.84 47.08 51.92 OK
r-release-linux-x86_64 0.6-2 3.88 36.20 40.08 OK
r-release-osx-x86_64-mavericks 0.6-2 OK
r-release-osx-x86_64-snowleopard 0.6-2 OK
r-release-windows-ix86+x86_64 0.6-2 13.00 77.00 90.00 OK
r-oldrel-windows-ix86+x86_64 0.6-2 15.00 81.00 96.00 WARN

Check Details

Version: 0.6-2
Check: for code/documentation mismatches
Result: WARN
    Data codoc mismatches from documentation object 'ArcticLake':
    Variables in data frame 'ArcticLake'
     Code: clay depth sand silt
     Docs: \code{clay \code{silt} depth sand}
    
    Data codoc mismatches from documentation object 'BloodSamples':
    Variables in data frame 'BloodSamples'
     Code: Albumin Disease Globulin.A Globulin.B New Pre.Albumin
     Docs: Albumin} Disease New \code{Globulin.A} \code{Globulin.B
     \code{Pre.Albumin}
    
    Data codoc mismatches from documentation object 'Rocks':
    Variables in data frame 'Rocks'
     Code: Albite Blandite Cornite Daubite Endite depth porosity type
     Docs: Albite} \code{Blandite} \code{Cornite} \code{Daubite}
     \code{Endite depth porosity type
Flavor: r-oldrel-windows-ix86+x86_64