CRAN Package Check Results for Package DisImpact

Last updated on 2019-05-22 02:51:48 CEST.

Flavor Version Tinstall Tcheck Ttotal Status Flags
r-devel-linux-x86_64-debian-clang 0.0.4 3.45 35.41 38.86 OK
r-devel-linux-x86_64-debian-gcc 0.0.4 2.83 28.39 31.22 OK
r-devel-linux-x86_64-fedora-clang 0.0.4 47.28 NOTE
r-devel-linux-x86_64-fedora-gcc 0.0.4 44.91 NOTE
r-devel-windows-ix86+x86_64 0.0.4 9.00 45.00 54.00 OK
r-patched-linux-x86_64 0.0.4 3.21 34.34 37.55 OK
r-patched-solaris-x86 0.0.4 66.70 NOTE
r-release-linux-x86_64 0.0.4 3.51 34.41 37.92 OK
r-release-windows-ix86+x86_64 0.0.4 13.00 66.00 79.00 OK
r-release-osx-x86_64 0.0.4 NOTE
r-oldrel-windows-ix86+x86_64 0.0.4 4.00 42.00 46.00 OK
r-oldrel-osx-x86_64 0.0.4 NOTE

Check Details

Version: 0.0.4
Check: dependencies in R code
Result: NOTE
    Namespace in Imports field not imported from: ‘magrittr’
     All declared Imports should be used.
Flavors: r-devel-linux-x86_64-fedora-clang, r-devel-linux-x86_64-fedora-gcc, r-patched-solaris-x86, r-release-osx-x86_64, r-oldrel-osx-x86_64