CRAN Package Check Results for Package DisImpact

Last updated on 2019-03-24 22:49:34 CET.

Flavor Version Tinstall Tcheck Ttotal Status Flags
r-devel-linux-x86_64-debian-clang 0.0.3 3.37 34.05 37.42 OK
r-devel-linux-x86_64-debian-gcc 0.0.3 2.53 27.34 29.87 OK
r-devel-linux-x86_64-fedora-clang 0.0.3 46.08 NOTE
r-devel-linux-x86_64-fedora-gcc 0.0.3 44.08 NOTE
r-devel-windows-ix86+x86_64 0.0.3 11.00 66.00 77.00 OK
r-patched-linux-x86_64 0.0.3 2.14 32.53 34.67 OK
r-patched-solaris-x86 0.0.3 61.60 NOTE
r-release-linux-x86_64 0.0.3 2.13 32.83 34.96 OK
r-release-windows-ix86+x86_64 0.0.3 5.00 47.00 52.00 OK
r-release-osx-x86_64 0.0.3 NOTE
r-oldrel-windows-ix86+x86_64 0.0.3 5.00 50.00 55.00 OK
r-oldrel-osx-x86_64 0.0.3 NOTE

Check Details

Version: 0.0.3
Check: dependencies in R code
Result: NOTE
    Namespace in Imports field not imported from: ‘magrittr’
     All declared Imports should be used.
Flavors: r-devel-linux-x86_64-fedora-clang, r-devel-linux-x86_64-fedora-gcc, r-patched-solaris-x86, r-release-osx-x86_64, r-oldrel-osx-x86_64