CRAN Package Check Results for Package DiscreteInverseWeibull

Last updated on 2015-05-23 11:51:18.

Flavor Version Tinstall Tcheck Ttotal Status Flags
r-devel-linux-x86_64-debian-clang 1.0.1 0.59 11.94 12.53 NOTE
r-devel-linux-x86_64-debian-gcc 1.0.1 0.82 11.16 11.98 NOTE
r-devel-linux-x86_64-fedora-clang 1.0.1 23.20 NOTE
r-devel-linux-x86_64-fedora-gcc 1.0.1 22.27 NOTE
r-devel-osx-x86_64-clang 1.0.1 28.02 NOTE
r-devel-windows-ix86+x86_64 1.0.1 4.00 21.00 25.00 NOTE
r-patched-linux-x86_64 1.0.1 0.63 11.15 11.78 NOTE
r-patched-solaris-sparc 1.0.1 146.80 NOTE
r-patched-solaris-x86 1.0.1 32.30 NOTE
r-release-linux-x86_64 1.0.1 0.60 11.44 12.04 NOTE
r-release-osx-x86_64-mavericks 1.0.1 NOTE
r-release-osx-x86_64-snowleopard 1.0.1 NOTE
r-release-windows-ix86+x86_64 1.0.1 2.00 18.00 20.00 NOTE
r-oldrel-windows-ix86+x86_64 1.0.1 4.00 30.00 34.00 OK

Check Details

Version: 1.0.1
Check: DESCRIPTION meta-information
Result: NOTE
    Malformed Description field: should contain one or more complete sentences.
Flavors: r-devel-linux-x86_64-debian-clang, r-devel-linux-x86_64-debian-gcc, r-devel-linux-x86_64-fedora-clang, r-devel-linux-x86_64-fedora-gcc, r-devel-osx-x86_64-clang, r-devel-windows-ix86+x86_64, r-patched-linux-x86_64, r-patched-solaris-sparc, r-patched-solaris-x86, r-release-linux-x86_64, r-release-osx-x86_64-mavericks, r-release-osx-x86_64-snowleopard, r-release-windows-ix86+x86_64