CRAN Package Check Results for Package DiscreteInverseWeibull

Last updated on 2015-08-29 13:48:05.

Flavor Version Tinstall Tcheck Ttotal Status Flags
r-devel-linux-x86_64-debian-clang 1.0.1 0.55 11.26 11.81 NOTE
r-devel-linux-x86_64-debian-gcc 1.0.1 0.66 11.94 12.60 NOTE
r-devel-linux-x86_64-fedora-clang 1.0.1 21.85 NOTE
r-devel-linux-x86_64-fedora-gcc 1.0.1 20.48 NOTE
r-devel-osx-x86_64-clang 1.0.1 22.23 NOTE
r-devel-windows-ix86+x86_64 1.0.1 4.00 25.00 29.00 NOTE
r-patched-linux-x86_64 1.0.1 0.61 11.10 11.72 NOTE
r-patched-solaris-sparc 1.0.1 151.40 NOTE
r-patched-solaris-x86 1.0.1 33.50 NOTE
r-release-linux-x86_64 1.0.1 0.64 11.03 11.67 NOTE
r-release-osx-x86_64-mavericks 1.0.1 NOTE
r-release-windows-ix86+x86_64 1.0.1 5.00 34.00 39.00 NOTE
r-oldrel-windows-ix86+x86_64 1.0.1 4.00 30.00 34.00 OK

Check Details

Version: 1.0.1
Check: DESCRIPTION meta-information
Result: NOTE
    Malformed Description field: should contain one or more complete sentences.
Flavors: r-devel-linux-x86_64-debian-clang, r-devel-linux-x86_64-debian-gcc, r-devel-linux-x86_64-fedora-clang, r-devel-linux-x86_64-fedora-gcc, r-devel-osx-x86_64-clang, r-devel-windows-ix86+x86_64, r-patched-linux-x86_64, r-patched-solaris-sparc, r-patched-solaris-x86, r-release-linux-x86_64, r-release-osx-x86_64-mavericks, r-release-windows-ix86+x86_64

Version: 1.0.1
Check: R code for possible problems
Result: NOTE
    estdiweibull: no visible global function definition for ‘ecdf’
    estdiweibull: no visible global function definition for ‘lm’
    heuristic: no visible global function definition for ‘optimize’
    rdiweibull: no visible global function definition for ‘runif’
    Undefined global functions or variables:
     ecdf lm optimize runif
    Consider adding
     importFrom("stats", "ecdf", "lm", "optimize", "runif")
    to your NAMESPACE.
Flavors: r-devel-linux-x86_64-debian-clang, r-devel-linux-x86_64-debian-gcc, r-devel-linux-x86_64-fedora-clang, r-devel-linux-x86_64-fedora-gcc, r-devel-windows-ix86+x86_64