CRAN Package Check Results for Package DiscreteInverseWeibull

Last updated on 2016-02-11 23:47:23.

Flavor Version Tinstall Tcheck Ttotal Status Flags
r-devel-linux-x86_64-debian-gcc 1.0.1 0.75 10.40 11.15 NOTE
r-devel-linux-x86_64-fedora-clang 1.0.1 19.44 NOTE
r-devel-linux-x86_64-fedora-gcc 1.0.1 18.46 NOTE
r-devel-osx-x86_64-clang 1.0.1 24.49 NOTE
r-devel-windows-ix86+x86_64 1.0.1 3.00 22.00 25.00 NOTE
r-patched-linux-x86_64 1.0.1 0.80 10.83 11.62 NOTE
r-patched-solaris-sparc 1.0.1 130.10 NOTE
r-patched-solaris-x86 1.0.1 27.80 NOTE
r-release-linux-x86_64 1.0.1 0.67 10.79 11.46 NOTE
r-release-osx-x86_64-mavericks 1.0.1 NOTE
r-release-windows-ix86+x86_64 1.0.1 4.00 26.00 30.00 NOTE
r-oldrel-windows-ix86+x86_64 1.0.1 6.00 27.00 33.00 OK

Check Details

Version: 1.0.1
Check: DESCRIPTION meta-information
Result: NOTE
    Malformed Description field: should contain one or more complete sentences.
Flavors: r-devel-linux-x86_64-debian-gcc, r-devel-linux-x86_64-fedora-clang, r-devel-linux-x86_64-fedora-gcc, r-devel-osx-x86_64-clang, r-devel-windows-ix86+x86_64, r-patched-linux-x86_64, r-patched-solaris-sparc, r-patched-solaris-x86, r-release-linux-x86_64, r-release-osx-x86_64-mavericks, r-release-windows-ix86+x86_64

Version: 1.0.1
Check: R code for possible problems
Result: NOTE
    estdiweibull: no visible global function definition for ‘ecdf’
    estdiweibull: no visible global function definition for ‘lm’
    heuristic: no visible global function definition for ‘optimize’
    rdiweibull: no visible global function definition for ‘runif’
    Undefined global functions or variables:
     ecdf lm optimize runif
    Consider adding
     importFrom("stats", "ecdf", "lm", "optimize", "runif")
    to your NAMESPACE file.
Flavors: r-devel-linux-x86_64-debian-gcc, r-devel-linux-x86_64-fedora-clang, r-devel-linux-x86_64-fedora-gcc, r-devel-osx-x86_64-clang, r-devel-windows-ix86+x86_64