CRAN Package Check Results for Package DiscreteInverseWeibull

Last updated on 2014-11-22 03:49:27.

Flavor Version Tinstall Tcheck Ttotal Status Flags
r-devel-linux-x86_64-debian-clang 1.0 0.67 12.99 13.66 NOTE
r-devel-linux-x86_64-debian-gcc 1.0 0.65 12.59 13.24 NOTE
r-devel-linux-x86_64-fedora-clang 1.0 28.42 NOTE
r-devel-linux-x86_64-fedora-gcc 1.0 25.65 NOTE
r-devel-osx-x86_64-clang 1.0 30.95 NOTE
r-devel-windows-ix86+x86_64 1.0 2.00 22.00 24.00 NOTE
r-patched-linux-x86_64 1.0 0.69 12.95 13.64 NOTE
r-patched-solaris-sparc 1.0 150.30 NOTE
r-patched-solaris-x86 1.0 36.50 NOTE
r-release-linux-ix86 1.0 0.98 18.06 19.04 NOTE
r-release-linux-x86_64 1.0 0.67 12.38 13.05 NOTE
r-release-osx-x86_64-mavericks 1.0 NOTE
r-release-windows-ix86+x86_64 1.0 2.00 22.00 24.00 NOTE
r-oldrel-windows-ix86+x86_64 1.0 3.00 21.00 24.00 NOTE

Check Details

Version: 1.0
Check: top-level files
Result: NOTE
    Non-standard file/directory found at top level:
     ‘doc’
Flavors: r-devel-linux-x86_64-debian-clang, r-devel-linux-x86_64-debian-gcc, r-devel-linux-x86_64-fedora-clang, r-devel-linux-x86_64-fedora-gcc, r-patched-linux-x86_64, r-release-linux-x86_64

Version: 1.0
Check: dependencies in R code
Result: NOTE
    Package in Depends field not imported from: ‘Rsolnp’
     These packages need to be imported from (in the NAMESPACE file)
     for when this namespace is loaded but not attached.
    See the information on DESCRIPTION files in the chapter ‘Creating R
    packages’ of the ‘Writing R Extensions’ manual.
Flavors: r-devel-linux-x86_64-debian-clang, r-devel-linux-x86_64-debian-gcc, r-devel-linux-x86_64-fedora-clang, r-devel-linux-x86_64-fedora-gcc, r-devel-osx-x86_64-clang, r-devel-windows-ix86+x86_64, r-patched-linux-x86_64, r-patched-solaris-sparc, r-patched-solaris-x86, r-release-linux-ix86, r-release-linux-x86_64, r-release-osx-x86_64-mavericks, r-release-windows-ix86+x86_64, r-oldrel-windows-ix86+x86_64

Version: 1.0
Check: R code for possible problems
Result: NOTE
    estdiweibull: no visible global function definition for ‘solnp’
Flavors: r-devel-linux-x86_64-debian-clang, r-devel-linux-x86_64-debian-gcc, r-devel-linux-x86_64-fedora-clang, r-devel-linux-x86_64-fedora-gcc, r-devel-osx-x86_64-clang, r-devel-windows-ix86+x86_64, r-patched-linux-x86_64, r-patched-solaris-sparc, r-patched-solaris-x86, r-release-linux-ix86, r-release-linux-x86_64, r-release-windows-ix86+x86_64