CRAN Package Check Results for Package DiscreteInverseWeibull

Last updated on 2016-04-30 06:47:24.

Flavor Version Tinstall Tcheck Ttotal Status Flags
r-devel-linux-x86_64-debian-gcc 1.0.1 0.64 12.13 12.78 NOTE
r-devel-linux-x86_64-fedora-clang 1.0.1 20.17 NOTE
r-devel-linux-x86_64-fedora-gcc 1.0.1 18.95 NOTE
r-devel-osx-x86_64-clang 1.0.1 24.70 NOTE
r-devel-windows-ix86+x86_64 1.0.1 2.00 31.00 33.00 NOTE
r-patched-linux-x86_64 1.0.1 0.62 12.50 13.12 NOTE
r-patched-solaris-sparc 1.0.1 133.50 NOTE
r-patched-solaris-x86 1.0.1 29.00 NOTE
r-release-linux-x86_64 1.0.1 0.64 12.89 13.53 NOTE
r-release-osx-x86_64-mavericks 1.0.1 NOTE
r-release-windows-ix86+x86_64 1.0.1 4.00 26.00 30.00 NOTE
r-oldrel-windows-ix86+x86_64 1.0.1 6.00 27.00 33.00 OK

Check Details

Version: 1.0.1
Check: DESCRIPTION meta-information
Result: NOTE
    Malformed Description field: should contain one or more complete sentences.
Flavors: r-devel-linux-x86_64-debian-gcc, r-devel-linux-x86_64-fedora-clang, r-devel-linux-x86_64-fedora-gcc, r-devel-osx-x86_64-clang, r-devel-windows-ix86+x86_64, r-patched-linux-x86_64, r-patched-solaris-sparc, r-patched-solaris-x86, r-release-linux-x86_64, r-release-osx-x86_64-mavericks, r-release-windows-ix86+x86_64

Version: 1.0.1
Check: R code for possible problems
Result: NOTE
    estdiweibull: no visible global function definition for ‘ecdf’
    estdiweibull: no visible global function definition for ‘lm’
    heuristic: no visible global function definition for ‘optimize’
    rdiweibull: no visible global function definition for ‘runif’
    Undefined global functions or variables:
     ecdf lm optimize runif
    Consider adding
     importFrom("stats", "ecdf", "lm", "optimize", "runif")
    to your NAMESPACE file.
Flavors: r-devel-linux-x86_64-debian-gcc, r-devel-linux-x86_64-fedora-clang, r-devel-linux-x86_64-fedora-gcc, r-devel-osx-x86_64-clang, r-devel-windows-ix86+x86_64, r-patched-linux-x86_64, r-patched-solaris-sparc, r-patched-solaris-x86