CRAN Package Check Results for Package DiscreteInverseWeibull

Last updated on 2014-07-26 10:48:23.

Flavor Version Tinstall Tcheck Ttotal Status Flags
r-devel-linux-x86_64-debian-clang 1.0 0.66 11.87 12.53 NOTE
r-devel-linux-x86_64-debian-gcc 1.0 0.81 11.16 11.98 NOTE
r-devel-linux-x86_64-fedora-clang 1.0 24.85 NOTE
r-devel-linux-x86_64-fedora-gcc 1.0 22.80 NOTE
r-devel-osx-x86_64-clang 1.0 26.25 NOTE
r-devel-windows-ix86+x86_64 1.0 2.00 19.00 21.00 NOTE
r-patched-linux-x86_64 1.0 0.84 11.29 12.13 NOTE
r-patched-solaris-sparc 1.0 146.40 NOTE
r-patched-solaris-x86 1.0 33.80 NOTE
r-release-linux-ix86 1.0 0.96 17.81 18.78 NOTE
r-release-linux-x86_64 1.0 0.67 11.76 12.42 NOTE
r-release-osx-x86_64-mavericks 1.0 NOTE
r-release-windows-ix86+x86_64 1.0 3.00 22.00 25.00 NOTE
r-oldrel-windows-ix86+x86_64 1.0 3.00 21.00 24.00 NOTE

Check Details

Version: 1.0
Check: dependencies in R code
Result: NOTE
    Package in Depends field not imported from: ‘Rsolnp’
     These packages need to be imported from (in the NAMESPACE file)
     for when this namespace is loaded but not attached.
    See the information on DESCRIPTION files in the chapter ‘Creating R
    packages’ of the ‘Writing R Extensions’ manual.
Flavors: r-devel-linux-x86_64-debian-clang, r-devel-linux-x86_64-debian-gcc, r-devel-linux-x86_64-fedora-clang, r-devel-linux-x86_64-fedora-gcc, r-devel-osx-x86_64-clang, r-devel-windows-ix86+x86_64, r-patched-linux-x86_64, r-patched-solaris-sparc, r-patched-solaris-x86, r-release-linux-ix86, r-release-linux-x86_64, r-release-osx-x86_64-mavericks, r-release-windows-ix86+x86_64, r-oldrel-windows-ix86+x86_64

Version: 1.0
Check: top-level files
Result: NOTE
    Non-standard file/directory found at top level:
     ‘doc’
Flavors: r-devel-linux-x86_64-fedora-clang, r-devel-linux-x86_64-fedora-gcc