CRAN Package Check Results for Package DiscreteInverseWeibull

Last updated on 2015-04-24 23:46:38.

Flavor Version Tinstall Tcheck Ttotal Status Flags
r-devel-linux-x86_64-debian-clang 1.0.1 0.60 11.30 11.90 NOTE
r-devel-linux-x86_64-debian-gcc 1.0.1 0.60 11.03 11.63 NOTE
r-devel-linux-x86_64-fedora-clang 1.0.1 23.88 NOTE
r-devel-linux-x86_64-fedora-gcc 1.0.1 23.22 NOTE
r-devel-osx-x86_64-clang 1.0.1 28.96 NOTE
r-devel-windows-ix86+x86_64 1.0.1 2.00 23.00 25.00 NOTE
r-patched-linux-x86_64 1.0.1 0.67 11.44 12.11 NOTE
r-patched-solaris-sparc 1.0.1 153.40 NOTE
r-patched-solaris-x86 1.0.1 32.20 NOTE
r-release-linux-x86_64 1.0.1 0.62 11.48 12.10 NOTE
r-release-osx-x86_64-mavericks 1.0.1 NOTE
r-release-osx-x86_64-snowleopard 1.0.1 NOTE
r-release-windows-ix86+x86_64 1.0.1 2.00 18.00 20.00 NOTE
r-oldrel-windows-ix86+x86_64 1.0.1 4.00 30.00 34.00 OK

Check Details

Version: 1.0.1
Check: DESCRIPTION meta-information
Result: NOTE
    Malformed Description field: should contain one or more complete sentences.
Flavors: r-devel-linux-x86_64-debian-gcc, r-devel-windows-ix86+x86_64, r-patched-linux-x86_64, r-release-windows-ix86+x86_64