CRAN Package Check Results for Package DiscreteInverseWeibull

Last updated on 2014-09-17 08:49:15.

Flavor Version Tinstall Tcheck Ttotal Status Flags
r-devel-linux-x86_64-debian-clang 1.0 0.66 11.68 12.34 NOTE
r-devel-linux-x86_64-debian-gcc 1.0 0.62 11.59 12.21 NOTE
r-devel-linux-x86_64-fedora-clang 1.0 24.92 NOTE
r-devel-linux-x86_64-fedora-gcc 1.0 28.65 NOTE
r-devel-osx-x86_64-clang 1.0 25.60 NOTE
r-devel-windows-ix86+x86_64 1.0 3.00 20.00 23.00 NOTE
r-patched-linux-x86_64 1.0 0.82 11.28 12.10 NOTE
r-patched-solaris-sparc 1.0 140.80 NOTE
r-patched-solaris-x86 1.0 36.20 NOTE
r-release-linux-ix86 1.0 0.97 18.14 19.10 NOTE
r-release-linux-x86_64 1.0 0.65 12.27 12.92 NOTE
r-release-osx-x86_64-mavericks 1.0 NOTE
r-release-windows-ix86+x86_64 1.0 3.00 22.00 25.00 NOTE
r-oldrel-windows-ix86+x86_64 1.0 3.00 21.00 24.00 NOTE

Check Details

Version: 1.0
Check: top-level files
Result: NOTE
    Non-standard file/directory found at top level:
     ‘doc’
Flavors: r-devel-linux-x86_64-debian-clang, r-devel-linux-x86_64-debian-gcc, r-devel-linux-x86_64-fedora-clang, r-devel-linux-x86_64-fedora-gcc, r-release-linux-x86_64

Version: 1.0
Check: dependencies in R code
Result: NOTE
    Package in Depends field not imported from: ‘Rsolnp’
     These packages need to be imported from (in the NAMESPACE file)
     for when this namespace is loaded but not attached.
    See the information on DESCRIPTION files in the chapter ‘Creating R
    packages’ of the ‘Writing R Extensions’ manual.
Flavors: r-devel-linux-x86_64-debian-clang, r-devel-linux-x86_64-debian-gcc, r-devel-linux-x86_64-fedora-clang, r-devel-linux-x86_64-fedora-gcc, r-devel-osx-x86_64-clang, r-devel-windows-ix86+x86_64, r-patched-linux-x86_64, r-patched-solaris-sparc, r-patched-solaris-x86, r-release-linux-ix86, r-release-linux-x86_64, r-release-osx-x86_64-mavericks, r-release-windows-ix86+x86_64, r-oldrel-windows-ix86+x86_64

Version: 1.0
Check: R code for possible problems
Result: NOTE
    estdiweibull: no visible global function definition for ‘solnp’
Flavors: r-devel-linux-x86_64-debian-clang, r-devel-linux-x86_64-debian-gcc, r-devel-linux-x86_64-fedora-clang, r-devel-linux-x86_64-fedora-gcc, r-devel-osx-x86_64-clang, r-devel-windows-ix86+x86_64