CRAN Package Check Results for Package DiscreteInverseWeibull

Last updated on 2015-07-06 03:47:39.

Flavor Version Tinstall Tcheck Ttotal Status Flags
r-devel-linux-x86_64-debian-clang 1.0.1 0.58 10.91 11.49 NOTE
r-devel-linux-x86_64-debian-gcc 1.0.1 0.58 11.63 12.22 NOTE
r-devel-linux-x86_64-fedora-clang 1.0.1 22.13 NOTE
r-devel-linux-x86_64-fedora-gcc 1.0.1 20.82 NOTE
r-devel-osx-x86_64-clang 1.0.1 23.95 NOTE
r-devel-windows-ix86+x86_64 1.0.1 2.00 21.00 23.00 NOTE
r-patched-linux-x86_64 1.0.1 0.60 11.20 11.81 NOTE
r-patched-solaris-sparc 1.0.1 146.80 NOTE
r-patched-solaris-x86 1.0.1 32.50 NOTE
r-release-linux-x86_64 1.0.1 0.61 11.14 11.74 NOTE
r-release-osx-x86_64-mavericks 1.0.1 NOTE
r-release-windows-ix86+x86_64 1.0.1 3.00 21.00 24.00 NOTE
r-oldrel-windows-ix86+x86_64 1.0.1 4.00 30.00 34.00 OK

Check Details

Version: 1.0.1
Check: DESCRIPTION meta-information
Result: NOTE
    Malformed Description field: should contain one or more complete sentences.
Flavors: r-devel-linux-x86_64-debian-clang, r-devel-linux-x86_64-debian-gcc, r-devel-linux-x86_64-fedora-clang, r-devel-linux-x86_64-fedora-gcc, r-devel-osx-x86_64-clang, r-devel-windows-ix86+x86_64, r-patched-linux-x86_64, r-patched-solaris-sparc, r-patched-solaris-x86, r-release-linux-x86_64, r-release-osx-x86_64-mavericks, r-release-windows-ix86+x86_64

Version: 1.0.1
Check: R code for possible problems
Result: NOTE
    estdiweibull: no visible global function definition for ‘ecdf’
    estdiweibull: no visible global function definition for ‘lm’
    heuristic: no visible global function definition for ‘optimize’
    rdiweibull: no visible global function definition for ‘runif’
    Undefined global functions or variables:
     ecdf lm optimize runif
Flavors: r-devel-linux-x86_64-debian-clang, r-devel-linux-x86_64-debian-gcc, r-devel-linux-x86_64-fedora-clang, r-devel-linux-x86_64-fedora-gcc, r-devel-windows-ix86+x86_64