CRAN Package Check Results for Package DiscreteInverseWeibull

Last updated on 2015-03-28 18:50:24.

Flavor Version Tinstall Tcheck Ttotal Status Flags
r-devel-linux-x86_64-debian-clang 1.0.1 0.64 11.23 11.86 NOTE
r-devel-linux-x86_64-debian-gcc 1.0.1 0.60 11.10 11.71 NOTE
r-devel-linux-x86_64-fedora-clang 1.0.1 24.87 NOTE
r-devel-linux-x86_64-fedora-gcc 1.0.1 21.96 NOTE
r-devel-osx-x86_64-clang 1.0.1 31.31 NOTE
r-prerel-windows-ix86+x86_64 1.0.1 2.00 21.00 23.00 NOTE
r-prerel-linux-x86_64 1.0.1 0.60 11.43 12.03 NOTE
r-prerel-solaris-sparc 1.0.1 153.40 NOTE
r-prerel-solaris-x86 1.0.1 32.10 NOTE
r-release-linux-x86_64 1.0.1 0.71 12.59 13.30 OK
r-release-osx-x86_64-mavericks 1.0.1 OK
r-release-osx-x86_64-snowleopard 1.0.1 OK
r-release-windows-ix86+x86_64 1.0.1 4.00 30.00 34.00 OK
r-oldrel-windows-ix86+x86_64 1.0.1 3.00 31.00 34.00 OK

Check Details

Version: 1.0.1
Check: DESCRIPTION meta-information
Result: NOTE
    Malformed Description field: should contain one or more complete sentences.
Flavors: r-devel-linux-x86_64-debian-clang, r-devel-linux-x86_64-debian-gcc, r-devel-linux-x86_64-fedora-clang, r-devel-linux-x86_64-fedora-gcc, r-devel-osx-x86_64-clang, r-prerel-windows-ix86+x86_64, r-prerel-linux-x86_64, r-prerel-solaris-sparc, r-prerel-solaris-x86