CRAN Package Check Results for Package DiscriMiner

Last updated on 2018-10-16 14:46:56 CEST.

Flavor Version Tinstall Tcheck Ttotal Status Flags
r-devel-linux-x86_64-debian-clang 0.1-29 4.65 29.56 34.21 NOTE
r-devel-linux-x86_64-debian-gcc 0.1-29 2.66 23.14 25.80 NOTE
r-devel-linux-x86_64-fedora-clang 0.1-29 39.34 NOTE
r-devel-linux-x86_64-fedora-gcc 0.1-29 38.58 NOTE
r-devel-windows-ix86+x86_64 0.1-29 9.00 51.00 60.00 NOTE
r-patched-linux-x86_64 0.1-29 3.28 27.31 30.59 NOTE
r-patched-solaris-x86 0.1-29 50.20 NOTE
r-release-linux-x86_64 0.1-29 4.22 28.27 32.49 NOTE
r-release-windows-ix86+x86_64 0.1-29 6.00 52.00 58.00 NOTE
r-release-osx-x86_64 0.1-29 NOTE
r-oldrel-windows-ix86+x86_64 0.1-29 4.00 37.00 41.00 NOTE
r-oldrel-osx-x86_64 0.1-29 NOTE

Check Details

Version: 0.1-29
Check: DESCRIPTION meta-information
Result: NOTE
    Malformed Description field: should contain one or more complete sentences.
Flavors: r-devel-linux-x86_64-debian-clang, r-devel-linux-x86_64-debian-gcc, r-devel-linux-x86_64-fedora-clang, r-devel-linux-x86_64-fedora-gcc, r-devel-windows-ix86+x86_64, r-patched-linux-x86_64, r-patched-solaris-x86, r-release-linux-x86_64, r-release-windows-ix86+x86_64, r-release-osx-x86_64, r-oldrel-windows-ix86+x86_64, r-oldrel-osx-x86_64

Version: 0.1-29
Check: R code for possible problems
Result: NOTE
    FRatio: no visible global function definition for ‘oneway.test’
    binarize: no visible global function definition for ‘complete.cases’
    classify: no visible global function definition for ‘complete.cases’
    corRatio: no visible global function definition for ‘lm’
    desDA: no visible global function definition for ‘var’
    desDA: no visible global function definition for ‘pf’
    desDA: no visible global function definition for ‘cor’
    discPower: no visible global function definition for ‘var’
    discPower: no visible global function definition for ‘pf’
    easyMCA: no visible global function definition for ‘complete.cases’
    groupMedians: no visible binding for global variable ‘median’
    groupQuants: no visible binding for global variable ‘quantile’
    groupStds: no visible binding for global variable ‘sd’
    groupVars: no visible binding for global variable ‘var’
    my_plsDA: no visible binding for global variable ‘sd’
    my_plsDA: no visible global function definition for ‘cor’
    my_plsDA_ver1: no visible binding for global variable ‘sd’
    my_plsDA_ver1: no visible global function definition for ‘cor’
    my_plsDA_ver2: no visible binding for global variable ‘sd’
    my_plsDA_ver2: no visible global function definition for ‘cor’
    my_verify: no visible global function definition for ‘complete.cases’
    my_withinCov: no visible global function definition for ‘var’
    plot.plsda: no visible global function definition for ‘plot’
    plot.plsda: no visible global function definition for ‘abline’
    plot.plsda: no visible global function definition for ‘points’
    plot.plsda: no visible global function definition for ‘text’
    print.desda: no visible global function definition for ‘head’
    print.disqual: no visible global function definition for ‘head’
    print.geoda: no visible global function definition for ‘head’
    print.linda: no visible global function definition for ‘head’
    print.plsda: no visible global function definition for ‘head’
    print.quada: no visible global function definition for ‘head’
    totalCov: no visible global function definition for ‘var’
    withinCov: no visible global function definition for ‘var’
    Undefined global functions or variables:
     abline complete.cases cor head lm median oneway.test pf plot points
     quantile sd text var
    Consider adding
     importFrom("graphics", "abline", "plot", "points", "text")
     importFrom("stats", "complete.cases", "cor", "lm", "median",
     "oneway.test", "pf", "quantile", "sd", "var")
     importFrom("utils", "head")
    to your NAMESPACE file.
Flavors: r-devel-linux-x86_64-debian-clang, r-devel-linux-x86_64-debian-gcc, r-devel-linux-x86_64-fedora-clang, r-devel-linux-x86_64-fedora-gcc, r-devel-windows-ix86+x86_64, r-patched-linux-x86_64, r-patched-solaris-x86, r-release-linux-x86_64, r-release-windows-ix86+x86_64, r-release-osx-x86_64, r-oldrel-windows-ix86+x86_64, r-oldrel-osx-x86_64