Last updated on 2022-08-11 01:49:05 CEST.
Flavor | Version | Tinstall | Tcheck | Ttotal | Status | Flags |
---|---|---|---|---|---|---|
r-devel-linux-x86_64-debian-clang | 0.2 | 2.28 | 76.23 | 78.51 | NOTE | |
r-devel-linux-x86_64-debian-gcc | 0.2 | 1.31 | 56.94 | 58.25 | NOTE | |
r-devel-linux-x86_64-fedora-clang | 0.2 | 101.83 | NOTE | |||
r-devel-linux-x86_64-fedora-gcc | 0.2 | 99.69 | NOTE | |||
r-devel-windows-x86_64 | 0.2 | 21.00 | 98.00 | 119.00 | NOTE | |
r-patched-linux-x86_64 | 0.2 | 2.02 | 71.58 | 73.60 | NOTE | |
r-release-linux-x86_64 | 0.2 | NOTE | ||||
r-release-macos-arm64 | 0.2 | 16.00 | NOTE | |||
r-release-macos-x86_64 | 0.2 | 46.00 | NOTE | |||
r-release-windows-x86_64 | 0.2 | 10.00 | 96.00 | 106.00 | NOTE | |
r-oldrel-macos-arm64 | 0.2 | 21.00 | NOTE | |||
r-oldrel-macos-x86_64 | 0.2 | 31.00 | NOTE | |||
r-oldrel-windows-ix86+x86_64 | 0.2 | 5.00 | 100.00 | 105.00 | NOTE |
Version: 0.2
Check: LazyData
Result: NOTE
'LazyData' is specified without a 'data' directory
Flavors: r-devel-linux-x86_64-debian-clang, r-devel-linux-x86_64-debian-gcc, r-devel-linux-x86_64-fedora-clang, r-devel-linux-x86_64-fedora-gcc, r-devel-windows-x86_64, r-patched-linux-x86_64, r-release-linux-x86_64, r-release-macos-arm64, r-release-macos-x86_64, r-release-windows-x86_64, r-oldrel-macos-arm64, r-oldrel-macos-x86_64, r-oldrel-windows-ix86+x86_64