CRAN Package Check Results for Package Distance

Last updated on 2022-01-24 14:54:15 CET.

Flavor Version Tinstall Tcheck Ttotal Status Flags
r-devel-linux-x86_64-debian-clang 1.0.4 12.12 197.51 209.63 OK
r-devel-linux-x86_64-debian-gcc 1.0.4 9.49 149.83 159.32 OK
r-devel-linux-x86_64-fedora-clang 1.0.4 250.05 NOTE
r-devel-linux-x86_64-fedora-gcc 1.0.4 245.12 OK
r-devel-windows-x86_64-new-UL 1.0.4 71.00 218.00 289.00 OK
r-devel-windows-x86_64-new-TK 1.0.4 OK
r-patched-linux-x86_64 1.0.4 13.90 187.62 201.52 OK
r-release-linux-x86_64 1.0.4 13.37 188.35 201.72 OK
r-release-macos-arm64 1.0.4 OK
r-release-macos-x86_64 1.0.4 OK
r-release-windows-ix86+x86_64 1.0.4 27.00 217.00 244.00 OK
r-oldrel-macos-x86_64 1.0.4 OK
r-oldrel-windows-ix86+x86_64 1.0.4 27.00 229.00 256.00 OK

Check Details

Version: 1.0.4
Check: Rd cross-references
Result: NOTE
    Undeclared packages ‘optimx’, ‘readxl’ in Rd xrefs
Flavor: r-devel-linux-x86_64-fedora-clang