CRAN Package Check Results for Package Distance

Last updated on 2017-04-27 23:49:46.

Flavor Version Tinstall Tcheck Ttotal Status Flags
r-devel-linux-x86_64-debian-clang 0.9.6 2.83 60.94 63.77 NOTE
r-devel-linux-x86_64-debian-gcc 0.9.6 3.00 63.13 66.13 NOTE
r-devel-linux-x86_64-fedora-clang 0.9.6 134.35 NOTE --no-stop-on-test-error
r-devel-linux-x86_64-fedora-gcc 0.9.6 131.93 NOTE --no-stop-on-test-error
r-devel-windows-ix86+x86_64 0.9.6 7.00 134.00 141.00 OK
r-patched-linux-x86_64 0.9.6 2.81 59.56 62.37 NOTE
r-patched-solaris-sparc 0.9.6 769.10 OK
r-patched-solaris-x86 0.9.6 171.10 OK
r-release-linux-x86_64 0.9.6 2.85 59.96 62.80 NOTE
r-release-windows-ix86+x86_64 0.9.6 7.00 115.00 122.00 OK
r-release-osx-x86_64 0.9.6 OK
r-oldrel-windows-ix86+x86_64 0.9.6 9.00 85.00 94.00 OK
r-oldrel-osx-x86_64 0.9.6 OK

Check Details

Version: 0.9.6
Check: top-level files
Result: NOTE
    Non-standard file/directory found at top level:
     ‘Distance.Rproj’
Flavors: r-devel-linux-x86_64-debian-clang, r-devel-linux-x86_64-debian-gcc, r-patched-linux-x86_64, r-release-linux-x86_64

Version: 0.9.6
Flags: --no-stop-on-test-error
Check: top-level files
Result: NOTE
    Non-standard file/directory found at top level:
     ‘Distance.Rproj’
Flavors: r-devel-linux-x86_64-fedora-clang, r-devel-linux-x86_64-fedora-gcc