CRAN Package Check Results for Package Distance

Last updated on 2015-07-28 11:51:32.

Flavor Version Tinstall Tcheck Ttotal Status Flags
r-devel-linux-x86_64-debian-clang 0.9.3 3.01 35.72 38.73 NOTE
r-devel-linux-x86_64-debian-gcc 0.9.3 2.97 34.81 37.78 NOTE
r-devel-linux-x86_64-fedora-clang 0.9.3 78.86 NOTE
r-devel-linux-x86_64-fedora-gcc 0.9.3 75.46 NOTE
r-devel-osx-x86_64-clang 0.9.3 70.97 OK
r-devel-windows-ix86+x86_64 0.9.3 8.00 53.00 61.00 NOTE
r-patched-linux-x86_64 0.9.3 2.89 35.10 38.00 OK
r-patched-solaris-sparc 0.9.3 472.40 OK
r-patched-solaris-x86 0.9.3 106.90 OK
r-release-linux-x86_64 0.9.3 3.04 35.70 38.73 OK
r-release-osx-x86_64-mavericks 0.9.3 OK
r-release-windows-ix86+x86_64 0.9.3 14.00 56.00 70.00 OK
r-oldrel-windows-ix86+x86_64 0.9.3 16.00 90.00 106.00 OK

Check Details

Version: 0.9.3
Check: R code for possible problems
Result: NOTE
    ds: no visible global function definition for ‘quantile’
    ds: no visible global function definition for ‘as.formula’
    plot.dsmodel: no visible global function definition for ‘plot’
    Undefined global functions or variables:
     as.formula plot quantile
    Consider adding
     importFrom("graphics", "plot")
     importFrom("stats", "as.formula", "quantile")
    to your NAMESPACE.
Flavors: r-devel-linux-x86_64-debian-clang, r-devel-linux-x86_64-debian-gcc, r-devel-linux-x86_64-fedora-clang, r-devel-linux-x86_64-fedora-gcc, r-devel-windows-ix86+x86_64