CRAN Package Check Results for Package Distance

Last updated on 2016-09-25 04:49:18.

Flavor Version Tinstall Tcheck Ttotal Status Flags
r-devel-linux-x86_64-debian-clang 0.9.6 2.50 50.84 53.34 NOTE
r-devel-linux-x86_64-debian-gcc 0.9.6 2.56 49.62 52.17 NOTE
r-devel-linux-x86_64-fedora-clang 0.9.6 118.31 NOTE
r-devel-linux-x86_64-fedora-gcc 0.9.6 109.44 NOTE
r-devel-macos-x86_64-clang 0.9.6 111.94 OK
r-devel-windows-ix86+x86_64 0.9.6 9.00 84.00 93.00 OK
r-patched-linux-x86_64 0.9.6 2.94 46.07 49.02 NOTE
r-patched-solaris-sparc 0.9.6 572.20 OK
r-patched-solaris-x86 0.9.6 136.70 OK
r-release-linux-x86_64 0.9.6 2.57 46.36 48.93 NOTE
r-release-osx-x86_64-mavericks 0.9.6 OK
r-release-windows-ix86+x86_64 0.9.6 6.00 78.00 84.00 OK
r-oldrel-windows-ix86+x86_64 0.9.6 14.00 137.00 151.00 OK

Check Details

Version: 0.9.6
Check: top-level files
Result: NOTE
    Non-standard file/directory found at top level:
     ‘Distance.Rproj’
Flavors: r-devel-linux-x86_64-debian-clang, r-devel-linux-x86_64-debian-gcc, r-devel-linux-x86_64-fedora-clang, r-devel-linux-x86_64-fedora-gcc, r-patched-linux-x86_64, r-release-linux-x86_64