CRAN Package Check Results for Package Distance

Last updated on 2014-04-18 03:47:14.

Flavor Version Tinstall Tcheck Ttotal Status Flags
r-devel-linux-x86_64-debian-clang 0.8.0 3.75 41.34 45.09 NOTE
r-devel-linux-x86_64-debian-gcc NOTE
r-devel-linux-x86_64-fedora-clang 0.8.0 102.29 NOTE
r-devel-linux-x86_64-fedora-gcc 0.8.0 100.73 NOTE
r-devel-macosx-x86_64-clang 0.8.0 87.33 NOTE
r-devel-macosx-x86_64-gcc 0.8.0 NOTE
r-devel-windows-ix86+x86_64 0.8.0 10.00 59.00 69.00 NOTE
r-patched-linux-x86_64 0.8.0 3.70 40.77 44.47 NOTE
r-patched-solaris-sparc 0.8.0 532.70 NOTE
r-patched-solaris-x86 0.8.0 129.20 NOTE
r-release-linux-ix86 0.8.0 9.00 89.00 98.00 NOTE
r-release-linux-x86_64 0.8.0 3.85 41.14 45.00 NOTE
r-release-macosx-x86_64 0.8.0 OK
r-release-windows-ix86+x86_64 0.8.0 10.00 60.00 70.00 NOTE
r-oldrel-windows-ix86+x86_64 0.8.0 10.00 56.00 66.00 NOTE

Check Details

Version: 0.8.0
Check: dependencies in R code
Result: NOTE
    Packages in Depends field not imported from:
     ‘Rsolnp’ ‘mrds’ ‘optimx’
     These packages need to be imported from (in the NAMESPACE file)
     for when this namespace is loaded but not attached.
    See the information on DESCRIPTION files in the chapter ‘Creating R
    packages’ of the ‘Writing R Extensions’ manual.
Flavors: r-devel-linux-x86_64-debian-clang, r-devel-linux-x86_64-debian-gcc, r-devel-linux-x86_64-fedora-clang, r-devel-linux-x86_64-fedora-gcc, r-devel-macosx-x86_64-clang, r-devel-macosx-x86_64-gcc, r-devel-windows-ix86+x86_64, r-patched-linux-x86_64, r-patched-solaris-sparc, r-patched-solaris-x86, r-release-linux-ix86, r-release-linux-x86_64, r-release-windows-ix86+x86_64, r-oldrel-windows-ix86+x86_64