CRAN Package Check Results for Package Distance

Last updated on 2017-01-16 21:48:56.

Flavor Version Tinstall Tcheck Ttotal Status Flags
r-devel-linux-x86_64-debian-clang 0.9.6 2.69 58.90 61.60 NOTE
r-devel-linux-x86_64-debian-gcc 0.9.6 2.67 58.31 60.98 NOTE
r-devel-linux-x86_64-fedora-clang 0.9.6 131.24 NOTE --no-stop-on-test-error
r-devel-linux-x86_64-fedora-gcc 0.9.6 129.27 NOTE --no-stop-on-test-error
r-devel-macos-x86_64-clang 0.9.6 98.75 OK --no-stop-on-test-error
r-devel-windows-ix86+x86_64 0.9.6 10.00 106.00 116.00 OK
r-patched-linux-x86_64 0.9.6 2.48 62.56 65.04 NOTE
r-patched-solaris-sparc 0.9.6 607.80 OK
r-patched-solaris-x86 0.9.6 172.10 OK
r-release-linux-x86_64 0.9.6 2.75 48.25 51.00 NOTE
r-release-osx-x86_64-mavericks 0.9.6 OK
r-release-windows-ix86+x86_64 0.9.6 11.00 109.00 120.00 OK
r-oldrel-windows-ix86+x86_64 0.9.6 9.00 93.00 102.00 OK

Check Details

Version: 0.9.6
Check: top-level files
Result: NOTE
    Non-standard file/directory found at top level:
     ‘Distance.Rproj’
Flavors: r-devel-linux-x86_64-debian-clang, r-devel-linux-x86_64-debian-gcc, r-patched-linux-x86_64, r-release-linux-x86_64

Version: 0.9.6
Flags: --no-stop-on-test-error
Check: top-level files
Result: NOTE
    Non-standard file/directory found at top level:
     ‘Distance.Rproj’
Flavors: r-devel-linux-x86_64-fedora-clang, r-devel-linux-x86_64-fedora-gcc