CRAN Package Check Results for Package Distance

Last updated on 2014-07-22 17:48:29.

Flavor Version Tinstall Tcheck Ttotal Status Flags
r-devel-linux-x86_64-debian-clang 0.9.1 3.85 49.44 53.29 OK
r-devel-linux-x86_64-debian-gcc 0.9.1 3.48 48.30 51.78 OK
r-devel-linux-x86_64-fedora-clang 0.9.1 125.54 OK
r-devel-linux-x86_64-fedora-gcc 0.9.1 117.44 OK
r-devel-osx-x86_64-clang 0.9.1 95.91 OK
r-devel-windows-ix86+x86_64 0.9.1 10.00 70.00 80.00 OK
r-patched-linux-x86_64 0.9.1 3.58 49.46 53.04 OK
r-patched-solaris-sparc 0.9.1 605.90 OK
r-patched-solaris-x86 0.9.1 153.40 OK
r-release-linux-ix86 0.9.1 4.16 62.26 66.42 OK
r-release-linux-x86_64 0.9.1 3.92 50.11 54.03 OK
r-release-osx-x86_64-mavericks 0.9.1 OK
r-release-osx-x86_64-snowleopard 0.9.1 OK
r-release-windows-ix86+x86_64 0.9.1 2.00 1.00 3.00 ERROR
r-oldrel-windows-ix86+x86_64 0.9.1 2.00 1.00 3.00 ERROR

Check Details

Version: 0.9.1
Check: whether package can be installed
Result: ERROR
    Installation failed.
    See 'd:/Rcompile/CRANpkg/local/3.1/Distance.Rcheck/00install.out' for details.
Flavor: r-release-windows-ix86+x86_64

Version: 0.9.1
Check: whether package can be installed
Result: ERROR
    Installation failed.
    See 'd:/Rcompile/CRANpkg/local/3.0/Distance.Rcheck/00install.out' for details.
Flavor: r-oldrel-windows-ix86+x86_64