CRAN Package Check Results for Package Distance

Last updated on 2016-08-30 19:47:24.

Flavor Version Tinstall Tcheck Ttotal Status Flags
r-devel-linux-x86_64-debian-clang 0.9.6 2.88 49.56 52.44 NOTE
r-devel-linux-x86_64-debian-gcc 0.9.6 2.60 70.74 73.34 NOTE
r-devel-linux-x86_64-fedora-clang 0.9.6 108.46 NOTE
r-devel-linux-x86_64-fedora-gcc 0.9.6 104.66 NOTE
r-devel-osx-x86_64-clang 0.9.6 84.17 OK
r-devel-windows-ix86+x86_64 0.9.6 12.00 87.00 99.00 OK
r-patched-linux-x86_64 0.9.6 3.10 50.67 53.77 NOTE
r-patched-solaris-sparc 0.9.6 572.20 OK
r-patched-solaris-x86 0.9.6 131.40 OK
r-release-linux-x86_64 0.9.6 2.90 48.61 51.51 NOTE
r-release-osx-x86_64-mavericks 0.9.6 OK
r-release-windows-ix86+x86_64 0.9.6 11.00 123.00 134.00 OK
r-oldrel-windows-ix86+x86_64 0.9.6 12.00 128.00 140.00 OK

Check Details

Version: 0.9.6
Check: top-level files
Result: NOTE
    Non-standard file/directory found at top level:
     ‘Distance.Rproj’
Flavors: r-devel-linux-x86_64-debian-clang, r-devel-linux-x86_64-debian-gcc, r-devel-linux-x86_64-fedora-clang, r-devel-linux-x86_64-fedora-gcc, r-patched-linux-x86_64, r-release-linux-x86_64