CRAN Package Check Results for Package Distance

Last updated on 2017-02-28 12:49:12.

Flavor Version Tinstall Tcheck Ttotal Status Flags
r-devel-linux-x86_64-debian-clang 0.9.6 2.81 59.26 62.08 NOTE
r-devel-linux-x86_64-debian-gcc 0.9.6 2.82 59.21 62.03 NOTE
r-devel-linux-x86_64-fedora-clang 0.9.6 167.08 NOTE --no-stop-on-test-error
r-devel-linux-x86_64-fedora-gcc 0.9.6 135.88 NOTE --no-stop-on-test-error
r-devel-macos-x86_64-clang 0.9.6 101.85 OK --no-stop-on-test-error
r-devel-windows-ix86+x86_64 0.9.6 7.00 229.00 236.00 OK
r-patched-linux-x86_64 0.9.6 2.65 47.49 50.14 NOTE
r-patched-solaris-sparc 0.9.6 607.80 OK
r-patched-solaris-x86 0.9.6 116.20 OK
r-release-linux-x86_64 0.9.6 2.82 94.59 97.40 NOTE
r-release-osx-x86_64-mavericks 0.9.6 OK
r-release-windows-ix86+x86_64 0.9.6 10.00 109.00 119.00 OK
r-oldrel-windows-ix86+x86_64 0.9.6 7.00 120.00 127.00 OK

Check Details

Version: 0.9.6
Check: top-level files
Result: NOTE
    Non-standard file/directory found at top level:
     ‘Distance.Rproj’
Flavors: r-devel-linux-x86_64-debian-clang, r-devel-linux-x86_64-debian-gcc, r-patched-linux-x86_64, r-release-linux-x86_64

Version: 0.9.6
Flags: --no-stop-on-test-error
Check: top-level files
Result: NOTE
    Non-standard file/directory found at top level:
     ‘Distance.Rproj’
Flavors: r-devel-linux-x86_64-fedora-clang, r-devel-linux-x86_64-fedora-gcc