CRAN Package Check Results for Package Distance

Last updated on 2016-12-04 23:47:50.

Flavor Version Tinstall Tcheck Ttotal Status Flags
r-devel-linux-x86_64-debian-clang 0.9.6 2.78 60.36 63.14 NOTE
r-devel-linux-x86_64-debian-gcc 0.9.6 2.76 60.28 63.04 NOTE
r-devel-linux-x86_64-fedora-clang 0.9.6 143.94 NOTE --no-stop-on-test-error
r-devel-linux-x86_64-fedora-gcc 0.9.6 138.02 NOTE --no-stop-on-test-error
r-devel-macos-x86_64-clang 0.9.6 104.45 OK
r-devel-windows-ix86+x86_64 0.9.6 8.00 140.00 148.00 OK
r-patched-linux-x86_64 0.9.6 2.58 47.95 50.53 NOTE
r-patched-solaris-sparc 0.9.6 572.20 OK
r-patched-solaris-x86 0.9.6 130.20 OK
r-release-linux-x86_64 0.9.6 2.69 52.40 55.09 NOTE
r-release-osx-x86_64-mavericks 0.9.6 OK
r-release-windows-ix86+x86_64 0.9.6 11.00 87.00 98.00 OK
r-oldrel-windows-ix86+x86_64 0.9.6 9.00 93.00 102.00 OK

Check Details

Version: 0.9.6
Check: top-level files
Result: NOTE
    Non-standard file/directory found at top level:
     ‘Distance.Rproj’
Flavors: r-devel-linux-x86_64-debian-clang, r-devel-linux-x86_64-debian-gcc, r-patched-linux-x86_64, r-release-linux-x86_64

Version: 0.9.6
Flags: --no-stop-on-test-error
Check: top-level files
Result: NOTE
    Non-standard file/directory found at top level:
     ‘Distance.Rproj’
Flavors: r-devel-linux-x86_64-fedora-clang, r-devel-linux-x86_64-fedora-gcc