CRAN Package Check Results for Package Distance

Last updated on 2014-09-02 03:49:35.

Flavor Version Tinstall Tcheck Ttotal Status Flags
r-devel-linux-x86_64-debian-clang 0.9.1 3.58 47.80 51.38 OK
r-devel-linux-x86_64-debian-gcc 0.9.1 3.22 49.91 53.13 OK
r-devel-linux-x86_64-fedora-clang 0.9.1 119.68 OK
r-devel-linux-x86_64-fedora-gcc 0.9.1 114.82 OK
r-devel-osx-x86_64-clang 0.9.1 93.70 OK
r-devel-windows-ix86+x86_64 0.9.1 10.00 75.00 85.00 OK
r-patched-linux-x86_64 0.9.1 3.76 52.04 55.80 OK
r-patched-solaris-sparc 0.9.1 637.10 OK
r-patched-solaris-x86 0.9.1 152.00 OK
r-release-linux-ix86 0.9.1 4.17 60.18 64.35 OK
r-release-linux-x86_64 0.9.1 4.22 50.01 54.24 OK
r-release-osx-x86_64-mavericks 0.9.1 OK
r-release-osx-x86_64-snowleopard 0.9.1 OK
r-release-windows-ix86+x86_64 0.9.1 2.00 1.00 3.00 ERROR
r-oldrel-windows-ix86+x86_64 0.9.1 2.00 1.00 3.00 ERROR

Check Details

Version: 0.9.1
Check: whether package can be installed
Result: ERROR
    Installation failed.
Flavors: r-release-windows-ix86+x86_64, r-oldrel-windows-ix86+x86_64