CRAN Package Check Results for Package Distance

Last updated on 2017-06-22 13:46:41.

Flavor Version Tinstall Tcheck Ttotal Status Flags
r-devel-linux-x86_64-debian-clang 0.9.6 3.33 62.44 65.77 NOTE
r-devel-linux-x86_64-debian-gcc 0.9.6 3.16 64.01 67.17 NOTE
r-devel-linux-x86_64-fedora-clang 0.9.6 203.94 NOTE
r-devel-linux-x86_64-fedora-gcc 0.9.6 141.13 NOTE
r-devel-windows-ix86+x86_64 0.9.6 12.00 106.00 118.00 OK
r-patched-linux-x86_64 0.9.6 2.85 76.39 79.23 NOTE
r-patched-solaris-sparc 0.9.6 769.10 OK
r-patched-solaris-x86 0.9.6 201.30 OK
r-release-linux-x86_64 0.9.6 2.89 61.04 63.93 NOTE
r-release-windows-ix86+x86_64 0.9.6 13.00 114.00 127.00 OK
r-release-osx-x86_64 0.9.6 OK
r-oldrel-windows-ix86+x86_64 0.9.6 12.00 87.00 99.00 OK
r-oldrel-osx-x86_64 0.9.6 OK

Check Details

Version: 0.9.6
Check: top-level files
Result: NOTE
    Non-standard file/directory found at top level:
     ‘Distance.Rproj’
Flavors: r-devel-linux-x86_64-debian-clang, r-devel-linux-x86_64-debian-gcc, r-devel-linux-x86_64-fedora-clang, r-devel-linux-x86_64-fedora-gcc, r-patched-linux-x86_64, r-release-linux-x86_64