CRAN Package Check Results for Package Distance

Last updated on 2015-01-29 23:48:13.

Flavor Version Tinstall Tcheck Ttotal Status Flags
r-devel-linux-x86_64-debian-clang 0.9.2 4.02 48.38 52.40 WARN
r-devel-linux-x86_64-debian-gcc 0.9.2 3.49 46.68 50.17 WARN
r-devel-linux-x86_64-fedora-clang 0.9.2 122.07 WARN
r-devel-linux-x86_64-fedora-gcc 0.9.2 115.26 WARN
r-devel-osx-x86_64-clang 0.9.2 118.13 WARN
r-devel-windows-ix86+x86_64 0.9.2 15.00 64.00 79.00 WARN
r-patched-linux-x86_64 0.9.2 4.06 60.71 64.77 WARN
r-patched-solaris-sparc 0.9.2 757.70 WARN
r-patched-solaris-x86 0.9.2 178.90 WARN
r-release-linux-ix86 0.9.2 4.64 66.18 70.82 OK
r-release-linux-x86_64 0.9.2 4.03 57.50 61.53 OK
r-release-osx-x86_64-mavericks 0.9.2 WARN
r-release-osx-x86_64-snowleopard 0.9.2 OK
r-release-windows-ix86+x86_64 0.9.2 15.00 84.00 99.00 OK
r-oldrel-windows-ix86+x86_64 0.9.2 14.00 87.00 101.00 OK

Check Details

Version: 0.9.2
Check: for unstated dependencies in examples
Result: WARN
    'library' or 'require' call not declared from: ‘gdata’
Flavors: r-devel-linux-x86_64-debian-clang, r-devel-linux-x86_64-debian-gcc, r-devel-linux-x86_64-fedora-clang, r-devel-linux-x86_64-fedora-gcc, r-devel-osx-x86_64-clang, r-devel-windows-ix86+x86_64, r-patched-linux-x86_64, r-patched-solaris-sparc, r-patched-solaris-x86, r-release-osx-x86_64-mavericks