CRAN Package Check Results for Package Distance

Last updated on 2014-12-21 03:48:13.

Flavor Version Tinstall Tcheck Ttotal Status Flags
r-devel-linux-x86_64-debian-clang 0.9.2 4.28 57.77 62.05 WARN
r-devel-linux-x86_64-debian-gcc 0.9.2 3.75 54.16 57.91 WARN
r-devel-linux-x86_64-fedora-clang 0.9.2 141.87 WARN
r-devel-linux-x86_64-fedora-gcc 0.9.2 127.40 WARN
r-devel-osx-x86_64-clang 0.9.2 115.35 WARN
r-devel-windows-ix86+x86_64 0.9.2 14.00 80.00 94.00 WARN
r-patched-linux-x86_64 0.9.2 4.17 59.60 63.77 WARN
r-patched-solaris-sparc 0.9.2 744.50 WARN
r-patched-solaris-x86 0.9.2 178.70 WARN
r-release-linux-ix86 0.9.2 4.58 65.70 70.28 OK
r-release-linux-x86_64 0.9.2 4.03 59.33 63.36 OK
r-release-osx-x86_64-mavericks 0.9.2 OK
r-release-osx-x86_64-snowleopard 0.9.2 OK
r-release-windows-ix86+x86_64 0.9.2 15.00 88.00 103.00 OK
r-oldrel-windows-ix86+x86_64 0.9.2 16.00 87.00 103.00 OK

Check Details

Version: 0.9.2
Check: for unstated dependencies in examples
Result: WARN
    'library' or 'require' call not declared from: ‘gdata’
Flavors: r-devel-linux-x86_64-debian-clang, r-devel-linux-x86_64-debian-gcc, r-devel-linux-x86_64-fedora-clang, r-devel-linux-x86_64-fedora-gcc, r-devel-osx-x86_64-clang, r-devel-windows-ix86+x86_64, r-patched-linux-x86_64, r-patched-solaris-sparc, r-patched-solaris-x86