CRAN Package Check Results for Package DistributionUtils

Last updated on 2017-02-28 12:49:12.

Flavor Version Tinstall Tcheck Ttotal Status Flags
r-devel-linux-x86_64-debian-clang 0.5-1 1.22 33.21 34.44 NOTE
r-devel-linux-x86_64-debian-gcc 0.5-1 1.28 32.82 34.11 NOTE
r-devel-linux-x86_64-fedora-clang 0.5-1 67.93 NOTE --no-stop-on-test-error
r-devel-linux-x86_64-fedora-gcc 0.5-1 60.92 NOTE --no-stop-on-test-error
r-devel-macos-x86_64-clang 0.5-1 50.97 NOTE --no-stop-on-test-error
r-devel-windows-ix86+x86_64 0.5-1 7.00 132.00 139.00 NOTE
r-patched-linux-x86_64 0.5-1 1.12 27.54 28.66 NOTE
r-patched-solaris-sparc 0.5-1 321.20 NOTE
r-patched-solaris-x86 0.5-1 63.30 NOTE
r-release-linux-x86_64 0.5-1 1.22 28.50 29.72 NOTE
r-release-osx-x86_64-mavericks 0.5-1 NOTE
r-release-windows-ix86+x86_64 0.5-1 12.00 111.00 123.00 ERROR
r-oldrel-windows-ix86+x86_64 0.5-1 7.00 111.00 118.00 NOTE

Check Details

Version: 0.5-1
Check: dependencies in R code
Result: NOTE
    Package in Depends field not imported from: ‘RUnit’
     These packages need to be imported from (in the NAMESPACE file)
     for when this namespace is loaded but not attached.
Flavors: r-devel-linux-x86_64-debian-clang, r-devel-linux-x86_64-debian-gcc, r-devel-windows-ix86+x86_64, r-patched-linux-x86_64, r-patched-solaris-sparc, r-patched-solaris-x86, r-release-linux-x86_64, r-release-osx-x86_64-mavericks, r-release-windows-ix86+x86_64, r-oldrel-windows-ix86+x86_64

Version: 0.5-1
Check: R code for possible problems
Result: NOTE
    distCalcRange: no visible global function definition for ‘uniroot’
    distIneqMassartPlot: no visible global function definition for ‘plot’
    distIneqMassartPlot: no visible global function definition for ‘lines’
    distMode: no visible global function definition for ‘optimize’
    distStepSize: no visible global function definition for ‘median’
    distStepSize: no visible global function definition for ‘quantile’
    gammaTailPlotLine: no visible global function definition for ‘lines’
    gammaTailPlotLine: no visible global function definition for ‘pgamma’
    integrateDens: no visible global function definition for ‘integrate’
    kurtosis: no visible global function definition for ‘var’
    logHist: no visible global function definition for ‘hist.default’
    logHist: no visible global function definition for ‘plot’
    logHist: no visible global function definition for ‘points’
    logHist: no visible global function definition for ‘segments’
    momIntegrated: no visible global function definition for ‘integrate’
    momIntegrated: multiple local function definitions for ‘ddist’ with
     different formal arguments
    moranTest: no visible global function definition for ‘pchisq’
    normTailPlotLine: no visible global function definition for ‘lines’
    normTailPlotLine: no visible global function definition for ‘pnorm’
    pDist: no visible global function definition for ‘integrate’
    qDist: no visible global function definition for ‘uniroot’
    qDist: no visible global function definition for ‘splinefun’
    safeIntegrate: no visible global function definition for ‘integrate’
    skewness: no visible global function definition for ‘sd’
    tTailPlotLine: no visible global function definition for ‘lines’
    tTailPlotLine: no visible global function definition for ‘pt’
    tailPlot: no visible global function definition for ‘ppoints’
    tailPlot: no visible global function definition for ‘median’
    tailPlot: no visible global function definition for ‘plot’
    tailPlotLine: no visible global function definition for ‘lines’
    Undefined global functions or variables:
     hist.default integrate lines median optimize pchisq pgamma plot pnorm
     points ppoints pt quantile sd segments splinefun uniroot var
    Consider adding
     importFrom("graphics", "hist.default", "lines", "plot", "points",
     "segments")
     importFrom("stats", "integrate", "median", "optimize", "pchisq",
     "pgamma", "pnorm", "ppoints", "pt", "quantile", "sd",
     "splinefun", "uniroot", "var")
    to your NAMESPACE file.
Flavors: r-devel-linux-x86_64-debian-clang, r-devel-linux-x86_64-debian-gcc, r-devel-windows-ix86+x86_64, r-patched-linux-x86_64, r-patched-solaris-sparc, r-patched-solaris-x86, r-release-linux-x86_64, r-release-osx-x86_64-mavericks, r-release-windows-ix86+x86_64

Version: 0.5-1
Check: compiled code
Result: NOTE
    File ‘DistributionUtils/libs/DistributionUtils.so’:
     Found no calls to: ‘R_registerRoutines’, ‘R_useDynamicSymbols’
    
    It is good practice to register native routines and to disable symbol
    search.
    
    See ‘Writing portable packages’ in the ‘Writing R Extensions’ manual.
Flavors: r-devel-linux-x86_64-debian-clang, r-devel-linux-x86_64-debian-gcc

Version: 0.5-1
Flags: --no-stop-on-test-error
Check: dependencies in R code
Result: NOTE
    Package in Depends field not imported from: ‘RUnit’
     These packages need to be imported from (in the NAMESPACE file)
     for when this namespace is loaded but not attached.
Flavors: r-devel-linux-x86_64-fedora-clang, r-devel-linux-x86_64-fedora-gcc, r-devel-macos-x86_64-clang

Version: 0.5-1
Flags: --no-stop-on-test-error
Check: R code for possible problems
Result: NOTE
    distCalcRange: no visible global function definition for ‘uniroot’
    distIneqMassartPlot: no visible global function definition for ‘plot’
    distIneqMassartPlot: no visible global function definition for ‘lines’
    distMode: no visible global function definition for ‘optimize’
    distStepSize: no visible global function definition for ‘median’
    distStepSize: no visible global function definition for ‘quantile’
    gammaTailPlotLine: no visible global function definition for ‘lines’
    gammaTailPlotLine: no visible global function definition for ‘pgamma’
    integrateDens: no visible global function definition for ‘integrate’
    kurtosis: no visible global function definition for ‘var’
    logHist: no visible global function definition for ‘hist.default’
    logHist: no visible global function definition for ‘plot’
    logHist: no visible global function definition for ‘points’
    logHist: no visible global function definition for ‘segments’
    momIntegrated: no visible global function definition for ‘integrate’
    momIntegrated: multiple local function definitions for ‘ddist’ with
     different formal arguments
    moranTest: no visible global function definition for ‘pchisq’
    normTailPlotLine: no visible global function definition for ‘lines’
    normTailPlotLine: no visible global function definition for ‘pnorm’
    pDist: no visible global function definition for ‘integrate’
    qDist: no visible global function definition for ‘uniroot’
    qDist: no visible global function definition for ‘splinefun’
    safeIntegrate: no visible global function definition for ‘integrate’
    skewness: no visible global function definition for ‘sd’
    tTailPlotLine: no visible global function definition for ‘lines’
    tTailPlotLine: no visible global function definition for ‘pt’
    tailPlot: no visible global function definition for ‘ppoints’
    tailPlot: no visible global function definition for ‘median’
    tailPlot: no visible global function definition for ‘plot’
    tailPlotLine: no visible global function definition for ‘lines’
    Undefined global functions or variables:
     hist.default integrate lines median optimize pchisq pgamma plot pnorm
     points ppoints pt quantile sd segments splinefun uniroot var
    Consider adding
     importFrom("graphics", "hist.default", "lines", "plot", "points",
     "segments")
     importFrom("stats", "integrate", "median", "optimize", "pchisq",
     "pgamma", "pnorm", "ppoints", "pt", "quantile", "sd",
     "splinefun", "uniroot", "var")
    to your NAMESPACE file.
Flavors: r-devel-linux-x86_64-fedora-clang, r-devel-linux-x86_64-fedora-gcc, r-devel-macos-x86_64-clang

Version: 0.5-1
Flags: --no-stop-on-test-error
Check: compiled code
Result: NOTE
    File ‘DistributionUtils/libs/DistributionUtils.so’:
     Found no calls to: ‘R_registerRoutines’, ‘R_useDynamicSymbols’
    
    It is good practice to register native routines and to disable symbol
    search.
    
    See ‘Writing portable packages’ in the ‘Writing R Extensions’ manual.
Flavors: r-devel-linux-x86_64-fedora-clang, r-devel-linux-x86_64-fedora-gcc, r-devel-macos-x86_64-clang

Version: 0.5-1
Check: running tests for arch ‘x64’
Result: ERROR
    Running the tests in 'tests/doRUnit.R' failed.
    Last 13 lines of output:
    
     1 Test Suite :
     DistributionUtils unit testing - 13 test functions, 0 errors, 1 failure
     FAILURE in test.distIneqMassart: Error in checkTrue(distIneqMassart(mean = 1, sd = 2)$check) :
     Test not TRUE
    
     Error in eval(expr, envir, enclos) :
    
     unit testing failed (#test failures: 1, R errors: 0)
    
     Calls: source -> withVisible -> eval -> eval
     In addition: There were 50 or more warnings (use warnings() to see the first 50)
     Execution halted
Flavor: r-release-windows-ix86+x86_64

Version: 0.5-1
Check: R code for possible problems
Result: NOTE
    momIntegrated: multiple local function definitions for 'ddist' with
     different formal arguments
Flavor: r-oldrel-windows-ix86+x86_64