CRAN Package Check Results for Package DistributionUtils

Last updated on 2015-04-27 03:47:18.

Flavor Version Tinstall Tcheck Ttotal Status Flags
r-devel-linux-x86_64-debian-clang 0.5-1 1.28 28.14 29.42 NOTE
r-devel-linux-x86_64-debian-gcc 0.5-1 1.16 28.41 29.56 NOTE
r-devel-linux-x86_64-fedora-clang 0.5-1 58.33 NOTE
r-devel-linux-x86_64-fedora-gcc 0.5-1 55.80 NOTE
r-devel-osx-x86_64-clang 0.5-1 57.52 NOTE
r-devel-windows-ix86+x86_64 0.5-1 6.00 105.00 111.00 NOTE
r-patched-linux-x86_64 0.5-1 1.22 28.58 29.80 NOTE
r-patched-solaris-sparc 0.5-1 357.50 NOTE
r-patched-solaris-x86 0.5-1 72.50 NOTE
r-release-linux-x86_64 0.5-1 1.16 27.82 28.98 NOTE
r-release-osx-x86_64-mavericks 0.5-1 NOTE
r-release-osx-x86_64-snowleopard 0.5-1 ERROR
r-release-windows-ix86+x86_64 0.5-1 6.00 75.00 81.00 NOTE
r-oldrel-windows-ix86+x86_64 0.5-1 5.00 80.00 85.00 NOTE

Check Details

Version: 0.5-1
Check: dependencies in R code
Result: NOTE
    Package in Depends field not imported from: ‘RUnit’
     These packages need to be imported from (in the NAMESPACE file)
     for when this namespace is loaded but not attached.
Flavors: r-devel-linux-x86_64-debian-clang, r-devel-linux-x86_64-debian-gcc, r-devel-linux-x86_64-fedora-clang, r-devel-linux-x86_64-fedora-gcc, r-devel-osx-x86_64-clang, r-devel-windows-ix86+x86_64, r-patched-solaris-sparc, r-patched-solaris-x86, r-release-osx-x86_64-mavericks, r-release-osx-x86_64-snowleopard, r-release-windows-ix86+x86_64, r-oldrel-windows-ix86+x86_64

Version: 0.5-1
Check: R code for possible problems
Result: NOTE
    momIntegrated: multiple local function definitions for ‘ddist’ with
     different formal arguments
Flavors: r-devel-linux-x86_64-debian-clang, r-devel-linux-x86_64-debian-gcc, r-devel-linux-x86_64-fedora-clang, r-devel-linux-x86_64-fedora-gcc, r-devel-osx-x86_64-clang, r-devel-windows-ix86+x86_64, r-patched-solaris-sparc, r-patched-solaris-x86, r-release-osx-x86_64-mavericks, r-release-osx-x86_64-snowleopard, r-release-windows-ix86+x86_64, r-oldrel-windows-ix86+x86_64

Version: 0.5-1
Check: package dependencies
Result: NOTE
    Packages suggested but not available for checking:
     ‘GeneralizedHyperbolic’ ‘VarianceGamma’ ‘SkewHyperbolic’
Flavor: r-release-osx-x86_64-snowleopard

Version: 0.5-1
Check: Rd cross-references
Result: NOTE
    Packages unavailable to check Rd xrefs: ‘GeneralizedHyperbolic’, ‘VarianceGamma’
Flavor: r-release-osx-x86_64-snowleopard

Version: 0.5-1
Check: examples
Result: ERROR
    Running examples in ‘DistributionUtils-Ex.R’ failed
    The error most likely occurred in:
    
    > ### Name: momIntegrated
    > ### Title: Moments Using Integration
    > ### Aliases: momIntegrated
    > ### Keywords: distribution univar
    >
    > ### ** Examples
    >
    > require(GeneralizedHyperbolic)
    Loading required package: GeneralizedHyperbolic
    Warning in library(package, lib.loc = lib.loc, character.only = TRUE, logical.return = TRUE, :
     there is no package called ‘GeneralizedHyperbolic’
    > ### Calculate the mean of a generalized hyperbolic distribution
    > ### Compare the use of integration and the formula for the mean
    > m1 <- momIntegrated("ghyp", param = c(0, 1, 3, 1, 1 / 2), order = 1, about = 0)
    Error in momIntegrated("ghyp", param = c(0, 1, 3, 1, 1/2), order = 1, :
     Relevant package must be loaded
    Execution halted
Flavor: r-release-osx-x86_64-snowleopard