CRAN Package Check Results for Package DistributionUtils

Last updated on 2015-01-30 23:48:42.

Flavor Version Tinstall Tcheck Ttotal Status Flags
r-devel-linux-x86_64-debian-clang 0.5-1 1.24 28.80 30.05 NOTE
r-devel-linux-x86_64-debian-gcc 0.5-1 1.31 29.07 30.38 NOTE
r-devel-linux-x86_64-fedora-clang 0.5-1 62.35 NOTE
r-devel-linux-x86_64-fedora-gcc 0.5-1 61.21 NOTE
r-devel-osx-x86_64-clang 0.5-1 61.46 NOTE
r-devel-windows-ix86+x86_64 0.5-1 10.00 66.00 76.00 NOTE
r-patched-linux-x86_64 0.5-1 1.26 31.42 32.69 NOTE
r-patched-solaris-sparc 0.5-1 395.30 NOTE
r-patched-solaris-x86 0.5-1 78.60 NOTE
r-release-linux-ix86 0.5-1 1.73 39.65 41.38 NOTE
r-release-linux-x86_64 0.5-1 1.36 29.78 31.13 NOTE
r-release-osx-x86_64-mavericks 0.5-1 NOTE
r-release-windows-ix86+x86_64 0.5-1 6.00 77.00 83.00 NOTE
r-oldrel-windows-ix86+x86_64 0.5-1 6.00 85.00 91.00 NOTE

Check Details

Version: 0.5-1
Check: dependencies in R code
Result: NOTE
    Package in Depends field not imported from: ‘RUnit’
     These packages need to be imported from (in the NAMESPACE file)
     for when this namespace is loaded but not attached.
Flavors: r-devel-linux-x86_64-debian-clang, r-devel-linux-x86_64-debian-gcc, r-devel-linux-x86_64-fedora-clang, r-devel-linux-x86_64-fedora-gcc, r-devel-osx-x86_64-clang, r-devel-windows-ix86+x86_64

Version: 0.5-1
Check: R code for possible problems
Result: NOTE
    momIntegrated: multiple local function definitions for ‘ddist’ with
     different formal arguments
Flavors: r-devel-linux-x86_64-debian-clang, r-devel-linux-x86_64-debian-gcc, r-devel-linux-x86_64-fedora-clang, r-devel-linux-x86_64-fedora-gcc, r-devel-osx-x86_64-clang, r-devel-windows-ix86+x86_64, r-patched-linux-x86_64, r-patched-solaris-sparc, r-patched-solaris-x86, r-release-linux-ix86, r-release-linux-x86_64, r-release-osx-x86_64-mavericks, r-release-windows-ix86+x86_64, r-oldrel-windows-ix86+x86_64

Version: 0.5-1
Check: dependencies in R code
Result: NOTE
    Package in Depends field not imported from: ‘RUnit’
     These packages need to be imported from (in the NAMESPACE file)
     for when this namespace is loaded but not attached.
    See the information on DESCRIPTION files in the chapter ‘Creating R
    packages’ of the ‘Writing R Extensions’ manual.
Flavors: r-patched-linux-x86_64, r-patched-solaris-sparc, r-patched-solaris-x86, r-release-linux-ix86, r-release-linux-x86_64, r-release-osx-x86_64-mavericks, r-release-windows-ix86+x86_64, r-oldrel-windows-ix86+x86_64