CRAN Package Check Results for Package DistributionUtils

Last updated on 2014-04-23 20:47:10.

Flavor Version Tinstall Tcheck Ttotal Status Flags
r-devel-linux-x86_64-debian-clang 0.5-1 1.30 30.16 31.47 NOTE
r-devel-linux-x86_64-debian-gcc 0.5-1 1.35 30.14 31.49 NOTE
r-devel-linux-x86_64-fedora-clang 0.5-1 63.49 NOTE
r-devel-linux-x86_64-fedora-gcc 0.5-1 61.83 NOTE
r-devel-osx-x86_64-clang 0.5-1 55.91 NOTE
r-devel-osx-x86_64-gcc 0.5-1 ERROR
r-devel-windows-ix86+x86_64 0.5-1 6.00 76.00 82.00 NOTE
r-patched-linux-x86_64 0.5-1 1.28 29.94 31.22 NOTE
r-patched-solaris-sparc 0.5-1 338.60 NOTE
r-patched-solaris-x86 0.5-1 75.60 NOTE
r-release-linux-ix86 0.5-1 2.00 55.00 57.00 NOTE
r-release-linux-x86_64 0.5-1 1.28 30.63 31.92 NOTE
r-release-osx-x86_64-mavericks 0.5-1 ERROR
r-release-windows-ix86+x86_64 0.5-1 5.00 74.00 79.00 NOTE
r-oldrel-windows-ix86+x86_64 0.5-1 7.00 85.00 92.00 NOTE

Check Details

Version: 0.5-1
Check: dependencies in R code
Result: NOTE
    Package in Depends field not imported from: ‘RUnit’
     These packages need to be imported from (in the NAMESPACE file)
     for when this namespace is loaded but not attached.
    See the information on DESCRIPTION files in the chapter ‘Creating R
    packages’ of the ‘Writing R Extensions’ manual.
Flavors: r-devel-linux-x86_64-debian-clang, r-devel-linux-x86_64-debian-gcc, r-devel-linux-x86_64-fedora-clang, r-devel-linux-x86_64-fedora-gcc, r-devel-osx-x86_64-clang, r-devel-osx-x86_64-gcc, r-devel-windows-ix86+x86_64, r-patched-linux-x86_64, r-patched-solaris-sparc, r-patched-solaris-x86, r-release-linux-ix86, r-release-linux-x86_64, r-release-osx-x86_64-mavericks, r-release-windows-ix86+x86_64, r-oldrel-windows-ix86+x86_64

Version: 0.5-1
Check: R code for possible problems
Result: NOTE
    momIntegrated: multiple local function definitions for ‘ddist’ with
     different formal arguments
Flavors: r-devel-linux-x86_64-debian-clang, r-devel-linux-x86_64-debian-gcc, r-devel-linux-x86_64-fedora-clang, r-devel-linux-x86_64-fedora-gcc, r-devel-osx-x86_64-clang, r-devel-osx-x86_64-gcc, r-devel-windows-ix86+x86_64, r-patched-linux-x86_64, r-patched-solaris-sparc, r-patched-solaris-x86, r-release-linux-ix86, r-release-linux-x86_64, r-release-osx-x86_64-mavericks, r-release-windows-ix86+x86_64, r-oldrel-windows-ix86+x86_64

Version: 0.5-1
Check: top-level files
Result: NOTE
    Non-standard file/directory found at top level:
     ‘DistributionUtils-Ex.R’
Flavors: r-devel-linux-x86_64-fedora-clang, r-devel-linux-x86_64-fedora-gcc

Version: 0.5-1
Check: package dependencies
Result: NOTE
    Packages suggested but not available for checking:
     ‘GeneralizedHyperbolic’ ‘VarianceGamma’ ‘SkewHyperbolic’
Flavor: r-devel-osx-x86_64-gcc

Version: 0.5-1
Check: Rd cross-references
Result: NOTE
    Packages unavailable to check Rd xrefs: ‘GeneralizedHyperbolic’, ‘VarianceGamma’
Flavor: r-devel-osx-x86_64-gcc

Version: 0.5-1
Check: examples
Result: ERROR
    Running examples in ‘DistributionUtils-Ex.R’ failed
    The error most likely occurred in:
    
    > ### Name: momIntegrated
    > ### Title: Moments Using Integration
    > ### Aliases: momIntegrated
    > ### Keywords: distribution univar
    >
    > ### ** Examples
    >
    > require(GeneralizedHyperbolic)
    Loading required package: GeneralizedHyperbolic
    Warning in library(package, lib.loc = lib.loc, character.only = TRUE, logical.return = TRUE, :
     there is no package called ‘GeneralizedHyperbolic’
    > ### Calculate the mean of a generalized hyperbolic distribution
    > ### Compare the use of integration and the formula for the mean
    > m1 <- momIntegrated("ghyp", param = c(0, 1, 3, 1, 1 / 2), order = 1, about = 0)
    Error in momIntegrated("ghyp", param = c(0, 1, 3, 1, 1/2), order = 1, :
     Relevant package must be loaded
    Execution halted
Flavor: r-devel-osx-x86_64-gcc

Version: 0.5-1
Check: package dependencies
Result: NOTE
    Packages suggested but not available for checking:
     ‘VarianceGamma’ ‘SkewHyperbolic’
Flavor: r-release-osx-x86_64-mavericks

Version: 0.5-1
Check: Rd cross-references
Result: NOTE
    Package unavailable to check Rd xrefs: ‘VarianceGamma’
Flavor: r-release-osx-x86_64-mavericks

Version: 0.5-1
Check: examples
Result: ERROR
    Running examples in ‘DistributionUtils-Ex.R’ failed
    The error most likely occurred in:
    
    > ### Name: pDist
    > ### Title: Distribution and Quantile Functions for Unimodal Distributions
    > ### Aliases: pDist qDist
    > ### Keywords: distribution univar
    >
    > ### ** Examples
    >
    > pDist("norm", q = 2, mean = 1, sd = 1)
    [1] 0.8413447
    > pDist("t", q = 0.5, df = 4)
    [1] 0.678335
    > require(GeneralizedHyperbolic)
    Loading required package: GeneralizedHyperbolic
    > pDist("ghyp", q = 0.1)
    [1] 0.5305087
    > require(SkewHyperbolic)
    Loading required package: SkewHyperbolic
    Warning in library(package, lib.loc = lib.loc, character.only = TRUE, logical.return = TRUE, :
     there is no package called ‘SkewHyperbolic’
    > qDist("skewhyp", p = 0.4, param = c(0, 1, 0, 10))
    Error in get(as.character(FUN), mode = "function", envir = envir) :
     object 'dskewhyp' of mode 'function' was not found
    Calls: qDist -> distMode -> match.fun -> get
    Execution halted
Flavor: r-release-osx-x86_64-mavericks