CRAN Package Check Results for Package DistributionUtils

Last updated on 2015-03-31 13:48:11.

Flavor Version Tinstall Tcheck Ttotal Status Flags
r-devel-linux-x86_64-debian-clang 0.5-1 1.23 28.12 29.35 NOTE
r-devel-linux-x86_64-debian-gcc 0.5-1 1.20 28.43 29.63 NOTE
r-devel-linux-x86_64-fedora-clang 0.5-1 58.15 NOTE
r-devel-linux-x86_64-fedora-gcc 0.5-1 55.12 NOTE
r-devel-osx-x86_64-clang 0.5-1 61.72 NOTE
r-prerel-windows-ix86+x86_64 0.5-1 7.00 73.00 80.00 NOTE
r-prerel-linux-x86_64 0.5-1 1.14 28.65 29.79 NOTE
r-prerel-solaris-sparc 0.5-1 357.50 NOTE
r-prerel-solaris-x86 0.5-1 71.80 NOTE
r-release-linux-x86_64 0.5-1 1.30 30.26 31.56 NOTE
r-release-osx-x86_64-mavericks 0.5-1 NOTE
r-release-windows-ix86+x86_64 0.5-1 7.00 81.00 88.00 NOTE
r-oldrel-windows-ix86+x86_64 0.5-1 7.00 84.00 91.00 NOTE

Check Details

Version: 0.5-1
Check: dependencies in R code
Result: NOTE
    Package in Depends field not imported from: ‘RUnit’
     These packages need to be imported from (in the NAMESPACE file)
     for when this namespace is loaded but not attached.
Flavors: r-devel-linux-x86_64-debian-clang, r-devel-linux-x86_64-debian-gcc, r-devel-linux-x86_64-fedora-clang, r-devel-linux-x86_64-fedora-gcc, r-devel-osx-x86_64-clang, r-prerel-windows-ix86+x86_64, r-prerel-linux-x86_64, r-prerel-solaris-sparc, r-prerel-solaris-x86, r-release-linux-x86_64, r-release-windows-ix86+x86_64

Version: 0.5-1
Check: R code for possible problems
Result: NOTE
    momIntegrated: multiple local function definitions for ‘ddist’ with
     different formal arguments
Flavors: r-devel-linux-x86_64-debian-clang, r-devel-linux-x86_64-debian-gcc, r-devel-linux-x86_64-fedora-clang, r-devel-linux-x86_64-fedora-gcc, r-devel-osx-x86_64-clang, r-prerel-windows-ix86+x86_64, r-prerel-linux-x86_64, r-prerel-solaris-sparc, r-prerel-solaris-x86, r-release-linux-x86_64, r-release-osx-x86_64-mavericks, r-release-windows-ix86+x86_64, r-oldrel-windows-ix86+x86_64

Version: 0.5-1
Check: dependencies in R code
Result: NOTE
    Package in Depends field not imported from: ‘RUnit’
     These packages need to be imported from (in the NAMESPACE file)
     for when this namespace is loaded but not attached.
    See the information on DESCRIPTION files in the chapter ‘Creating R
    packages’ of the ‘Writing R Extensions’ manual.
Flavors: r-release-osx-x86_64-mavericks, r-oldrel-windows-ix86+x86_64