CRAN Package Check Results for Package DistributionUtils

Last updated on 2014-09-21 03:48:59.

Flavor Version Tinstall Tcheck Ttotal Status Flags
r-devel-linux-x86_64-debian-clang 0.5-1 1.21 28.43 29.64 NOTE
r-devel-linux-x86_64-debian-gcc 0.5-1 1.32 28.08 29.40 NOTE
r-devel-linux-x86_64-fedora-clang 0.5-1 60.61 NOTE
r-devel-linux-x86_64-fedora-gcc 0.5-1 66.21 NOTE
r-devel-osx-x86_64-clang 0.5-1 56.32 NOTE
r-devel-windows-ix86+x86_64 0.5-1 6.00 72.00 78.00 NOTE
r-patched-linux-x86_64 0.5-1 1.24 29.26 30.50 NOTE
r-patched-solaris-sparc 0.5-1 356.00 NOTE
r-patched-solaris-x86 0.5-1 75.60 NOTE
r-release-linux-ix86 0.5-1 1.81 40.49 42.30 NOTE
r-release-linux-x86_64 0.5-1 1.34 29.59 30.93 NOTE
r-release-osx-x86_64-mavericks 0.5-1 NOTE
r-release-windows-ix86+x86_64 0.5-1 6.00 83.00 89.00 NOTE
r-oldrel-windows-ix86+x86_64 0.5-1 7.00 80.00 87.00 NOTE

Check Details

Version: 0.5-1
Check: top-level files
Result: NOTE
    Non-standard file/directory found at top level:
     ‘DistributionUtils-Ex.R’
Flavors: r-devel-linux-x86_64-debian-clang, r-devel-linux-x86_64-debian-gcc, r-devel-linux-x86_64-fedora-clang, r-devel-linux-x86_64-fedora-gcc, r-patched-linux-x86_64, r-release-linux-x86_64

Version: 0.5-1
Check: dependencies in R code
Result: NOTE
    Package in Depends field not imported from: ‘RUnit’
     These packages need to be imported from (in the NAMESPACE file)
     for when this namespace is loaded but not attached.
    See the information on DESCRIPTION files in the chapter ‘Creating R
    packages’ of the ‘Writing R Extensions’ manual.
Flavors: r-devel-linux-x86_64-debian-clang, r-devel-linux-x86_64-debian-gcc, r-devel-linux-x86_64-fedora-clang, r-devel-linux-x86_64-fedora-gcc, r-devel-osx-x86_64-clang, r-devel-windows-ix86+x86_64, r-patched-linux-x86_64, r-patched-solaris-sparc, r-patched-solaris-x86, r-release-linux-ix86, r-release-linux-x86_64, r-release-osx-x86_64-mavericks, r-release-windows-ix86+x86_64, r-oldrel-windows-ix86+x86_64

Version: 0.5-1
Check: R code for possible problems
Result: NOTE
    momIntegrated: multiple local function definitions for ‘ddist’ with
     different formal arguments
Flavors: r-devel-linux-x86_64-debian-clang, r-devel-linux-x86_64-debian-gcc, r-devel-linux-x86_64-fedora-clang, r-devel-linux-x86_64-fedora-gcc, r-devel-osx-x86_64-clang, r-devel-windows-ix86+x86_64, r-patched-linux-x86_64, r-patched-solaris-sparc, r-patched-solaris-x86, r-release-linux-ix86, r-release-linux-x86_64, r-release-osx-x86_64-mavericks, r-release-windows-ix86+x86_64, r-oldrel-windows-ix86+x86_64