CRAN Package Check Results for Package DistributionUtils

Last updated on 2014-10-24 14:47:20.

Flavor Version Tinstall Tcheck Ttotal Status Flags
r-devel-linux-x86_64-debian-clang 0.5-1 1.33 29.49 30.82 NOTE
r-devel-linux-x86_64-debian-gcc 0.5-1 1.30 29.06 30.36 NOTE
r-devel-linux-x86_64-fedora-clang 0.5-1 62.53 NOTE
r-devel-linux-x86_64-fedora-gcc 0.5-1 58.56 NOTE
r-devel-osx-x86_64-clang 0.5-1 55.79 NOTE
r-devel-windows-ix86+x86_64 0.5-1 6.00 74.00 80.00 NOTE
r-patched-linux-x86_64 0.5-1 1.31 30.11 31.42 NOTE
r-patched-solaris-sparc 0.5-1 338.20 NOTE
r-patched-solaris-x86 0.5-1 75.60 NOTE
r-release-linux-ix86 0.5-1 1.79 40.45 42.24 NOTE
r-release-linux-x86_64 0.5-1 1.31 31.08 32.40 NOTE
r-release-osx-x86_64-mavericks 0.5-1 NOTE
r-release-windows-ix86+x86_64 0.5-1 6.00 83.00 89.00 NOTE
r-oldrel-windows-ix86+x86_64 0.5-1 7.00 81.00 88.00 NOTE

Check Details

Version: 0.5-1
Check: top-level files
Result: NOTE
    Non-standard file/directory found at top level:
     ‘DistributionUtils-Ex.R’
Flavors: r-devel-linux-x86_64-debian-clang, r-devel-linux-x86_64-debian-gcc, r-devel-linux-x86_64-fedora-clang, r-devel-linux-x86_64-fedora-gcc, r-patched-linux-x86_64, r-release-linux-x86_64

Version: 0.5-1
Check: dependencies in R code
Result: NOTE
    Package in Depends field not imported from: ‘RUnit’
     These packages need to be imported from (in the NAMESPACE file)
     for when this namespace is loaded but not attached.
    See the information on DESCRIPTION files in the chapter ‘Creating R
    packages’ of the ‘Writing R Extensions’ manual.
Flavors: r-devel-linux-x86_64-debian-clang, r-devel-linux-x86_64-debian-gcc, r-devel-linux-x86_64-fedora-clang, r-devel-linux-x86_64-fedora-gcc, r-devel-osx-x86_64-clang, r-devel-windows-ix86+x86_64, r-patched-linux-x86_64, r-patched-solaris-sparc, r-patched-solaris-x86, r-release-linux-ix86, r-release-linux-x86_64, r-release-osx-x86_64-mavericks, r-release-windows-ix86+x86_64, r-oldrel-windows-ix86+x86_64

Version: 0.5-1
Check: R code for possible problems
Result: NOTE
    momIntegrated: multiple local function definitions for ‘ddist’ with
     different formal arguments
Flavors: r-devel-linux-x86_64-debian-clang, r-devel-linux-x86_64-debian-gcc, r-devel-linux-x86_64-fedora-clang, r-devel-linux-x86_64-fedora-gcc, r-devel-osx-x86_64-clang, r-devel-windows-ix86+x86_64, r-patched-linux-x86_64, r-patched-solaris-sparc, r-patched-solaris-x86, r-release-linux-ix86, r-release-linux-x86_64, r-release-osx-x86_64-mavericks, r-release-windows-ix86+x86_64, r-oldrel-windows-ix86+x86_64