CRAN Package Check Results for Package DistributionUtils

Last updated on 2024-02-29 20:52:45 CET.

Flavor Version Tinstall Tcheck Ttotal Status Flags
r-devel-linux-x86_64-debian-clang 0.6-1 4.55 35.51 40.06 NOTE
r-devel-linux-x86_64-debian-gcc 0.6-1 3.44 27.15 30.59 NOTE
r-devel-linux-x86_64-fedora-clang 0.6-1 52.96 NOTE
r-devel-linux-x86_64-fedora-gcc 0.6-1 52.00 NOTE
r-devel-windows-x86_64 0.6-1 7.00 53.00 60.00 OK
r-patched-linux-x86_64 0.6-1 4.95 35.54 40.49 OK
r-release-linux-x86_64 0.6-1 4.75 35.55 40.30 OK
r-release-macos-arm64 0.6-1 23.00 OK
r-release-macos-x86_64 0.6-1 58.00 OK
r-release-windows-x86_64 0.6-1 8.00 57.00 65.00 OK
r-oldrel-macos-arm64 0.6-1 25.00 OK
r-oldrel-windows-x86_64 0.6-1 9.00 60.00 69.00 OK

Check Details

Version: 0.6-1
Check: Rd files
Result: NOTE checkRd: (-1) moranTest.Rd:37: Lost braces; missing escapes or markup? 37 | {M(theta)=-(log(y_1-y_0)+log(y_2-y_1)+...+log(y_m-y_m-1))} | ^ Flavors: r-devel-linux-x86_64-debian-clang, r-devel-linux-x86_64-debian-gcc, r-devel-linux-x86_64-fedora-clang, r-devel-linux-x86_64-fedora-gcc