CRAN Package Check Results for Package DivMelt

Last updated on 2016-08-25 21:46:41.

Flavor Version Tinstall Tcheck Ttotal Status Flags
r-devel-linux-x86_64-debian-clang 1.0.3 3.00 37.36 40.37 NOTE
r-devel-linux-x86_64-debian-gcc 1.0.3 3.32 36.32 39.65 NOTE
r-devel-linux-x86_64-fedora-clang 1.0.3 70.60 NOTE
r-devel-linux-x86_64-fedora-gcc 1.0.3 68.80 NOTE
r-devel-osx-x86_64-clang 1.0.3 60.33 NOTE
r-devel-windows-ix86+x86_64 1.0.3 11.00 57.00 68.00 NOTE
r-patched-linux-x86_64 1.0.3 3.02 35.31 38.33 NOTE
r-patched-solaris-sparc 1.0.3 444.10 NOTE
r-patched-solaris-x86 1.0.3 97.40 NOTE
r-release-linux-x86_64 1.0.3 2.98 36.55 39.52 NOTE
r-release-osx-x86_64-mavericks 1.0.3 ERROR
r-release-windows-ix86+x86_64 1.0.3 7.00 60.00 67.00 NOTE
r-oldrel-windows-ix86+x86_64 1.0.3 7.00 84.00 91.00 NOTE

Check Details

Version: 1.0.3
Check: dependencies in R code
Result: NOTE
    'library' or 'require' call to ‘glmnet’ which was already attached by Depends.
     Please remove these calls from your code.
    Packages in Depends field not imported from:
     ‘glmnet’ ‘tcltk’
     These packages need to be imported from (in the NAMESPACE file)
     for when this namespace is loaded but not attached.
Flavors: r-devel-linux-x86_64-debian-clang, r-devel-linux-x86_64-debian-gcc, r-devel-linux-x86_64-fedora-clang, r-devel-linux-x86_64-fedora-gcc, r-devel-osx-x86_64-clang, r-devel-windows-ix86+x86_64, r-patched-linux-x86_64, r-patched-solaris-sparc, r-patched-solaris-x86, r-release-linux-x86_64, r-release-windows-ix86+x86_64, r-oldrel-windows-ix86+x86_64

Version: 1.0.3
Check: R code for possible problems
Result: NOTE
    DivMelt_gui: no visible global function definition for ‘tktoplevel’
    DivMelt_gui: no visible global function definition for ‘tkwm.title’
    DivMelt_gui: no visible global function definition for ‘tkwm.geometry’
    DivMelt_gui: no visible global function definition for ‘tkfont.create’
    DivMelt_gui: no visible global function definition for ‘tclVar’
    DivMelt_gui : loadSettings: no visible global function definition for
     ‘tclvalue<-’
    DivMelt_gui : loadSettings: no visible global function definition for
     ‘tkmessageBox’
    DivMelt_gui : showOptions: no visible global function definition for
     ‘tktoplevel’
    DivMelt_gui : showOptions: no visible global function definition for
     ‘tkwm.deiconify’
    DivMelt_gui : showOptions: no visible global function definition for
     ‘tkgrab.set’
    DivMelt_gui : showOptions: no visible global function definition for
     ‘tkfocus’
    DivMelt_gui : showOptions: no visible global function definition for
     ‘tkwm.title’
    DivMelt_gui : showOptions: no visible global function definition for
     ‘tkwm.geometry’
    DivMelt_gui : showOptions: no visible global function definition for
     ‘tkframe’
    DivMelt_gui : showOptions: no visible global function definition for
     ‘tkgrid.columnconfigure’
    DivMelt_gui : showOptions: no visible global function definition for
     ‘tkgrid.configure’
    DivMelt_gui : showOptions: no visible global function definition for
     ‘tclvalue’
    DivMelt_gui : showOptions: no visible global function definition for
     ‘tklabel’
    DivMelt_gui : showOptions: no visible global function definition for
     ‘tkgrid’
    DivMelt_gui : showOptions: no visible global function definition for
     ‘tclVar’
    DivMelt_gui : showOptions: no visible global function definition for
     ‘tkbutton’
    DivMelt_gui : showOptions : <anonymous>: no visible global function
     definition for ‘tclvalue<-’
    DivMelt_gui : showOptions: no visible global function definition for
     ‘tkwait.variable’
    DivMelt_gui : showOptions: no visible global function definition for
     ‘tkProgressBar’
    DivMelt_gui : showOptions : updateBar: no visible global function
     definition for ‘setTkProgressBar’
    DivMelt_gui : showOptions : updateBar: no visible global function
     definition for ‘tcl’
    DivMelt_gui : showOptions: no visible global function definition for
     ‘setTkProgressBar’
    DivMelt_gui : showOptions: no visible global function definition for
     ‘tkmessageBox’
    DivMelt_gui : showOptions : <anonymous>: no visible global function
     definition for ‘tkmessageBox’
    DivMelt_gui : showOptions: no visible global function definition for
     ‘tkgrab.release’
    DivMelt_gui : showOptions: no visible global function definition for
     ‘tkdestroy’
    DivMelt_gui : inputDlg: no visible global function definition for
     ‘tktoplevel’
    DivMelt_gui : inputDlg: no visible global function definition for
     ‘tkwm.deiconify’
    DivMelt_gui : inputDlg: no visible global function definition for
     ‘tkgrab.set’
    DivMelt_gui : inputDlg: no visible global function definition for
     ‘tkfocus’
    DivMelt_gui : inputDlg: no visible global function definition for
     ‘tkwm.title’
    DivMelt_gui : inputDlg: no visible global function definition for
     ‘tkwm.geometry’
    DivMelt_gui : inputDlg: no visible global function definition for
     ‘tkwidget’
    DivMelt_gui : inputDlg: no visible global function definition for
     ‘tkgrid.columnconfigure’
    DivMelt_gui : inputDlg: no visible global function definition for
     ‘tkgrid.configure’
    DivMelt_gui : inputDlg: no visible global function definition for
     ‘tklabel’
    DivMelt_gui : inputDlg: no visible global function definition for
     ‘tkbutton’
    DivMelt_gui : inputDlg: no visible global function definition for
     ‘tkbind’
    DivMelt_gui : inputDlg: no visible global function definition for
     ‘tkentry’
    DivMelt_gui : inputDlg: no visible global function definition for
     ‘tkconfigure’
    DivMelt_gui : inputDlg: no visible global function definition for
     ‘tkgrid’
    DivMelt_gui : inputDlg: no visible global function definition for
     ‘tclVar’
    DivMelt_gui : inputDlg : <anonymous>: no visible global function
     definition for ‘tclvalue<-’
    DivMelt_gui : inputDlg: no visible global function definition for
     ‘tkwait.variable’
    DivMelt_gui : inputDlg: no visible global function definition for
     ‘tkgrab.release’
    DivMelt_gui : inputDlg: no visible global function definition for
     ‘tkdestroy’
    DivMelt_gui : plottingDlg: no visible global function definition for
     ‘tktoplevel’
    DivMelt_gui : plottingDlg: no visible global function definition for
     ‘tkwm.deiconify’
    DivMelt_gui : plottingDlg: no visible global function definition for
     ‘tkgrab.set’
    DivMelt_gui : plottingDlg: no visible global function definition for
     ‘tkfocus’
    DivMelt_gui : plottingDlg: no visible global function definition for
     ‘tkwm.title’
    DivMelt_gui : plottingDlg: no visible global function definition for
     ‘tkwm.geometry’
    DivMelt_gui : plottingDlg: no visible global function definition for
     ‘tkwidget’
    DivMelt_gui : plottingDlg: no visible global function definition for
     ‘tkgrid.columnconfigure’
    DivMelt_gui : plottingDlg: no visible global function definition for
     ‘tklabel’
    DivMelt_gui : plottingDlg: no visible global function definition for
     ‘tkbind’
    DivMelt_gui : plottingDlg: no visible global function definition for
     ‘tkradiobutton’
    DivMelt_gui : plottingDlg: no visible global function definition for
     ‘tkconfigure’
    DivMelt_gui : plottingDlg: no visible global function definition for
     ‘tkgrid’
    DivMelt_gui : plottingDlg: no visible global function definition for
     ‘tkgrid.configure’
    DivMelt_gui : plottingDlg: no visible global function definition for
     ‘tkcheckbutton’
    DivMelt_gui : plottingDlg: no visible global function definition for
     ‘tkentry’
    DivMelt_gui : plottingDlg: no visible global function definition for
     ‘tclVar’
    DivMelt_gui : plottingDlg: no visible global function definition for
     ‘tkbutton’
    DivMelt_gui : plottingDlg : <anonymous>: no visible global function
     definition for ‘tclvalue<-’
    DivMelt_gui : plottingDlg: no visible global function definition for
     ‘tkwait.variable’
    DivMelt_gui : plottingDlg: no visible global function definition for
     ‘tkgrab.release’
    DivMelt_gui : plottingDlg: no visible global function definition for
     ‘tkdestroy’
    DivMelt_gui : analysisDlg: no visible global function definition for
     ‘tktoplevel’
    DivMelt_gui : analysisDlg: no visible global function definition for
     ‘tkwm.deiconify’
    DivMelt_gui : analysisDlg: no visible global function definition for
     ‘tkgrab.set’
    DivMelt_gui : analysisDlg: no visible global function definition for
     ‘tkfocus’
    DivMelt_gui : analysisDlg: no visible global function definition for
     ‘tkwm.title’
    DivMelt_gui : analysisDlg: no visible global function definition for
     ‘tkwm.geometry’
    DivMelt_gui : analysisDlg: no visible global function definition for
     ‘tkwidget’
    DivMelt_gui : analysisDlg: no visible global function definition for
     ‘tkgrid.columnconfigure’
    DivMelt_gui : analysisDlg: no visible global function definition for
     ‘tklabel’
    DivMelt_gui : analysisDlg: no visible global function definition for
     ‘tkbind’
    DivMelt_gui : analysisDlg: no visible global function definition for
     ‘tkcheckbutton’
    DivMelt_gui : analysisDlg: no visible global function definition for
     ‘tkconfigure’
    DivMelt_gui : analysisDlg: no visible global function definition for
     ‘tkgrid’
    DivMelt_gui : analysisDlg: no visible global function definition for
     ‘tkgrid.configure’
    DivMelt_gui : analysisDlg: no visible global function definition for
     ‘tclvalue’
    DivMelt_gui : analysisDlg: no visible global function definition for
     ‘tkscale’
    DivMelt_gui : analysisDlg: no visible global function definition for
     ‘tkbutton’
    DivMelt_gui : analysisDlg: no visible global function definition for
     ‘tkentry’
    DivMelt_gui : analysisDlg: no visible global function definition for
     ‘tclVar’
    DivMelt_gui : analysisDlg : <anonymous>: no visible global function
     definition for ‘tclvalue<-’
    DivMelt_gui : analysisDlg: no visible global function definition for
     ‘tkwait.variable’
    DivMelt_gui : analysisDlg: no visible global function definition for
     ‘tkgrab.release’
    DivMelt_gui : analysisDlg: no visible global function definition for
     ‘tkdestroy’
    DivMelt_gui : outputDlg: no visible global function definition for
     ‘tktoplevel’
    DivMelt_gui : outputDlg: no visible global function definition for
     ‘tkwm.deiconify’
    DivMelt_gui : outputDlg: no visible global function definition for
     ‘tkgrab.set’
    DivMelt_gui : outputDlg: no visible global function definition for
     ‘tkfocus’
    DivMelt_gui : outputDlg: no visible global function definition for
     ‘tkwm.title’
    DivMelt_gui : outputDlg: no visible global function definition for
     ‘tkwm.geometry’
    DivMelt_gui : outputDlg: no visible global function definition for
     ‘tkwidget’
    DivMelt_gui : outputDlg: no visible global function definition for
     ‘tkgrid.columnconfigure’
    DivMelt_gui : outputDlg: no visible global function definition for
     ‘tklabel’
    DivMelt_gui : outputDlg: no visible global function definition for
     ‘tkbutton’
    DivMelt_gui : outputDlg: no visible global function definition for
     ‘tkentry’
    DivMelt_gui : outputDlg: no visible global function definition for
     ‘tkbind’
    DivMelt_gui : outputDlg: no visible global function definition for
     ‘tkgrid’
    DivMelt_gui : outputDlg: no visible global function definition for
     ‘tkgrid.configure’
    DivMelt_gui : outputDlg: no visible global function definition for
     ‘tkconfigure’
    DivMelt_gui : outputDlg: no visible global function definition for
     ‘tclVar’
    DivMelt_gui : outputDlg : <anonymous>: no visible global function
     definition for ‘tclvalue<-’
    DivMelt_gui : outputDlg: no visible global function definition for
     ‘tkwait.variable’
    DivMelt_gui : outputDlg: no visible global function definition for
     ‘tkgrab.release’
    DivMelt_gui : outputDlg: no visible global function definition for
     ‘tkdestroy’
    DivMelt_gui : viewCommand: no visible global function definition for
     ‘tkconfigure’
    DivMelt_gui : viewCommand: no visible global function definition for
     ‘tcl’
    DivMelt_gui : viewCommand: no visible global function definition for
     ‘tclvalue’
    DivMelt_gui : viewCommand: no visible global function definition for
     ‘tktoplevel’
    DivMelt_gui : viewCommand: no visible global function definition for
     ‘tkwm.deiconify’
    DivMelt_gui : viewCommand: no visible global function definition for
     ‘tkgrab.set’
    DivMelt_gui : viewCommand: no visible global function definition for
     ‘tkfocus’
    DivMelt_gui : viewCommand: no visible global function definition for
     ‘tkwm.title’
    DivMelt_gui : viewCommand: no visible global function definition for
     ‘tkwm.geometry’
    DivMelt_gui : viewCommand: no visible global function definition for
     ‘tkwidget’
    DivMelt_gui : viewCommand: no visible global function definition for
     ‘tkgrid.columnconfigure’
    DivMelt_gui : viewCommand: no visible global function definition for
     ‘tkgrid.configure’
    DivMelt_gui : viewCommand: no visible global function definition for
     ‘tkscrollbar’
    DivMelt_gui : viewCommand : <anonymous>: no visible global function
     definition for ‘tkyview’
    DivMelt_gui : viewCommand: no visible global function definition for
     ‘tklistbox’
    DivMelt_gui : viewCommand : <anonymous>: no visible global function
     definition for ‘tkset’
    DivMelt_gui : viewCommand: no visible global function definition for
     ‘tkgrid’
    DivMelt_gui : viewCommand: no visible global function definition for
     ‘tkinsert’
    DivMelt_gui : viewCommand: no visible global function definition for
     ‘tkbind’
    DivMelt_gui : viewCommand : <anonymous>: no visible global function
     definition for ‘tkcurselection’
    DivMelt_gui : viewCommand : <anonymous>: no visible global function
     definition for ‘tkmessageBox’
    DivMelt_gui : viewCommand: no visible global function definition for
     ‘tclVar’
    DivMelt_gui : viewCommand: no visible global function definition for
     ‘tkbutton’
    DivMelt_gui : viewCommand : <anonymous>: no visible global function
     definition for ‘tclvalue<-’
    DivMelt_gui : viewCommand: no visible global function definition for
     ‘tkwait.variable’
    DivMelt_gui : viewCommand: no visible global function definition for
     ‘tkgrab.release’
    DivMelt_gui : viewCommand: no visible global function definition for
     ‘tkdestroy’
    DivMelt_gui : viewCommand: no visible global function definition for
     ‘tkmessageBox’
    DivMelt_gui : loadCommand: no visible global function definition for
     ‘tclvalue’
    DivMelt_gui : loadCommand: no visible global function definition for
     ‘tkgetOpenFile’
    DivMelt_gui : saveCommand: no visible global function definition for
     ‘tclvalue’
    DivMelt_gui : saveCommand: no visible global function definition for
     ‘tkgetSaveFile’
    DivMelt_gui : saveCommand: no visible global function definition for
     ‘tkmessageBox’
    DivMelt_gui : exitCommand: no visible global function definition for
     ‘tkmessageBox’
    DivMelt_gui : exitCommand: no visible global function definition for
     ‘tkdestroy’
    DivMelt_gui : selectOutputDir: no visible global function definition
     for ‘tclvalue’
    DivMelt_gui : selectOutputDir: no visible global function definition
     for ‘tkchooseDirectory’
    DivMelt_gui : selectOutputDir: no visible global function definition
     for ‘tclvalue<-’
    DivMelt_gui : selectDir: no visible global function definition for
     ‘tclvalue’
    DivMelt_gui : selectDir: no visible global function definition for
     ‘tkchooseDirectory’
    DivMelt_gui : selectDir: no visible global function definition for
     ‘tclvalue<-’
    DivMelt_gui : selectFile: no visible global function definition for
     ‘tclvalue’
    DivMelt_gui : selectFile: no visible global function definition for
     ‘tkgetOpenFile’
    DivMelt_gui : selectFile: no visible global function definition for
     ‘tclvalue<-’
    DivMelt_gui : selectScoreFile: no visible global function definition
     for ‘tclvalue’
    DivMelt_gui : selectScoreFile: no visible global function definition
     for ‘tkgetOpenFile’
    DivMelt_gui : selectScoreFile: no visible global function definition
     for ‘tclvalue<-’
    DivMelt_gui : selectModelFile: no visible global function definition
     for ‘tclvalue’
    DivMelt_gui : selectModelFile: no visible global function definition
     for ‘tkgetOpenFile’
    DivMelt_gui : selectModelFile: no visible global function definition
     for ‘tclvalue<-’
    DivMelt_gui : helpDialog: no visible global function definition for
     ‘tkmessageBox’
    DivMelt_gui: no visible global function definition for ‘tkwidget’
    DivMelt_gui: no visible global function definition for ‘tkbutton’
    DivMelt_gui: no visible global function definition for ‘tkgrid’
    DivMelt_gui: no visible global function definition for
     ‘tkgrid.columnconfigure’
    DivMelt_gui: no visible global function definition for
     ‘tkgrid.rowconfigure’
    DivMelt_gui: no visible global function definition for ‘tkfocus’
    modelDivMelt: no visible global function definition for ‘read.csv’
    modelDivMelt: no visible global function definition for ‘cv.glmnet’
    modelDivMelt: no visible global function definition for ‘predict’
    modelDivMelt: no visible global function definition for ‘coef’
    processDivMelt: no visible global function definition for ‘data’
    processDivMelt: no visible global function definition for ‘pdf’
    processDivMelt: no visible global function definition for ‘layout’
    processDivMelt: no visible global function definition for ‘par’
    processDivMelt: no visible global function definition for ‘png’
    processDivMelt: no visible global function definition for ‘plot.new’
    processDivMelt: no visible global function definition for ‘text’
    processDivMelt: no visible global function definition for ‘plot’
    processDivMelt: no visible global function definition for ‘lines’
    processDivMelt: no visible global function definition for ‘lowess’
    processDivMelt: no visible global function definition for ‘lm’
    processDivMelt: no visible global function definition for ‘sd’
    processDivMelt: no visible global function definition for ‘loess’
    processDivMelt: no visible global function definition for ‘segments’
    processDivMelt: no visible global function definition for ‘abline’
    processDivMelt: no visible global function definition for ‘predict’
    processDivMelt: no visible global function definition for ‘title’
    processDivMelt: no visible global function definition for ‘dev.off’
    Undefined global functions or variables:
     abline coef cv.glmnet data dev.off layout lines lm loess lowess par
     pdf plot plot.new png predict read.csv sd segments setTkProgressBar
     tcl tclVar tclvalue tclvalue<- text title tkProgressBar tkbind
     tkbutton tkcheckbutton tkchooseDirectory tkconfigure tkcurselection
     tkdestroy tkentry tkfocus tkfont.create tkframe tkgetOpenFile
     tkgetSaveFile tkgrab.release tkgrab.set tkgrid tkgrid.columnconfigure
     tkgrid.configure tkgrid.rowconfigure tkinsert tklabel tklistbox
     tkmessageBox tkradiobutton tkscale tkscrollbar tkset tktoplevel
     tkwait.variable tkwidget tkwm.deiconify tkwm.geometry tkwm.title
     tkyview
    Consider adding
     importFrom("grDevices", "dev.off", "pdf", "png")
     importFrom("graphics", "abline", "layout", "lines", "par", "plot",
     "plot.new", "segments", "text", "title")
     importFrom("stats", "coef", "lm", "loess", "lowess", "predict", "sd")
     importFrom("utils", "data", "read.csv")
    to your NAMESPACE file.
    
    Found the following calls to data() loading into the global environment:
    File ‘DivMelt/R/processDivMelt.R’:
     data(model)
    See section ‘Good practice’ in ‘?data’.
Flavors: r-devel-linux-x86_64-debian-clang, r-devel-linux-x86_64-debian-gcc, r-devel-linux-x86_64-fedora-clang, r-devel-osx-x86_64-clang, r-patched-linux-x86_64, r-release-linux-x86_64

Version: 1.0.3
Check: R code for possible problems
Result: NOTE
    DivMelt_gui: no visible global function definition for ‘tktoplevel’
    DivMelt_gui: no visible global function definition for ‘tkwm.title’
    DivMelt_gui: no visible global function definition for ‘tkwm.geometry’
    DivMelt_gui: no visible global function definition for ‘tkfont.create’
    DivMelt_gui: no visible global function definition for ‘tclVar’
    DivMelt_gui : loadSettings: no visible global function definition for
     ‘tclvalue<-’
    DivMelt_gui : loadSettings: no visible global function definition for
     ‘tkmessageBox’
    DivMelt_gui : showOptions: no visible global function definition for
     ‘tktoplevel’
    DivMelt_gui : showOptions: no visible global function definition for
     ‘tkwm.deiconify’
    DivMelt_gui : showOptions: no visible global function definition for
     ‘tkgrab.set’
    DivMelt_gui : showOptions: no visible global function definition for
     ‘tkfocus’
    DivMelt_gui : showOptions: no visible global function definition for
     ‘tkwm.title’
    DivMelt_gui : showOptions: no visible global function definition for
     ‘tkwm.geometry’
    DivMelt_gui : showOptions: no visible global function definition for
     ‘tkframe’
    DivMelt_gui : showOptions: no visible global function definition for
     ‘tkgrid.columnconfigure’
    DivMelt_gui : showOptions: no visible global function definition for
     ‘tkgrid.configure’
    DivMelt_gui : showOptions: no visible global function definition for
     ‘tclvalue’
    DivMelt_gui : showOptions: no visible global function definition for
     ‘tklabel’
    DivMelt_gui : showOptions: no visible global function definition for
     ‘tkgrid’
    DivMelt_gui : showOptions: no visible global function definition for
     ‘tclVar’
    DivMelt_gui : showOptions: no visible global function definition for
     ‘tkbutton’
    DivMelt_gui : showOptions : <anonymous>: no visible global function
     definition for ‘tclvalue<-’
    DivMelt_gui : showOptions: no visible global function definition for
     ‘tkwait.variable’
    DivMelt_gui : showOptions: no visible global function definition for
     ‘tkProgressBar’
    DivMelt_gui : showOptions : updateBar: no visible global function
     definition for ‘setTkProgressBar’
    DivMelt_gui : showOptions : updateBar: no visible global function
     definition for ‘tcl’
    DivMelt_gui : showOptions: no visible global function definition for
     ‘setTkProgressBar’
    DivMelt_gui : showOptions: no visible global function definition for
     ‘tkmessageBox’
    DivMelt_gui : showOptions : <anonymous>: no visible global function
     definition for ‘tkmessageBox’
    DivMelt_gui : showOptions: no visible global function definition for
     ‘tkgrab.release’
    DivMelt_gui : showOptions: no visible global function definition for
     ‘tkdestroy’
    DivMelt_gui : inputDlg: no visible global function definition for
     ‘tktoplevel’
    DivMelt_gui : inputDlg: no visible global function definition for
     ‘tkwm.deiconify’
    DivMelt_gui : inputDlg: no visible global function definition for
     ‘tkgrab.set’
    DivMelt_gui : inputDlg: no visible global function definition for
     ‘tkfocus’
    DivMelt_gui : inputDlg: no visible global function definition for
     ‘tkwm.title’
    DivMelt_gui : inputDlg: no visible global function definition for
     ‘tkwm.geometry’
    DivMelt_gui : inputDlg: no visible global function definition for
     ‘tkwidget’
    DivMelt_gui : inputDlg: no visible global function definition for
     ‘tkgrid.columnconfigure’
    DivMelt_gui : inputDlg: no visible global function definition for
     ‘tkgrid.configure’
    DivMelt_gui : inputDlg: no visible global function definition for
     ‘tklabel’
    DivMelt_gui : inputDlg: no visible global function definition for
     ‘tkbutton’
    DivMelt_gui : inputDlg: no visible global function definition for
     ‘tkbind’
    DivMelt_gui : inputDlg: no visible global function definition for
     ‘tkentry’
    DivMelt_gui : inputDlg: no visible global function definition for
     ‘tkconfigure’
    DivMelt_gui : inputDlg: no visible global function definition for
     ‘tkgrid’
    DivMelt_gui : inputDlg: no visible global function definition for
     ‘tclVar’
    DivMelt_gui : inputDlg : <anonymous>: no visible global function
     definition for ‘tclvalue<-’
    DivMelt_gui : inputDlg: no visible global function definition for
     ‘tkwait.variable’
    DivMelt_gui : inputDlg: no visible global function definition for
     ‘tkgrab.release’
    DivMelt_gui : inputDlg: no visible global function definition for
     ‘tkdestroy’
    DivMelt_gui : plottingDlg: no visible global function definition for
     ‘tktoplevel’
    DivMelt_gui : plottingDlg: no visible global function definition for
     ‘tkwm.deiconify’
    DivMelt_gui : plottingDlg: no visible global function definition for
     ‘tkgrab.set’
    DivMelt_gui : plottingDlg: no visible global function definition for
     ‘tkfocus’
    DivMelt_gui : plottingDlg: no visible global function definition for
     ‘tkwm.title’
    DivMelt_gui : plottingDlg: no visible global function definition for
     ‘tkwm.geometry’
    DivMelt_gui : plottingDlg: no visible global function definition for
     ‘tkwidget’
    DivMelt_gui : plottingDlg: no visible global function definition for
     ‘tkgrid.columnconfigure’
    DivMelt_gui : plottingDlg: no visible global function definition for
     ‘tklabel’
    DivMelt_gui : plottingDlg: no visible global function definition for
     ‘tkbind’
    DivMelt_gui : plottingDlg: no visible global function definition for
     ‘tkradiobutton’
    DivMelt_gui : plottingDlg: no visible global function definition for
     ‘tkconfigure’
    DivMelt_gui : plottingDlg: no visible global function definition for
     ‘tkgrid’
    DivMelt_gui : plottingDlg: no visible global function definition for
     ‘tkgrid.configure’
    DivMelt_gui : plottingDlg: no visible global function definition for
     ‘tkcheckbutton’
    DivMelt_gui : plottingDlg: no visible global function definition for
     ‘tkentry’
    DivMelt_gui : plottingDlg: no visible global function definition for
     ‘tclVar’
    DivMelt_gui : plottingDlg: no visible global function definition for
     ‘tkbutton’
    DivMelt_gui : plottingDlg : <anonymous>: no visible global function
     definition for ‘tclvalue<-’
    DivMelt_gui : plottingDlg: no visible global function definition for
     ‘tkwait.variable’
    DivMelt_gui : plottingDlg: no visible global function definition for
     ‘tkgrab.release’
    DivMelt_gui : plottingDlg: no visible global function definition for
     ‘tkdestroy’
    DivMelt_gui : analysisDlg: no visible global function definition for
     ‘tktoplevel’
    DivMelt_gui : analysisDlg: no visible global function definition for
     ‘tkwm.deiconify’
    DivMelt_gui : analysisDlg: no visible global function definition for
     ‘tkgrab.set’
    DivMelt_gui : analysisDlg: no visible global function definition for
     ‘tkfocus’
    DivMelt_gui : analysisDlg: no visible global function definition for
     ‘tkwm.title’
    DivMelt_gui : analysisDlg: no visible global function definition for
     ‘tkwm.geometry’
    DivMelt_gui : analysisDlg: no visible global function definition for
     ‘tkwidget’
    DivMelt_gui : analysisDlg: no visible global function definition for
     ‘tkgrid.columnconfigure’
    DivMelt_gui : analysisDlg: no visible global function definition for
     ‘tklabel’
    DivMelt_gui : analysisDlg: no visible global function definition for
     ‘tkbind’
    DivMelt_gui : analysisDlg: no visible global function definition for
     ‘tkcheckbutton’
    DivMelt_gui : analysisDlg: no visible global function definition for
     ‘tkconfigure’
    DivMelt_gui : analysisDlg: no visible global function definition for
     ‘tkgrid’
    DivMelt_gui : analysisDlg: no visible global function definition for
     ‘tkgrid.configure’
    DivMelt_gui : analysisDlg: no visible global function definition for
     ‘tclvalue’
    DivMelt_gui : analysisDlg: no visible global function definition for
     ‘tkscale’
    DivMelt_gui : analysisDlg: no visible global function definition for
     ‘tkbutton’
    DivMelt_gui : analysisDlg: no visible global function definition for
     ‘tkentry’
    DivMelt_gui : analysisDlg: no visible global function definition for
     ‘tclVar’
    DivMelt_gui : analysisDlg : <anonymous>: no visible global function
     definition for ‘tclvalue<-’
    DivMelt_gui : analysisDlg: no visible global function definition for
     ‘tkwait.variable’
    DivMelt_gui : analysisDlg: no visible global function definition for
     ‘tkgrab.release’
    DivMelt_gui : analysisDlg: no visible global function definition for
     ‘tkdestroy’
    DivMelt_gui : outputDlg: no visible global function definition for
     ‘tktoplevel’
    DivMelt_gui : outputDlg: no visible global function definition for
     ‘tkwm.deiconify’
    DivMelt_gui : outputDlg: no visible global function definition for
     ‘tkgrab.set’
    DivMelt_gui : outputDlg: no visible global function definition for
     ‘tkfocus’
    DivMelt_gui : outputDlg: no visible global function definition for
     ‘tkwm.title’
    DivMelt_gui : outputDlg: no visible global function definition for
     ‘tkwm.geometry’
    DivMelt_gui : outputDlg: no visible global function definition for
     ‘tkwidget’
    DivMelt_gui : outputDlg: no visible global function definition for
     ‘tkgrid.columnconfigure’
    DivMelt_gui : outputDlg: no visible global function definition for
     ‘tklabel’
    DivMelt_gui : outputDlg: no visible global function definition for
     ‘tkbutton’
    DivMelt_gui : outputDlg: no visible global function definition for
     ‘tkentry’
    DivMelt_gui : outputDlg: no visible global function definition for
     ‘tkbind’
    DivMelt_gui : outputDlg: no visible global function definition for
     ‘tkgrid’
    DivMelt_gui : outputDlg: no visible global function definition for
     ‘tkgrid.configure’
    DivMelt_gui : outputDlg: no visible global function definition for
     ‘tkconfigure’
    DivMelt_gui : outputDlg: no visible global function definition for
     ‘tclVar’
    DivMelt_gui : outputDlg : <anonymous>: no visible global function
     definition for ‘tclvalue<-’
    DivMelt_gui : outputDlg: no visible global function definition for
     ‘tkwait.variable’
    DivMelt_gui : outputDlg: no visible global function definition for
     ‘tkgrab.release’
    DivMelt_gui : outputDlg: no visible global function definition for
     ‘tkdestroy’
    DivMelt_gui : viewCommand: no visible global function definition for
     ‘tkconfigure’
    DivMelt_gui : viewCommand: no visible global function definition for
     ‘tcl’
    DivMelt_gui : viewCommand: no visible global function definition for
     ‘tclvalue’
    DivMelt_gui : viewCommand: no visible global function definition for
     ‘tktoplevel’
    DivMelt_gui : viewCommand: no visible global function definition for
     ‘tkwm.deiconify’
    DivMelt_gui : viewCommand: no visible global function definition for
     ‘tkgrab.set’
    DivMelt_gui : viewCommand: no visible global function definition for
     ‘tkfocus’
    DivMelt_gui : viewCommand: no visible global function definition for
     ‘tkwm.title’
    DivMelt_gui : viewCommand: no visible global function definition for
     ‘tkwm.geometry’
    DivMelt_gui : viewCommand: no visible global function definition for
     ‘tkwidget’
    DivMelt_gui : viewCommand: no visible global function definition for
     ‘tkgrid.columnconfigure’
    DivMelt_gui : viewCommand: no visible global function definition for
     ‘tkgrid.configure’
    DivMelt_gui : viewCommand: no visible global function definition for
     ‘tkscrollbar’
    DivMelt_gui : viewCommand : <anonymous>: no visible global function
     definition for ‘tkyview’
    DivMelt_gui : viewCommand: no visible global function definition for
     ‘tklistbox’
    DivMelt_gui : viewCommand : <anonymous>: no visible global function
     definition for ‘tkset’
    DivMelt_gui : viewCommand: no visible global function definition for
     ‘tkgrid’
    DivMelt_gui : viewCommand: no visible global function definition for
     ‘tkinsert’
    DivMelt_gui : viewCommand: no visible global function definition for
     ‘tkbind’
    DivMelt_gui : viewCommand : <anonymous>: no visible global function
     definition for ‘tkcurselection’
    DivMelt_gui : viewCommand : <anonymous>: no visible global function
     definition for ‘tkmessageBox’
    DivMelt_gui : viewCommand: no visible global function definition for
     ‘tclVar’
    DivMelt_gui : viewCommand: no visible global function definition for
     ‘tkbutton’
    DivMelt_gui : viewCommand : <anonymous>: no visible global function
     definition for ‘tclvalue<-’
    DivMelt_gui : viewCommand: no visible global function definition for
     ‘tkwait.variable’
    DivMelt_gui : viewCommand: no visible global function definition for
     ‘tkgrab.release’
    DivMelt_gui : viewCommand: no visible global function definition for
     ‘tkdestroy’
    DivMelt_gui : viewCommand: no visible global function definition for
     ‘tkmessageBox’
    DivMelt_gui : loadCommand: no visible global function definition for
     ‘tclvalue’
    DivMelt_gui : loadCommand: no visible global function definition for
     ‘tkgetOpenFile’
    DivMelt_gui : saveCommand: no visible global function definition for
     ‘tclvalue’
    DivMelt_gui : saveCommand: no visible global function definition for
     ‘tkgetSaveFile’
    DivMelt_gui : saveCommand: no visible global function definition for
     ‘tkmessageBox’
    DivMelt_gui : exitCommand: no visible global function definition for
     ‘tkmessageBox’
    DivMelt_gui : exitCommand: no visible global function definition for
     ‘tkdestroy’
    DivMelt_gui : selectOutputDir: no visible global function definition
     for ‘tclvalue’
    DivMelt_gui : selectOutputDir: no visible global function definition
     for ‘tkchooseDirectory’
    DivMelt_gui : selectOutputDir: no visible global function definition
     for ‘tclvalue<-’
    DivMelt_gui : selectDir: no visible global function definition for
     ‘tclvalue’
    DivMelt_gui : selectDir: no visible global function definition for
     ‘tkchooseDirectory’
    DivMelt_gui : selectDir: no visible global function definition for
     ‘tclvalue<-’
    DivMelt_gui : selectFile: no visible global function definition for
     ‘tclvalue’
    DivMelt_gui : selectFile: no visible global function definition for
     ‘tkgetOpenFile’
    DivMelt_gui : selectFile: no visible global function definition for
     ‘tclvalue<-’
    DivMelt_gui : selectScoreFile: no visible global function definition
     for ‘tclvalue’
    DivMelt_gui : selectScoreFile: no visible global function definition
     for ‘tkgetOpenFile’
    DivMelt_gui : selectScoreFile: no visible global function definition
     for ‘tclvalue<-’
    DivMelt_gui : selectModelFile: no visible global function definition
     for ‘tclvalue’
    DivMelt_gui : selectModelFile: no visible global function definition
     for ‘tkgetOpenFile’
    DivMelt_gui : selectModelFile: no visible global function definition
     for ‘tclvalue<-’
    DivMelt_gui : helpDialog: no visible global function definition for
     ‘tkmessageBox’
    DivMelt_gui: no visible global function definition for ‘tkwidget’
    DivMelt_gui: no visible global function definition for ‘tkbutton’
    DivMelt_gui: no visible global function definition for ‘tkgrid’
    DivMelt_gui: no visible global function definition for
     ‘tkgrid.columnconfigure’
    DivMelt_gui: no visible global function definition for
     ‘tkgrid.rowconfigure’
    DivMelt_gui: no visible global function definition for ‘tkfocus’
    modelDivMelt: no visible global function definition for ‘read.csv’
    modelDivMelt: no visible global function definition for ‘cv.glmnet’
    modelDivMelt: no visible global function definition for ‘predict’
    modelDivMelt: no visible global function definition for ‘coef’
    processDivMelt: no visible global function definition for ‘data’
    processDivMelt: no visible global function definition for ‘pdf’
    processDivMelt: no visible global function definition for ‘layout’
    processDivMelt: no visible global function definition for ‘par’
    processDivMelt: no visible global function definition for ‘png’
    processDivMelt: no visible global function definition for ‘plot.new’
    processDivMelt: no visible global function definition for ‘text’
    processDivMelt: no visible global function definition for ‘plot’
    processDivMelt: no visible global function definition for ‘lines’
    processDivMelt: no visible global function definition for ‘lowess’
    processDivMelt: no visible global function definition for ‘lm’
    processDivMelt: no visible global function definition for ‘sd’
    processDivMelt: no visible global function definition for ‘loess’
    processDivMelt: no visible global function definition for ‘segments’
    processDivMelt: no visible global function definition for ‘abline’
    processDivMelt: no visible global function definition for ‘predict’
    processDivMelt: no visible global function definition for ‘title’
    processDivMelt: no visible global function definition for ‘dev.off’
    Undefined global functions or variables:
     abline coef cv.glmnet data dev.off layout lines lm loess lowess par
     pdf plot plot.new png predict read.csv sd segments setTkProgressBar
     tcl tclVar tclvalue tclvalue<- text title tkProgressBar tkbind
     tkbutton tkcheckbutton tkchooseDirectory tkconfigure tkcurselection
     tkdestroy tkentry tkfocus tkfont.create tkframe tkgetOpenFile
     tkgetSaveFile tkgrab.release tkgrab.set tkgrid tkgrid.columnconfigure
     tkgrid.configure tkgrid.rowconfigure tkinsert tklabel tklistbox
     tkmessageBox tkradiobutton tkscale tkscrollbar tkset tktoplevel
     tkwait.variable tkwidget tkwm.deiconify tkwm.geometry tkwm.title
     tkyview
    Consider adding
     importFrom("grDevices", "dev.off", "pdf", "png")
     importFrom("graphics", "abline", "layout", "lines", "par", "plot",
     "plot.new", "segments", "text", "title")
     importFrom("stats", "coef", "lm", "loess", "lowess", "predict", "sd")
     importFrom("utils", "data", "read.csv")
    to your NAMESPACE file.
Flavors: r-devel-linux-x86_64-fedora-gcc, r-devel-windows-ix86+x86_64, r-patched-solaris-sparc, r-patched-solaris-x86, r-release-osx-x86_64-mavericks, r-release-windows-ix86+x86_64

Version: 1.0.3
Check: dependencies in R code
Result: NOTE
    Invalid MIT-MAGIC-COOKIE-1 key'library' or 'require' call to ‘glmnet’ which was already attached by Depends.
     Please remove these calls from your code.
    Packages in Depends field not imported from:
     ‘glmnet’ ‘tcltk’
     These packages need to be imported from (in the NAMESPACE file)
     for when this namespace is loaded but not attached.
Flavor: r-release-osx-x86_64-mavericks

Version: 1.0.3
Check: S3 generic/method consistency
Result: WARN
    Invalid MIT-MAGIC-COOKIE-1 key
    See section ‘Generic functions and methods’ in the ‘Writing R
    Extensions’ manual.
Flavor: r-release-osx-x86_64-mavericks

Version: 1.0.3
Check: replacement functions
Result: WARN
    Invalid MIT-MAGIC-COOKIE-1 key
    The argument of a replacement function which corresponds to the right
    hand side must be named ‘value’.
Flavor: r-release-osx-x86_64-mavericks

Version: 1.0.3
Check: foreign function calls
Result: NOTE
    Invalid MIT-MAGIC-COOKIE-1 key
    See chapter ‘System and foreign language interfaces’ in the ‘Writing R
    Extensions’ manual.
Flavor: r-release-osx-x86_64-mavericks

Version: 1.0.3
Check: for missing documentation entries
Result: WARN
    Invalid MIT-MAGIC-COOKIE-1 key
    All user-level objects in a package should have documentation entries.
    See chapter ‘Writing R documentation files’ in the ‘Writing R
    Extensions’ manual.
Flavor: r-release-osx-x86_64-mavericks

Version: 1.0.3
Check: for code/documentation mismatches
Result: WARN
    Invalid MIT-MAGIC-COOKIE-1 key
    Invalid MIT-MAGIC-COOKIE-1 key
    Invalid MIT-MAGIC-COOKIE-1 key
Flavor: r-release-osx-x86_64-mavericks

Version: 1.0.3
Check: Rd \usage sections
Result: NOTE
    Invalid MIT-MAGIC-COOKIE-1 key
    The \usage entries for S3 methods should use the \method markup and not
    their full name.
    See chapter ‘Writing R documentation files’ in the ‘Writing R
    Extensions’ manual.
Flavor: r-release-osx-x86_64-mavericks

Version: 1.0.3
Check: examples
Result: ERROR
    Running examples in ‘DivMelt-Ex.R’ failed
    The error most likely occurred in:
    
    > ### Name: DivMelt_gui
    > ### Title: User Interface for the Diversity Assay Analysis Tool
    > ### Aliases: DivMelt_gui
    > ### Keywords: interface
    >
    > ### ** Examples
    >
    > ##
    > library (DivMelt)
    > DivMelt_gui()
    Error in structure(.External(.C_dotTclObjv, objv), class = "tclObj") :
     [tcl] invalid command name "toplevel".
    Calls: DivMelt_gui ... tktoplevel -> tkwidget -> tcl -> .Tcl.objv -> structure
    Execution halted
Flavor: r-release-osx-x86_64-mavericks

Version: 1.0.3
Check: R code for possible problems
Result: NOTE
    DivMelt_gui: no visible global function definition for 'tktoplevel'
    DivMelt_gui: no visible global function definition for 'tkwm.title'
    DivMelt_gui: no visible global function definition for 'tkwm.geometry'
    DivMelt_gui: no visible global function definition for 'tkfont.create'
    DivMelt_gui: no visible global function definition for 'tclVar'
    DivMelt_gui : loadSettings: no visible global function definition for
     'tclvalue<-'
    DivMelt_gui : loadSettings: no visible global function definition for
     'tkmessageBox'
    DivMelt_gui : showOptions: no visible global function definition for
     'tktoplevel'
    DivMelt_gui : showOptions: no visible global function definition for
     'tkwm.deiconify'
    DivMelt_gui : showOptions: no visible global function definition for
     'tkgrab.set'
    DivMelt_gui : showOptions: no visible global function definition for
     'tkfocus'
    DivMelt_gui : showOptions: no visible global function definition for
     'tkwm.title'
    DivMelt_gui : showOptions: no visible global function definition for
     'tkwm.geometry'
    DivMelt_gui : showOptions: no visible global function definition for
     'tkframe'
    DivMelt_gui : showOptions: no visible global function definition for
     'tkgrid.columnconfigure'
    DivMelt_gui : showOptions: no visible global function definition for
     'tkgrid.configure'
    DivMelt_gui : showOptions: no visible global function definition for
     'tclvalue'
    DivMelt_gui : showOptions: no visible global function definition for
     'tklabel'
    DivMelt_gui : showOptions: no visible global function definition for
     'tkgrid'
    DivMelt_gui : showOptions: no visible global function definition for
     'tclVar'
    DivMelt_gui : showOptions: no visible global function definition for
     'tkbutton'
    DivMelt_gui : showOptions : <anonymous>: no visible global function
     definition for 'tclvalue<-'
    DivMelt_gui : showOptions: no visible global function definition for
     'tkwait.variable'
    DivMelt_gui : showOptions: no visible global function definition for
     'tkProgressBar'
    DivMelt_gui : showOptions : updateBar: no visible global function
     definition for 'setTkProgressBar'
    DivMelt_gui : showOptions : updateBar: no visible global function
     definition for 'tcl'
    DivMelt_gui : showOptions: no visible global function definition for
     'setTkProgressBar'
    DivMelt_gui : showOptions: no visible global function definition for
     'tkmessageBox'
    DivMelt_gui : showOptions : <anonymous>: no visible global function
     definition for 'tkmessageBox'
    DivMelt_gui : showOptions: no visible global function definition for
     'tkgrab.release'
    DivMelt_gui : showOptions: no visible global function definition for
     'tkdestroy'
    DivMelt_gui : inputDlg: no visible global function definition for
     'tktoplevel'
    DivMelt_gui : inputDlg: no visible global function definition for
     'tkwm.deiconify'
    DivMelt_gui : inputDlg: no visible global function definition for
     'tkgrab.set'
    DivMelt_gui : inputDlg: no visible global function definition for
     'tkfocus'
    DivMelt_gui : inputDlg: no visible global function definition for
     'tkwm.title'
    DivMelt_gui : inputDlg: no visible global function definition for
     'tkwm.geometry'
    DivMelt_gui : inputDlg: no visible global function definition for
     'tkwidget'
    DivMelt_gui : inputDlg: no visible global function definition for
     'tkgrid.columnconfigure'
    DivMelt_gui : inputDlg: no visible global function definition for
     'tkgrid.configure'
    DivMelt_gui : inputDlg: no visible global function definition for
     'tklabel'
    DivMelt_gui : inputDlg: no visible global function definition for
     'tkbutton'
    DivMelt_gui : inputDlg: no visible global function definition for
     'tkbind'
    DivMelt_gui : inputDlg: no visible global function definition for
     'tkentry'
    DivMelt_gui : inputDlg: no visible global function definition for
     'tkconfigure'
    DivMelt_gui : inputDlg: no visible global function definition for
     'tkgrid'
    DivMelt_gui : inputDlg: no visible global function definition for
     'tclVar'
    DivMelt_gui : inputDlg : <anonymous>: no visible global function
     definition for 'tclvalue<-'
    DivMelt_gui : inputDlg: no visible global function definition for
     'tkwait.variable'
    DivMelt_gui : inputDlg: no visible global function definition for
     'tkgrab.release'
    DivMelt_gui : inputDlg: no visible global function definition for
     'tkdestroy'
    DivMelt_gui : plottingDlg: no visible global function definition for
     'tktoplevel'
    DivMelt_gui : plottingDlg: no visible global function definition for
     'tkwm.deiconify'
    DivMelt_gui : plottingDlg: no visible global function definition for
     'tkgrab.set'
    DivMelt_gui : plottingDlg: no visible global function definition for
     'tkfocus'
    DivMelt_gui : plottingDlg: no visible global function definition for
     'tkwm.title'
    DivMelt_gui : plottingDlg: no visible global function definition for
     'tkwm.geometry'
    DivMelt_gui : plottingDlg: no visible global function definition for
     'tkwidget'
    DivMelt_gui : plottingDlg: no visible global function definition for
     'tkgrid.columnconfigure'
    DivMelt_gui : plottingDlg: no visible global function definition for
     'tklabel'
    DivMelt_gui : plottingDlg: no visible global function definition for
     'tkbind'
    DivMelt_gui : plottingDlg: no visible global function definition for
     'tkradiobutton'
    DivMelt_gui : plottingDlg: no visible global function definition for
     'tkconfigure'
    DivMelt_gui : plottingDlg: no visible global function definition for
     'tkgrid'
    DivMelt_gui : plottingDlg: no visible global function definition for
     'tkgrid.configure'
    DivMelt_gui : plottingDlg: no visible global function definition for
     'tkcheckbutton'
    DivMelt_gui : plottingDlg: no visible global function definition for
     'tkentry'
    DivMelt_gui : plottingDlg: no visible global function definition for
     'tclVar'
    DivMelt_gui : plottingDlg: no visible global function definition for
     'tkbutton'
    DivMelt_gui : plottingDlg : <anonymous>: no visible global function
     definition for 'tclvalue<-'
    DivMelt_gui : plottingDlg: no visible global function definition for
     'tkwait.variable'
    DivMelt_gui : plottingDlg: no visible global function definition for
     'tkgrab.release'
    DivMelt_gui : plottingDlg: no visible global function definition for
     'tkdestroy'
    DivMelt_gui : analysisDlg: no visible global function definition for
     'tktoplevel'
    DivMelt_gui : analysisDlg: no visible global function definition for
     'tkwm.deiconify'
    DivMelt_gui : analysisDlg: no visible global function definition for
     'tkgrab.set'
    DivMelt_gui : analysisDlg: no visible global function definition for
     'tkfocus'
    DivMelt_gui : analysisDlg: no visible global function definition for
     'tkwm.title'
    DivMelt_gui : analysisDlg: no visible global function definition for
     'tkwm.geometry'
    DivMelt_gui : analysisDlg: no visible global function definition for
     'tkwidget'
    DivMelt_gui : analysisDlg: no visible global function definition for
     'tkgrid.columnconfigure'
    DivMelt_gui : analysisDlg: no visible global function definition for
     'tklabel'
    DivMelt_gui : analysisDlg: no visible global function definition for
     'tkbind'
    DivMelt_gui : analysisDlg: no visible global function definition for
     'tkcheckbutton'
    DivMelt_gui : analysisDlg: no visible global function definition for
     'tkconfigure'
    DivMelt_gui : analysisDlg: no visible global function definition for
     'tkgrid'
    DivMelt_gui : analysisDlg: no visible global function definition for
     'tkgrid.configure'
    DivMelt_gui : analysisDlg: no visible global function definition for
     'tclvalue'
    DivMelt_gui : analysisDlg: no visible global function definition for
     'tkscale'
    DivMelt_gui : analysisDlg: no visible global function definition for
     'tkbutton'
    DivMelt_gui : analysisDlg: no visible global function definition for
     'tkentry'
    DivMelt_gui : analysisDlg: no visible global function definition for
     'tclVar'
    DivMelt_gui : analysisDlg : <anonymous>: no visible global function
     definition for 'tclvalue<-'
    DivMelt_gui : analysisDlg: no visible global function definition for
     'tkwait.variable'
    DivMelt_gui : analysisDlg: no visible global function definition for
     'tkgrab.release'
    DivMelt_gui : analysisDlg: no visible global function definition for
     'tkdestroy'
    DivMelt_gui : outputDlg: no visible global function definition for
     'tktoplevel'
    DivMelt_gui : outputDlg: no visible global function definition for
     'tkwm.deiconify'
    DivMelt_gui : outputDlg: no visible global function definition for
     'tkgrab.set'
    DivMelt_gui : outputDlg: no visible global function definition for
     'tkfocus'
    DivMelt_gui : outputDlg: no visible global function definition for
     'tkwm.title'
    DivMelt_gui : outputDlg: no visible global function definition for
     'tkwm.geometry'
    DivMelt_gui : outputDlg: no visible global function definition for
     'tkwidget'
    DivMelt_gui : outputDlg: no visible global function definition for
     'tkgrid.columnconfigure'
    DivMelt_gui : outputDlg: no visible global function definition for
     'tklabel'
    DivMelt_gui : outputDlg: no visible global function definition for
     'tkbutton'
    DivMelt_gui : outputDlg: no visible global function definition for
     'tkentry'
    DivMelt_gui : outputDlg: no visible global function definition for
     'tkbind'
    DivMelt_gui : outputDlg: no visible global function definition for
     'tkgrid'
    DivMelt_gui : outputDlg: no visible global function definition for
     'tkgrid.configure'
    DivMelt_gui : outputDlg: no visible global function definition for
     'tkconfigure'
    DivMelt_gui : outputDlg: no visible global function definition for
     'tclVar'
    DivMelt_gui : outputDlg : <anonymous>: no visible global function
     definition for 'tclvalue<-'
    DivMelt_gui : outputDlg: no visible global function definition for
     'tkwait.variable'
    DivMelt_gui : outputDlg: no visible global function definition for
     'tkgrab.release'
    DivMelt_gui : outputDlg: no visible global function definition for
     'tkdestroy'
    DivMelt_gui : viewCommand: no visible global function definition for
     'tkconfigure'
    DivMelt_gui : viewCommand: no visible global function definition for
     'tcl'
    DivMelt_gui : viewCommand: no visible global function definition for
     'tclvalue'
    DivMelt_gui : viewCommand: no visible global function definition for
     'tktoplevel'
    DivMelt_gui : viewCommand: no visible global function definition for
     'tkwm.deiconify'
    DivMelt_gui : viewCommand: no visible global function definition for
     'tkgrab.set'
    DivMelt_gui : viewCommand: no visible global function definition for
     'tkfocus'
    DivMelt_gui : viewCommand: no visible global function definition for
     'tkwm.title'
    DivMelt_gui : viewCommand: no visible global function definition for
     'tkwm.geometry'
    DivMelt_gui : viewCommand: no visible global function definition for
     'tkwidget'
    DivMelt_gui : viewCommand: no visible global function definition for
     'tkgrid.columnconfigure'
    DivMelt_gui : viewCommand: no visible global function definition for
     'tkgrid.configure'
    DivMelt_gui : viewCommand: no visible global function definition for
     'tkscrollbar'
    DivMelt_gui : viewCommand : <anonymous>: no visible global function
     definition for 'tkyview'
    DivMelt_gui : viewCommand: no visible global function definition for
     'tklistbox'
    DivMelt_gui : viewCommand : <anonymous>: no visible global function
     definition for 'tkset'
    DivMelt_gui : viewCommand: no visible global function definition for
     'tkgrid'
    DivMelt_gui : viewCommand: no visible global function definition for
     'tkinsert'
    DivMelt_gui : viewCommand: no visible global function definition for
     'tkbind'
    DivMelt_gui : viewCommand : <anonymous>: no visible global function
     definition for 'tkcurselection'
    DivMelt_gui : viewCommand : <anonymous>: no visible global function
     definition for 'tkmessageBox'
    DivMelt_gui : viewCommand: no visible global function definition for
     'tclVar'
    DivMelt_gui : viewCommand: no visible global function definition for
     'tkbutton'
    DivMelt_gui : viewCommand : <anonymous>: no visible global function
     definition for 'tclvalue<-'
    DivMelt_gui : viewCommand: no visible global function definition for
     'tkwait.variable'
    DivMelt_gui : viewCommand: no visible global function definition for
     'tkgrab.release'
    DivMelt_gui : viewCommand: no visible global function definition for
     'tkdestroy'
    DivMelt_gui : viewCommand: no visible global function definition for
     'tkmessageBox'
    DivMelt_gui : loadCommand: no visible global function definition for
     'tclvalue'
    DivMelt_gui : loadCommand: no visible global function definition for
     'tkgetOpenFile'
    DivMelt_gui : saveCommand: no visible global function definition for
     'tclvalue'
    DivMelt_gui : saveCommand: no visible global function definition for
     'tkgetSaveFile'
    DivMelt_gui : saveCommand: no visible global function definition for
     'tkmessageBox'
    DivMelt_gui : exitCommand: no visible global function definition for
     'tkmessageBox'
    DivMelt_gui : exitCommand: no visible global function definition for
     'tkdestroy'
    DivMelt_gui : selectOutputDir: no visible global function definition
     for 'tclvalue'
    DivMelt_gui : selectOutputDir: no visible global function definition
     for 'tkchooseDirectory'
    DivMelt_gui : selectOutputDir: no visible global function definition
     for 'tclvalue<-'
    DivMelt_gui : selectDir: no visible global function definition for
     'tclvalue'
    DivMelt_gui : selectDir: no visible global function definition for
     'tkchooseDirectory'
    DivMelt_gui : selectDir: no visible global function definition for
     'tclvalue<-'
    DivMelt_gui : selectFile: no visible global function definition for
     'tclvalue'
    DivMelt_gui : selectFile: no visible global function definition for
     'tkgetOpenFile'
    DivMelt_gui : selectFile: no visible global function definition for
     'tclvalue<-'
    DivMelt_gui : selectScoreFile: no visible global function definition
     for 'tclvalue'
    DivMelt_gui : selectScoreFile: no visible global function definition
     for 'tkgetOpenFile'
    DivMelt_gui : selectScoreFile: no visible global function definition
     for 'tclvalue<-'
    DivMelt_gui : selectModelFile: no visible global function definition
     for 'tclvalue'
    DivMelt_gui : selectModelFile: no visible global function definition
     for 'tkgetOpenFile'
    DivMelt_gui : selectModelFile: no visible global function definition
     for 'tclvalue<-'
    DivMelt_gui : helpDialog: no visible global function definition for
     'tkmessageBox'
    DivMelt_gui: no visible global function definition for 'tkwidget'
    DivMelt_gui: no visible global function definition for 'tkbutton'
    DivMelt_gui: no visible global function definition for 'tkgrid'
    DivMelt_gui: no visible global function definition for
     'tkgrid.columnconfigure'
    DivMelt_gui: no visible global function definition for
     'tkgrid.rowconfigure'
    DivMelt_gui: no visible global function definition for 'tkfocus'
    modelDivMelt: no visible global function definition for 'cv.glmnet'
Flavor: r-oldrel-windows-ix86+x86_64