CRAN Package Check Results for Package DivMelt

Last updated on 2014-04-24 17:49:42.

Flavor Version Tinstall Tcheck Ttotal Status Flags
r-devel-linux-x86_64-debian-clang 1.0.3 3.84 45.84 49.68 NOTE
r-devel-linux-x86_64-debian-gcc 1.0.3 3.86 46.38 50.24 NOTE
r-devel-linux-x86_64-fedora-clang 1.0.3 107.74 NOTE
r-devel-linux-x86_64-fedora-gcc 1.0.3 101.98 NOTE
r-devel-osx-x86_64-clang 1.0.3 95.49 NOTE
r-devel-osx-x86_64-gcc 1.0.3 NOTE
r-devel-windows-ix86+x86_64 1.0.3 12.00 59.00 71.00 NOTE
r-patched-linux-x86_64 1.0.3 3.72 45.85 49.57 NOTE
r-patched-solaris-sparc 1.0.3 635.00 NOTE
r-patched-solaris-x86 1.0.3 154.10 NOTE
r-release-linux-ix86 1.0.3 6.00 84.00 90.00 NOTE
r-release-linux-x86_64 1.0.3 3.88 44.76 48.64 NOTE
r-release-osx-x86_64-mavericks 1.0.3 WARN
r-release-windows-ix86+x86_64 1.0.3 9.00 64.00 73.00 NOTE
r-oldrel-windows-ix86+x86_64 1.0.3 8.00 58.00 66.00 NOTE

Check Details

Version: 1.0.3
Check: dependencies in R code
Result: NOTE
    'library' or 'require' call to ‘glmnet’ which was already attached by Depends.
     Please remove these calls from your code.
    Package in Depends field not imported from: ‘glmnet’
     These packages need to be imported from (in the NAMESPACE file)
     for when this namespace is loaded but not attached.
    See the information on DESCRIPTION files in the chapter ‘Creating R
    packages’ of the ‘Writing R Extensions’ manual.
Flavors: r-devel-linux-x86_64-debian-clang, r-devel-linux-x86_64-debian-gcc, r-devel-linux-x86_64-fedora-clang, r-devel-linux-x86_64-fedora-gcc, r-devel-osx-x86_64-clang, r-devel-osx-x86_64-gcc, r-devel-windows-ix86+x86_64, r-patched-linux-x86_64, r-patched-solaris-sparc, r-patched-solaris-x86, r-release-linux-ix86, r-release-linux-x86_64, r-release-osx-x86_64-mavericks, r-release-windows-ix86+x86_64, r-oldrel-windows-ix86+x86_64

Version: 1.0.3
Check: R code for possible problems
Result: NOTE
    Found the following calls to data() loading into the global environment:
    File ‘DivMelt/R/processDivMelt.R’:
     data(model)
    See section ‘Good practice’ in ‘?data’.
Flavors: r-devel-linux-x86_64-debian-clang, r-devel-linux-x86_64-debian-gcc, r-devel-linux-x86_64-fedora-clang, r-devel-osx-x86_64-clang, r-patched-linux-x86_64, r-release-linux-ix86, r-release-linux-x86_64

Version: 1.0.3
Check: PDF version of manual
Result: WARNING
    LaTeX errors when creating PDF version.
    This typically indicates Rd problems.
    LaTeX errors found:
    ! LaTeX Error: File `upquote.sty' not found.
    
    Type X to quit or <RETURN> to proceed,
    or enter new name. (Default extension: sty)
    
    255e192/Rd2.tex:8: ==> Fatal error occurred, no output PDF file produced!
Flavor: r-release-osx-x86_64-mavericks