CRAN Package Check Results for Package DivMelt

Last updated on 2014-07-24 09:49:35.

Flavor Version Tinstall Tcheck Ttotal Status Flags
r-devel-linux-x86_64-debian-clang 1.0.3 3.77 43.27 47.04 NOTE
r-devel-linux-x86_64-debian-gcc 1.0.3 3.53 42.18 45.72 NOTE
r-devel-linux-x86_64-fedora-clang 1.0.3 105.98 NOTE
r-devel-linux-x86_64-fedora-gcc 1.0.3 102.65 NOTE
r-devel-osx-x86_64-clang 1.0.3 92.90 NOTE
r-devel-windows-ix86+x86_64 1.0.3 11.00 63.00 74.00 NOTE
r-patched-linux-x86_64 1.0.3 3.81 42.15 45.96 NOTE
r-patched-solaris-sparc 1.0.3 635.00 NOTE
r-patched-solaris-x86 1.0.3 149.50 NOTE
r-release-linux-ix86 1.0.3 4.51 55.78 60.30 NOTE
r-release-linux-x86_64 1.0.3 3.66 43.44 47.11 NOTE
r-release-osx-x86_64-mavericks 1.0.3 NOTE
r-release-windows-ix86+x86_64 1.0.3 9.00 65.00 74.00 NOTE
r-oldrel-windows-ix86+x86_64 1.0.3 9.00 56.00 65.00 NOTE

Check Details

Version: 1.0.3
Check: dependencies in R code
Result: NOTE
    'library' or 'require' call to ‘glmnet’ which was already attached by Depends.
     Please remove these calls from your code.
    Package in Depends field not imported from: ‘glmnet’
     These packages need to be imported from (in the NAMESPACE file)
     for when this namespace is loaded but not attached.
    See the information on DESCRIPTION files in the chapter ‘Creating R
    packages’ of the ‘Writing R Extensions’ manual.
Flavors: r-devel-linux-x86_64-debian-clang, r-devel-linux-x86_64-debian-gcc, r-devel-linux-x86_64-fedora-clang, r-devel-linux-x86_64-fedora-gcc, r-devel-osx-x86_64-clang, r-devel-windows-ix86+x86_64, r-patched-linux-x86_64, r-patched-solaris-sparc, r-patched-solaris-x86, r-release-linux-ix86, r-release-linux-x86_64, r-release-osx-x86_64-mavericks, r-release-windows-ix86+x86_64, r-oldrel-windows-ix86+x86_64

Version: 1.0.3
Check: R code for possible problems
Result: NOTE
    Found the following calls to data() loading into the global environment:
    File ‘DivMelt/R/processDivMelt.R’:
     data(model)
    See section ‘Good practice’ in ‘?data’.
Flavors: r-devel-linux-x86_64-debian-clang, r-devel-linux-x86_64-debian-gcc, r-devel-linux-x86_64-fedora-clang, r-devel-osx-x86_64-clang, r-patched-linux-x86_64, r-release-linux-ix86, r-release-linux-x86_64