CRAN Package Check Results for Package DiversitySampler

Last updated on 2014-04-24 03:47:43.

Flavor Version Tinstall Tcheck Ttotal Status Flags
r-devel-linux-x86_64-debian-clang 2.1 0.51 8.50 9.02 OK
r-devel-linux-x86_64-debian-gcc 2.1 0.52 8.62 9.14 OK
r-devel-linux-x86_64-fedora-clang 2.1 17.70 NOTE
r-devel-linux-x86_64-fedora-gcc 2.1 16.72 NOTE
r-devel-osx-x86_64-clang 2.1 21.58 OK
r-devel-osx-x86_64-gcc 2.1 OK
r-devel-windows-ix86+x86_64 2.1 2.00 14.00 16.00 OK
r-patched-linux-x86_64 2.1 0.51 8.42 8.93 OK
r-patched-solaris-sparc 2.1 121.70 OK
r-patched-solaris-x86 2.1 26.60 OK
r-release-linux-ix86 2.1 1.00 21.00 22.00 OK
r-release-linux-x86_64 2.1 0.50 8.65 9.15 OK
r-release-osx-x86_64-mavericks 2.1 OK
r-release-windows-ix86+x86_64 2.1 4.00 18.00 22.00 OK
r-oldrel-windows-ix86+x86_64 2.1 2.00 15.00 17.00 OK

Check Details

Version: 2.1
Check: Rd line widths
Result: NOTE
    Rd file 'H.sampler.Rd':
     \usage lines wider than 90 characters:
     H.sampler(x = "community matrix (spp=col,obs=row)", n = "sample size vector", nit = "number of iterations to use", base = exp(1), corr ... [TRUNCATED]
    
    These lines will be truncated in the PDF manual.
Flavors: r-devel-linux-x86_64-fedora-clang, r-devel-linux-x86_64-fedora-gcc