CRAN Package Check Results for Package DiversitySampler

Last updated on 2018-05-23 08:48:45 CEST.

Flavor Version Tinstall Tcheck Ttotal Status Flags
r-devel-linux-x86_64-debian-clang 2.1 0.85 16.17 17.02 ERROR
r-devel-linux-x86_64-debian-gcc 2.1 0.71 12.96 13.67 ERROR
r-devel-linux-x86_64-fedora-clang 2.1 20.26 NOTE
r-devel-linux-x86_64-fedora-gcc 2.1 19.57 NOTE
r-devel-windows-ix86+x86_64 2.1 4.00 26.00 30.00 NOTE
r-patched-linux-x86_64 2.1 0.69 15.39 16.08 ERROR
r-patched-solaris-x86 2.1 32.20 NOTE
r-release-linux-x86_64 2.1 0.76 15.22 15.98 ERROR
r-release-windows-ix86+x86_64 2.1 4.00 48.00 52.00 NOTE
r-release-osx-x86_64 2.1 NOTE
r-oldrel-windows-ix86+x86_64 2.1 2.00 23.00 25.00 NOTE
r-oldrel-osx-x86_64 2.1 NOTE

Check Details

Version: 2.1
Check: DESCRIPTION meta-information
Result: NOTE
    Malformed Title field: should not end in a period.
Flavors: r-devel-linux-x86_64-debian-clang, r-devel-linux-x86_64-debian-gcc, r-devel-linux-x86_64-fedora-clang, r-devel-linux-x86_64-fedora-gcc, r-devel-windows-ix86+x86_64, r-patched-linux-x86_64, r-patched-solaris-x86, r-release-linux-x86_64, r-release-windows-ix86+x86_64, r-release-osx-x86_64, r-oldrel-windows-ix86+x86_64, r-oldrel-osx-x86_64

Version: 2.1
Check: Rd line widths
Result: NOTE
    Rd file 'H.sampler.Rd':
     \usage lines wider than 90 characters:
     H.sampler(x = "community matrix (spp=col,obs=row)", n = "sample size vector", nit = "number of iterations to use", base = exp(1), corr ... [TRUNCATED]
    
    These lines will be truncated in the PDF manual.
Flavors: r-devel-linux-x86_64-debian-clang, r-devel-linux-x86_64-debian-gcc, r-devel-linux-x86_64-fedora-clang, r-devel-linux-x86_64-fedora-gcc, r-patched-linux-x86_64, r-release-linux-x86_64

Version: 2.1
Check: examples
Result: ERROR
    Running examples in ‘DiversitySampler-Ex.R’ failed
    The error most likely occurred in:
    
    > base::assign(".ptime", proc.time(), pos = "CheckExEnv")
    > ### Name: H.sampler
    > ### Title: Shannon's Diversity Re-sampler
    > ### Aliases: H.sampler
    > ### Keywords: iteration datagen
    >
    > ### ** Examples
    >
    > x=array(round(runif(100,1,10)),c(10,10))
    > H.sampler(x,n=1:10,nit=10,base=exp(1))
    Error in if (n == "sample size vector") { : the condition has length > 1
    Calls: H.sampler
    Execution halted
Flavors: r-devel-linux-x86_64-debian-clang, r-devel-linux-x86_64-debian-gcc, r-patched-linux-x86_64, r-release-linux-x86_64