CRAN Package Check Results for Package DiversitySampler

Last updated on 2017-04-27 23:49:46.

Flavor Version Tinstall Tcheck Ttotal Status Flags
r-devel-linux-x86_64-debian-clang 2.1 0.68 10.33 11.01 NOTE
r-devel-linux-x86_64-debian-gcc 2.1 0.61 10.29 10.90 NOTE
r-devel-linux-x86_64-fedora-clang 2.1 17.15 NOTE --no-stop-on-test-error
r-devel-linux-x86_64-fedora-gcc 2.1 16.44 NOTE --no-stop-on-test-error
r-devel-windows-ix86+x86_64 2.1 3.00 32.00 35.00 NOTE
r-patched-linux-x86_64 2.1 0.64 10.30 10.94 NOTE
r-patched-solaris-sparc 2.1 104.50 NOTE
r-patched-solaris-x86 2.1 25.00 NOTE
r-release-linux-x86_64 2.1 0.60 10.11 10.71 NOTE
r-release-windows-ix86+x86_64 2.1 2.00 24.00 26.00 NOTE
r-release-osx-x86_64 2.1 NOTE
r-oldrel-windows-ix86+x86_64 2.1 2.00 23.00 25.00 NOTE
r-oldrel-osx-x86_64 2.1 NOTE

Check Details

Version: 2.1
Check: DESCRIPTION meta-information
Result: NOTE
    Malformed Title field: should not end in a period.
Flavors: r-devel-linux-x86_64-debian-clang, r-devel-linux-x86_64-debian-gcc, r-devel-windows-ix86+x86_64, r-patched-linux-x86_64, r-patched-solaris-sparc, r-patched-solaris-x86, r-release-linux-x86_64, r-release-windows-ix86+x86_64, r-release-osx-x86_64, r-oldrel-windows-ix86+x86_64, r-oldrel-osx-x86_64

Version: 2.1
Check: Rd line widths
Result: NOTE
    Rd file 'H.sampler.Rd':
     \usage lines wider than 90 characters:
     H.sampler(x = "community matrix (spp=col,obs=row)", n = "sample size vector", nit = "number of iterations to use", base = exp(1), corr ... [TRUNCATED]
    
    These lines will be truncated in the PDF manual.
Flavors: r-devel-linux-x86_64-debian-clang, r-devel-linux-x86_64-debian-gcc, r-patched-linux-x86_64, r-release-linux-x86_64

Version: 2.1
Flags: --no-stop-on-test-error
Check: DESCRIPTION meta-information
Result: NOTE
    Malformed Title field: should not end in a period.
Flavors: r-devel-linux-x86_64-fedora-clang, r-devel-linux-x86_64-fedora-gcc

Version: 2.1
Flags: --no-stop-on-test-error
Check: Rd line widths
Result: NOTE
    Rd file 'H.sampler.Rd':
     \usage lines wider than 90 characters:
     H.sampler(x = "community matrix (spp=col,obs=row)", n = "sample size vector", nit = "number of iterations to use", base = exp(1), corr ... [TRUNCATED]
    
    These lines will be truncated in the PDF manual.
Flavors: r-devel-linux-x86_64-fedora-clang, r-devel-linux-x86_64-fedora-gcc