CRAN Package Check Results for Package DiversitySampler

Last updated on 2015-04-26 19:47:16.

Flavor Version Tinstall Tcheck Ttotal Status Flags
r-devel-linux-x86_64-debian-clang 2.1 0.51 8.48 8.98 NOTE
r-devel-linux-x86_64-debian-gcc 2.1 0.51 8.55 9.06 NOTE
r-devel-linux-x86_64-fedora-clang 2.1 16.77 NOTE
r-devel-linux-x86_64-fedora-gcc 2.1 16.09 NOTE
r-devel-osx-x86_64-clang 2.1 21.15 NOTE
r-devel-windows-ix86+x86_64 2.1 2.00 14.00 16.00 NOTE
r-patched-linux-x86_64 2.1 0.52 8.34 8.86 NOTE
r-patched-solaris-sparc 2.1 119.90 NOTE
r-patched-solaris-x86 2.1 25.00 NOTE
r-release-linux-x86_64 2.1 0.51 8.37 8.88 NOTE
r-release-osx-x86_64-mavericks 2.1 NOTE
r-release-osx-x86_64-snowleopard 2.1 NOTE
r-release-windows-ix86+x86_64 2.1 1.00 12.00 13.00 NOTE
r-oldrel-windows-ix86+x86_64 2.1 3.00 19.00 22.00 OK

Check Details

Version: 2.1
Check: DESCRIPTION meta-information
Result: NOTE
    Malformed Title field: should not end in a period.
Flavors: r-devel-linux-x86_64-debian-clang, r-devel-linux-x86_64-fedora-clang, r-devel-linux-x86_64-fedora-gcc, r-devel-osx-x86_64-clang, r-devel-windows-ix86+x86_64, r-patched-solaris-sparc, r-patched-solaris-x86, r-release-osx-x86_64-mavericks, r-release-osx-x86_64-snowleopard, r-release-windows-ix86+x86_64

Version: 2.1
Check: Rd line widths
Result: NOTE
    Rd file 'H.sampler.Rd':
     \usage lines wider than 90 characters:
     H.sampler(x = "community matrix (spp=col,obs=row)", n = "sample size vector", nit = "number of iterations to use", base = exp(1), corr ... [TRUNCATED]
    
    These lines will be truncated in the PDF manual.
Flavors: r-devel-linux-x86_64-debian-clang, r-devel-linux-x86_64-fedora-clang, r-devel-linux-x86_64-fedora-gcc