CRAN Package Check Results for Package DiversitySampler

Last updated on 2014-09-03 01:47:46.

Flavor Version Tinstall Tcheck Ttotal Status Flags
r-devel-linux-x86_64-debian-clang 2.1 0.49 8.08 8.57 OK
r-devel-linux-x86_64-debian-gcc 2.1 0.45 8.12 8.57 OK
r-devel-linux-x86_64-fedora-clang 2.1 17.49 NOTE
r-devel-linux-x86_64-fedora-gcc 2.1 16.96 NOTE
r-devel-osx-x86_64-clang 2.1 20.38 OK
r-devel-windows-ix86+x86_64 2.1 2.00 14.00 16.00 OK
r-patched-linux-x86_64 2.1 0.47 8.48 8.95 OK
r-patched-solaris-sparc 2.1 102.90 OK
r-patched-solaris-x86 2.1 26.40 OK
r-release-linux-ix86 2.1 0.77 14.59 15.36 OK
r-release-linux-x86_64 2.1 0.52 8.23 8.75 OK
r-release-osx-x86_64-mavericks 2.1 OK
r-release-windows-ix86+x86_64 2.1 2.00 15.00 17.00 OK
r-oldrel-windows-ix86+x86_64 2.1 2.00 15.00 17.00 OK

Check Details

Version: 2.1
Check: Rd line widths
Result: NOTE
    Rd file 'H.sampler.Rd':
     \usage lines wider than 90 characters:
     H.sampler(x = "community matrix (spp=col,obs=row)", n = "sample size vector", nit = "number of iterations to use", base = exp(1), corr ... [TRUNCATED]
    
    These lines will be truncated in the PDF manual.
Flavors: r-devel-linux-x86_64-fedora-clang, r-devel-linux-x86_64-fedora-gcc