CRAN Package Check Results for Package DiversitySampler

Last updated on 2014-11-22 11:49:09.

Flavor Version Tinstall Tcheck Ttotal Status Flags
r-devel-linux-x86_64-debian-clang 2.1 0.56 9.27 9.83 NOTE
r-devel-linux-x86_64-debian-gcc 2.1 0.53 8.92 9.45 NOTE
r-devel-linux-x86_64-fedora-clang 2.1 21.06 NOTE
r-devel-linux-x86_64-fedora-gcc 2.1 17.49 NOTE
r-devel-osx-x86_64-clang 2.1 22.85 OK
r-devel-windows-ix86+x86_64 2.1 2.00 14.00 16.00 OK
r-patched-linux-x86_64 2.1 0.56 9.45 10.02 NOTE
r-patched-solaris-sparc 2.1 102.90 OK
r-patched-solaris-x86 2.1 27.60 OK
r-release-linux-ix86 2.1 0.79 14.24 15.03 OK
r-release-linux-x86_64 2.1 0.57 8.91 9.48 NOTE
r-release-osx-x86_64-mavericks 2.1 OK
r-release-windows-ix86+x86_64 2.1 2.00 15.00 17.00 OK
r-oldrel-windows-ix86+x86_64 2.1 2.00 15.00 17.00 OK

Check Details

Version: 2.1
Check: Rd line widths
Result: NOTE
    Rd file 'H.sampler.Rd':
     \usage lines wider than 90 characters:
     H.sampler(x = "community matrix (spp=col,obs=row)", n = "sample size vector", nit = "number of iterations to use", base = exp(1), corr ... [TRUNCATED]
    
    These lines will be truncated in the PDF manual.
Flavors: r-devel-linux-x86_64-debian-clang, r-devel-linux-x86_64-debian-gcc, r-devel-linux-x86_64-fedora-clang, r-devel-linux-x86_64-fedora-gcc, r-patched-linux-x86_64, r-release-linux-x86_64