CRAN Package Check Results for Package DiversitySampler

Last updated on 2015-03-28 18:50:24.

Flavor Version Tinstall Tcheck Ttotal Status Flags
r-devel-linux-x86_64-debian-clang 2.1 0.54 8.59 9.14 NOTE
r-devel-linux-x86_64-debian-gcc 2.1 0.51 8.17 8.68 NOTE
r-devel-linux-x86_64-fedora-clang 2.1 18.10 NOTE
r-devel-linux-x86_64-fedora-gcc 2.1 15.97 NOTE
r-devel-osx-x86_64-clang 2.1 23.83 NOTE
r-prerel-windows-ix86+x86_64 2.1 2.00 14.00 16.00 NOTE
r-prerel-linux-x86_64 2.1 0.51 8.43 8.94 NOTE
r-prerel-solaris-sparc 2.1 119.90 NOTE
r-prerel-solaris-x86 2.1 24.60 NOTE
r-release-linux-x86_64 2.1 0.54 8.88 9.42 NOTE
r-release-osx-x86_64-mavericks 2.1 OK
r-release-windows-ix86+x86_64 2.1 3.00 19.00 22.00 OK
r-oldrel-windows-ix86+x86_64 2.1 2.00 15.00 17.00 OK

Check Details

Version: 2.1
Check: DESCRIPTION meta-information
Result: NOTE
    Malformed Title field: should not end in a period.
Flavors: r-devel-linux-x86_64-debian-clang, r-devel-linux-x86_64-debian-gcc, r-devel-linux-x86_64-fedora-clang, r-devel-linux-x86_64-fedora-gcc, r-devel-osx-x86_64-clang, r-prerel-windows-ix86+x86_64, r-prerel-linux-x86_64, r-prerel-solaris-sparc, r-prerel-solaris-x86

Version: 2.1
Check: Rd line widths
Result: NOTE
    Rd file 'H.sampler.Rd':
     \usage lines wider than 90 characters:
     H.sampler(x = "community matrix (spp=col,obs=row)", n = "sample size vector", nit = "number of iterations to use", base = exp(1), corr ... [TRUNCATED]
    
    These lines will be truncated in the PDF manual.
Flavors: r-devel-linux-x86_64-debian-clang, r-devel-linux-x86_64-debian-gcc, r-devel-linux-x86_64-fedora-clang, r-devel-linux-x86_64-fedora-gcc, r-prerel-linux-x86_64, r-release-linux-x86_64