CRAN Package Check Results for Package DiversitySampler

Last updated on 2017-01-20 17:51:59.

Flavor Version Tinstall Tcheck Ttotal Status Flags
r-devel-linux-x86_64-debian-clang 2.1 0.62 10.15 10.77 NOTE
r-devel-linux-x86_64-debian-gcc 2.1 0.61 10.04 10.65 NOTE
r-devel-linux-x86_64-fedora-clang 2.1 16.73 NOTE --no-stop-on-test-error
r-devel-linux-x86_64-fedora-gcc 2.1 17.29 NOTE --no-stop-on-test-error
r-devel-macos-x86_64-clang 2.1 15.58 NOTE --no-stop-on-test-error
r-devel-windows-ix86+x86_64 2.1 3.00 23.00 26.00 NOTE
r-patched-linux-x86_64 2.1 0.50 8.61 9.11 NOTE
r-patched-solaris-sparc 2.1 95.00 NOTE
r-patched-solaris-x86 2.1 21.90 NOTE
r-release-linux-x86_64 2.1 0.55 8.28 8.83 NOTE
r-release-osx-x86_64-mavericks 2.1 NOTE
r-release-windows-ix86+x86_64 2.1 2.00 23.00 25.00 NOTE
r-oldrel-windows-ix86+x86_64 2.1 2.00 20.00 22.00 NOTE

Check Details

Version: 2.1
Check: DESCRIPTION meta-information
Result: NOTE
    Malformed Title field: should not end in a period.
Flavors: r-devel-linux-x86_64-debian-clang, r-devel-linux-x86_64-debian-gcc, r-devel-windows-ix86+x86_64, r-patched-linux-x86_64, r-patched-solaris-sparc, r-patched-solaris-x86, r-release-linux-x86_64, r-release-osx-x86_64-mavericks, r-release-windows-ix86+x86_64, r-oldrel-windows-ix86+x86_64

Version: 2.1
Check: Rd line widths
Result: NOTE
    Rd file 'H.sampler.Rd':
     \usage lines wider than 90 characters:
     H.sampler(x = "community matrix (spp=col,obs=row)", n = "sample size vector", nit = "number of iterations to use", base = exp(1), corr ... [TRUNCATED]
    
    These lines will be truncated in the PDF manual.
Flavors: r-devel-linux-x86_64-debian-clang, r-devel-linux-x86_64-debian-gcc, r-patched-linux-x86_64, r-release-linux-x86_64

Version: 2.1
Flags: --no-stop-on-test-error
Check: DESCRIPTION meta-information
Result: NOTE
    Malformed Title field: should not end in a period.
Flavors: r-devel-linux-x86_64-fedora-clang, r-devel-linux-x86_64-fedora-gcc, r-devel-macos-x86_64-clang

Version: 2.1
Flags: --no-stop-on-test-error
Check: Rd line widths
Result: NOTE
    Rd file 'H.sampler.Rd':
     \usage lines wider than 90 characters:
     H.sampler(x = "community matrix (spp=col,obs=row)", n = "sample size vector", nit = "number of iterations to use", base = exp(1), corr ... [TRUNCATED]
    
    These lines will be truncated in the PDF manual.
Flavors: r-devel-linux-x86_64-fedora-clang, r-devel-linux-x86_64-fedora-gcc