CRAN Package Check Results for Package DiversitySampler

Last updated on 2014-08-23 03:48:02.

Flavor Version Tinstall Tcheck Ttotal Status Flags
r-devel-linux-x86_64-debian-clang 2.1 0.50 8.06 8.56 OK
r-devel-linux-x86_64-debian-gcc 2.1 0.47 8.19 8.66 OK
r-devel-linux-x86_64-fedora-clang 2.1 17.74 NOTE
r-devel-linux-x86_64-fedora-gcc 2.1 16.69 NOTE
r-devel-osx-x86_64-clang 2.1 21.06 OK
r-devel-windows-ix86+x86_64 2.1 1.00 14.00 15.00 OK
r-patched-linux-x86_64 2.1 0.49 8.78 9.27 OK
r-patched-solaris-sparc 2.1 102.90 OK
r-patched-solaris-x86 2.1 26.50 OK
r-release-linux-ix86 2.1 0.78 15.42 16.20 OK
r-release-linux-x86_64 2.1 0.52 8.34 8.86 OK
r-release-osx-x86_64-mavericks 2.1 OK
r-release-windows-ix86+x86_64 2.1 2.00 15.00 17.00 OK
r-oldrel-windows-ix86+x86_64 2.1 2.00 15.00 17.00 OK

Check Details

Version: 2.1
Check: Rd line widths
Result: NOTE
    Rd file 'H.sampler.Rd':
     \usage lines wider than 90 characters:
     H.sampler(x = "community matrix (spp=col,obs=row)", n = "sample size vector", nit = "number of iterations to use", base = exp(1), corr ... [TRUNCATED]
    
    These lines will be truncated in the PDF manual.
Flavors: r-devel-linux-x86_64-fedora-clang, r-devel-linux-x86_64-fedora-gcc