CRAN Package Check Results for Package DiversitySampler

Last updated on 2017-10-18 08:48:08.

Flavor Version Tinstall Tcheck Ttotal Status Flags
r-devel-linux-x86_64-debian-clang 2.1 0.65 10.80 11.45 NOTE
r-devel-linux-x86_64-debian-gcc 2.1 0.68 11.50 12.18 NOTE
r-devel-linux-x86_64-fedora-clang 2.1 18.65 NOTE
r-devel-linux-x86_64-fedora-gcc 2.1 17.28 NOTE
r-devel-windows-ix86+x86_64 2.1 3.00 23.00 26.00 NOTE
r-patched-linux-x86_64 2.1 0.62 10.39 11.00 NOTE
r-patched-solaris-x86 2.1 24.90 NOTE
r-release-linux-x86_64 2.1 0.55 10.34 10.89 NOTE
r-release-windows-ix86+x86_64 2.1 2.00 23.00 25.00 NOTE
r-release-osx-x86_64 2.1 NOTE
r-oldrel-windows-ix86+x86_64 2.1 2.00 23.00 25.00 NOTE
r-oldrel-osx-x86_64 2.1 NOTE

Check Details

Version: 2.1
Check: DESCRIPTION meta-information
Result: NOTE
    Malformed Title field: should not end in a period.
Flavors: r-devel-linux-x86_64-debian-clang, r-devel-linux-x86_64-debian-gcc, r-devel-linux-x86_64-fedora-clang, r-devel-linux-x86_64-fedora-gcc, r-devel-windows-ix86+x86_64, r-patched-linux-x86_64, r-patched-solaris-x86, r-release-linux-x86_64, r-release-windows-ix86+x86_64, r-release-osx-x86_64, r-oldrel-windows-ix86+x86_64, r-oldrel-osx-x86_64

Version: 2.1
Check: Rd line widths
Result: NOTE
    Rd file 'H.sampler.Rd':
     \usage lines wider than 90 characters:
     H.sampler(x = "community matrix (spp=col,obs=row)", n = "sample size vector", nit = "number of iterations to use", base = exp(1), corr ... [TRUNCATED]
    
    These lines will be truncated in the PDF manual.
Flavors: r-devel-linux-x86_64-debian-clang, r-devel-linux-x86_64-debian-gcc, r-devel-linux-x86_64-fedora-clang, r-devel-linux-x86_64-fedora-gcc, r-patched-linux-x86_64, r-release-linux-x86_64