CRAN Package Check Results for Package DiversitySampler

Last updated on 2014-12-23 01:49:00.

Flavor Version Tinstall Tcheck Ttotal Status Flags
r-devel-linux-x86_64-debian-clang 2.1 0.54 8.84 9.38 NOTE
r-devel-linux-x86_64-debian-gcc 2.1 0.54 8.76 9.29 NOTE
r-devel-linux-x86_64-fedora-clang 2.1 19.53 NOTE
r-devel-linux-x86_64-fedora-gcc 2.1 18.25 NOTE
r-devel-osx-x86_64-clang 2.1 21.57 OK
r-devel-windows-ix86+x86_64 2.1 3.00 19.00 22.00 OK
r-patched-linux-x86_64 2.1 0.56 8.80 9.36 NOTE
r-patched-solaris-sparc 2.1 117.20 OK
r-patched-solaris-x86 2.1 28.90 OK
r-release-linux-ix86 2.1 0.79 14.22 15.00 OK
r-release-linux-x86_64 2.1 0.55 8.79 9.34 NOTE
r-release-osx-x86_64-mavericks 2.1 OK
r-release-windows-ix86+x86_64 2.1 2.00 15.00 17.00 OK
r-oldrel-windows-ix86+x86_64 2.1 2.00 15.00 17.00 OK

Check Details

Version: 2.1
Check: Rd line widths
Result: NOTE
    Rd file 'H.sampler.Rd':
     \usage lines wider than 90 characters:
     H.sampler(x = "community matrix (spp=col,obs=row)", n = "sample size vector", nit = "number of iterations to use", base = exp(1), corr ... [TRUNCATED]
    
    These lines will be truncated in the PDF manual.
Flavors: r-devel-linux-x86_64-debian-clang, r-devel-linux-x86_64-debian-gcc, r-devel-linux-x86_64-fedora-clang, r-devel-linux-x86_64-fedora-gcc, r-patched-linux-x86_64, r-release-linux-x86_64