CRAN Package Check Results for Package DiversitySampler

Last updated on 2014-10-20 11:48:30.

Flavor Version Tinstall Tcheck Ttotal Status Flags
r-devel-linux-x86_64-debian-clang 2.1 0.55 8.86 9.40 NOTE
r-devel-linux-x86_64-debian-gcc 2.1 0.66 9.44 10.10 NOTE
r-devel-linux-x86_64-fedora-clang 2.1 18.36 NOTE
r-devel-linux-x86_64-fedora-gcc 2.1 17.52 NOTE
r-devel-osx-x86_64-clang 2.1 23.00 OK
r-devel-windows-ix86+x86_64 2.1 2.00 15.00 17.00 OK
r-patched-linux-x86_64 2.1 0.57 8.90 9.46 NOTE
r-patched-solaris-sparc 2.1 102.90 OK
r-patched-solaris-x86 2.1 27.00 OK
r-release-linux-ix86 2.1 0.79 14.38 15.16 OK
r-release-linux-x86_64 2.1 0.50 8.77 9.27 NOTE
r-release-osx-x86_64-mavericks 2.1 OK
r-release-windows-ix86+x86_64 2.1 2.00 15.00 17.00 OK
r-oldrel-windows-ix86+x86_64 2.1 2.00 15.00 17.00 OK

Check Details

Version: 2.1
Check: Rd line widths
Result: NOTE
    Rd file 'H.sampler.Rd':
     \usage lines wider than 90 characters:
     H.sampler(x = "community matrix (spp=col,obs=row)", n = "sample size vector", nit = "number of iterations to use", base = exp(1), corr ... [TRUNCATED]
    
    These lines will be truncated in the PDF manual.
Flavors: r-devel-linux-x86_64-debian-clang, r-devel-linux-x86_64-debian-gcc, r-devel-linux-x86_64-fedora-clang, r-devel-linux-x86_64-fedora-gcc, r-patched-linux-x86_64, r-release-linux-x86_64