CRAN Package Check Results for Package DoE.MIParray

Last updated on 2021-11-29 02:48:28 CET.

Flavor Version Tinstall Tcheck Ttotal Status Flags
r-devel-linux-x86_64-debian-clang 1.0 NOTE
r-devel-linux-x86_64-debian-gcc 1.0 4.58 39.34 43.92 NOTE
r-devel-linux-x86_64-fedora-clang 1.0 79.55 NOTE
r-devel-linux-x86_64-fedora-gcc 1.0 68.95 NOTE
r-devel-windows-x86_64-new-UL 1.0 14.00 85.00 99.00 NOTE
r-devel-windows-x86_64-new-TK 1.0 NOTE
r-devel-windows-x86_64-old 1.0 9.00 72.00 81.00 NOTE
r-patched-linux-x86_64 1.0 9.35 49.99 59.34 NOTE
r-patched-solaris-x86 1.0 96.00 NOTE
r-release-linux-x86_64 1.0 6.60 49.86 56.46 NOTE
r-release-macos-arm64 1.0 NOTE
r-release-macos-x86_64 1.0 NOTE
r-release-windows-ix86+x86_64 1.0 13.00 54.00 67.00 NOTE
r-oldrel-macos-x86_64 1.0 NOTE
r-oldrel-windows-ix86+x86_64 1.0 13.00 79.00 92.00 NOTE

Check Details

Version: 1.0
Check: package dependencies
Result: NOTE
    Package which this enhances but not available for checking: 'gurobi'
Flavors: r-devel-linux-x86_64-debian-clang, r-devel-linux-x86_64-debian-gcc, r-devel-linux-x86_64-fedora-clang, r-devel-linux-x86_64-fedora-gcc, r-devel-windows-x86_64-new-UL, r-devel-windows-x86_64-new-TK, r-devel-windows-x86_64-old, r-patched-linux-x86_64, r-release-linux-x86_64, r-release-macos-arm64, r-release-macos-x86_64, r-release-windows-ix86+x86_64, r-oldrel-macos-x86_64, r-oldrel-windows-ix86+x86_64

Version: 1.0
Check: package dependencies
Result: NOTE
    Packages which this enhances but not available for checking:
     'gurobi', 'Rmosek'
Flavor: r-patched-solaris-x86