CRAN Package Check Results for Package DoE.base

Last updated on 2015-08-29 03:48:43.

Flavor Version Tinstall Tcheck Ttotal Status Flags
r-devel-linux-x86_64-debian-clang 0.27-1 1.97 50.04 52.01 OK
r-devel-linux-x86_64-debian-gcc 0.27-1 2.00 51.94 53.94 OK
r-devel-linux-x86_64-fedora-clang 0.27-1 103.20 OK
r-devel-linux-x86_64-fedora-gcc 0.27-1 95.94 OK
r-devel-osx-x86_64-clang 0.27-1 89.65 OK
r-devel-windows-ix86+x86_64 0.27-1 14.00 85.00 99.00 OK
r-patched-linux-x86_64 0.27-1 2.03 53.86 55.89 OK
r-patched-solaris-sparc 0.27-1 583.60 OK
r-patched-solaris-x86 0.27-1 106.70 OK
r-release-linux-x86_64 0.27-1 2.14 52.02 54.15 OK
r-release-osx-x86_64-mavericks 0.27-1 OK
r-release-windows-ix86+x86_64 0.27-1 9.00 90.00 99.00 OK
r-oldrel-windows-ix86+x86_64 0.27-1 11.00 100.00 111.00 NOTE

Check Details

Version: 0.27-1
Check: dependencies in R code
Result: NOTE
    Missing or unexported object: 'base::lengths'
Flavor: r-oldrel-windows-ix86+x86_64