CRAN Package Check Results for Package DoE.base

Last updated on 2015-03-29 11:51:13.

Flavor Version Tinstall Tcheck Ttotal Status Flags
r-devel-linux-x86_64-debian-clang 0.26-3 1.92 49.41 51.33 OK
r-devel-linux-x86_64-debian-gcc 0.26-3 1.91 49.12 51.03 OK
r-devel-linux-x86_64-fedora-clang 0.27 50.83 OK
r-devel-linux-x86_64-fedora-gcc 0.27 48.75 OK
r-devel-osx-x86_64-clang 0.27 56.75 OK
r-prerel-windows-ix86+x86_64 0.26-3 8.00 68.00 76.00 OK
r-prerel-linux-x86_64 0.26-3 1.90 52.14 54.04 OK
r-prerel-solaris-sparc 0.27 537.20 OK
r-prerel-solaris-x86 0.27 98.40 OK
r-release-linux-x86_64 0.26-3 2.09 56.35 58.44 OK
r-release-osx-x86_64-mavericks 0.26-3 OK
r-release-osx-x86_64-snowleopard 0.26-3 OK
r-release-windows-ix86+x86_64 0.26-3 8.00 80.00 88.00 OK
r-oldrel-windows-ix86+x86_64 0.27 6.00 69.00 75.00 NOTE

Check Details

Version: 0.27
Check: dependencies in R code
Result: NOTE
    Missing or unexported object: 'base::lengths'
    See the information on DESCRIPTION files in the chapter 'Creating R
    packages' of the 'Writing R Extensions' manual.
Flavor: r-oldrel-windows-ix86+x86_64