CRAN Package Check Results for Package DoE.base

Last updated on 2015-04-21 03:49:25.

Flavor Version Tinstall Tcheck Ttotal Status Flags
r-devel-linux-x86_64-debian-clang 0.27 1.98 49.72 51.70 OK
r-devel-linux-x86_64-debian-gcc 0.27 1.98 48.45 50.43 OK
r-devel-linux-x86_64-fedora-clang 0.27 98.07 OK
r-devel-linux-x86_64-fedora-gcc 0.27 104.01 OK
r-devel-osx-x86_64-clang 0.27 91.07 OK
r-devel-windows-ix86+x86_64 0.26-3 7.00 99.00 106.00 OK
r-patched-linux-x86_64 0.27 1.99 49.42 51.41 OK
r-patched-solaris-sparc 0.27 537.20 OK
r-patched-solaris-x86 0.27 114.90 OK
r-release-linux-x86_64 0.27 1.96 48.07 50.04 OK
r-release-osx-x86_64-mavericks 0.27 NOTE
r-release-osx-x86_64-snowleopard 0.27 NOTE
r-release-windows-ix86+x86_64 0.27 4.00 66.00 70.00 OK
r-oldrel-windows-ix86+x86_64 0.27 6.00 68.00 74.00 NOTE

Check Details

Version: 0.27
Check: Rd cross-references
Result: NOTE
    Packages unavailable to check Rd xrefs: ‘DoE.wrapper’, ‘RcmdrPlugin.DoE’
Flavor: r-release-osx-x86_64-mavericks

Version: 0.27
Check: Rd cross-references
Result: NOTE
    Packages unavailable to check Rd xrefs: ‘FrF2’, ‘DoE.wrapper’, ‘RcmdrPlugin.DoE’
Flavor: r-release-osx-x86_64-snowleopard

Version: 0.27
Check: dependencies in R code
Result: NOTE
    Missing or unexported object: 'base::lengths'
Flavor: r-oldrel-windows-ix86+x86_64