CRAN Package Check Results for Package DoE.base

Last updated on 2014-04-25 09:52:13.

Flavor Version Tinstall Tcheck Ttotal Status Flags
r-devel-linux-x86_64-debian-clang 0.26-1 2.18 58.14 60.32 OK
r-devel-linux-x86_64-debian-gcc 0.26-1 2.14 58.69 60.83 OK
r-devel-linux-x86_64-fedora-clang 0.26-1 118.36 OK
r-devel-linux-x86_64-fedora-gcc 0.26-1 116.10 OK
r-devel-osx-x86_64-clang 0.26-1 99.73 OK
r-devel-osx-x86_64-gcc 0.26-1 NOTE
r-devel-windows-ix86+x86_64 0.26-1 6.00 73.00 79.00 OK
r-patched-linux-x86_64 0.26-1 2.30 57.29 59.58 OK
r-patched-solaris-sparc 0.26-1 609.40 OK
r-patched-solaris-x86 0.26-1 133.80 OK
r-release-linux-ix86 0.26-1 4.00 91.00 95.00 OK
r-release-linux-x86_64 0.26-1 2.13 57.49 59.62 OK
r-release-osx-x86_64-mavericks 0.26-1 OK
r-release-osx-x86_64-snowleopard 0.26-1 OK
r-release-windows-ix86+x86_64 0.26-1 6.00 81.00 87.00 OK
r-oldrel-windows-ix86+x86_64 0.26-1 6.00 76.00 82.00 OK

Check Details

Version: 0.26-1
Check: Rd cross-references
Result: NOTE
    Packages unavailable to check Rd xrefs: ‘FrF2’, ‘DoE.wrapper’, ‘RcmdrPlugin.DoE’
Flavor: r-devel-osx-x86_64-gcc