CRAN Package Check Results for Package DoE.base

Last updated on 2015-05-24 19:47:50.

Flavor Version Tinstall Tcheck Ttotal Status Flags
r-devel-linux-x86_64-debian-clang 0.27 2.12 51.36 53.48 OK
r-devel-linux-x86_64-debian-gcc 0.27 1.94 48.88 50.83 OK
r-devel-linux-x86_64-fedora-clang 0.27 97.59 OK
r-devel-linux-x86_64-fedora-gcc 0.27 91.74 OK
r-devel-osx-x86_64-clang 0.27 87.44 OK
r-devel-windows-ix86+x86_64 0.27 8.00 72.00 80.00 OK
r-patched-linux-x86_64 0.27 1.94 47.96 49.90 OK
r-patched-solaris-sparc 0.27 589.30 OK
r-patched-solaris-x86 0.27 118.00 OK
r-release-linux-x86_64 0.27 1.97 50.51 52.48 OK
r-release-osx-x86_64-mavericks 0.27 OK
r-release-osx-x86_64-snowleopard 0.27 NOTE
r-release-windows-ix86+x86_64 0.27 6.00 66.00 72.00 OK
r-oldrel-windows-ix86+x86_64 0.27 7.00 76.00 83.00 NOTE

Check Details

Version: 0.27
Check: Rd cross-references
Result: NOTE
    Packages unavailable to check Rd xrefs: ‘FrF2’, ‘DoE.wrapper’, ‘RcmdrPlugin.DoE’
Flavor: r-release-osx-x86_64-snowleopard

Version: 0.27
Check: dependencies in R code
Result: NOTE
    Missing or unexported object: 'base::lengths'
Flavor: r-oldrel-windows-ix86+x86_64