CRAN Package Check Results for Package DoE.base

Last updated on 2015-07-31 18:48:14.

Flavor Version Tinstall Tcheck Ttotal Status Flags
r-devel-linux-x86_64-debian-clang 0.27 2.10 50.42 52.53 NOTE
r-devel-linux-x86_64-debian-gcc 0.27 2.96 48.85 51.81 NOTE
r-devel-linux-x86_64-fedora-clang 0.27 101.21 NOTE
r-devel-linux-x86_64-fedora-gcc 0.27 96.81 NOTE
r-devel-osx-x86_64-clang 0.27 87.99 OK
r-devel-windows-ix86+x86_64 0.27 13.00 79.00 92.00 NOTE
r-patched-linux-x86_64 0.27 2.14 51.38 53.51 OK
r-patched-solaris-sparc 0.27 622.00 OK
r-patched-solaris-x86 0.27 120.90 OK
r-release-linux-x86_64 0.27 2.03 50.36 52.39 OK
r-release-osx-x86_64-mavericks 0.27 OK
r-release-windows-ix86+x86_64 0.27 10.00 118.00 128.00 OK
r-oldrel-windows-ix86+x86_64 0.27 10.00 101.00 111.00 NOTE

Check Details

Version: 0.27
Check: R code for possible problems
Result: NOTE
    plot.design: no visible global function definition for ‘devAskNewPage’
    plot.design: no visible global function definition for
     ‘dev.interactive’
    Undefined global functions or variables:
     dev.interactive devAskNewPage
    Consider adding
     importFrom("grDevices", "dev.interactive", "devAskNewPage")
    to your NAMESPACE.
Flavors: r-devel-linux-x86_64-debian-clang, r-devel-linux-x86_64-debian-gcc, r-devel-linux-x86_64-fedora-clang, r-devel-linux-x86_64-fedora-gcc, r-devel-windows-ix86+x86_64

Version: 0.27
Check: dependencies in R code
Result: NOTE
    Missing or unexported object: 'base::lengths'
Flavor: r-oldrel-windows-ix86+x86_64