CRAN Package Check Results for Package DoE.base

Last updated on 2014-10-23 00:47:56.

Flavor Version Tinstall Tcheck Ttotal Status Flags
r-devel-linux-x86_64-debian-clang 0.26-3 2.15 55.62 57.77 OK
r-devel-linux-x86_64-debian-gcc 0.26-3 2.02 51.96 53.98 OK
r-devel-linux-x86_64-fedora-clang 0.26-3 114.50 OK
r-devel-linux-x86_64-fedora-gcc 0.26-3 105.20 OK
r-devel-osx-x86_64-clang 0.26-3 102.56 OK
r-devel-windows-ix86+x86_64 0.26-3 6.00 67.00 73.00 OK
r-patched-linux-x86_64 0.26-3 2.26 56.75 59.01 OK
r-patched-solaris-sparc 0.26-3 637.50 OK
r-patched-solaris-x86 0.26-3 137.60 OK
r-release-linux-ix86 0.26-3 2.92 72.02 74.94 NOTE
r-release-linux-x86_64 0.26-3 2.10 58.21 60.30 OK
r-release-osx-x86_64-mavericks 0.26-3 OK
r-release-osx-x86_64-snowleopard 0.26-3 OK
r-release-windows-ix86+x86_64 0.26-3 6.00 82.00 88.00 OK
r-oldrel-windows-ix86+x86_64 0.26-3 8.00 78.00 86.00 OK

Check Details

Version: 0.26-3
Check: Rd cross-references
Result: NOTE
    Package unavailable to check Rd xrefs: ‘RcmdrPlugin.DoE’
Flavor: r-release-linux-ix86