CRAN Package Check Results for Package DoE.base

Last updated on 2018-02-25 10:47:06 CET.

Flavor Version Tinstall Tcheck Ttotal Status Flags
r-devel-linux-x86_64-debian-clang 0.31 12.72 97.41 110.13 WARN
r-devel-linux-x86_64-debian-gcc 0.31 11.66 71.04 82.70 WARN
r-devel-linux-x86_64-fedora-clang 0.31 125.71 WARN
r-devel-linux-x86_64-fedora-gcc 0.31 125.28 WARN
r-devel-windows-ix86+x86_64 0.31 24.00 126.00 150.00 WARN
r-patched-linux-x86_64 0.31 2.77 122.23 125.00 WARN
r-patched-solaris-x86 0.31 139.10 WARN
r-release-linux-x86_64 0.31 3.90 126.09 129.99 WARN
r-release-windows-ix86+x86_64 0.31 8.00 159.00 167.00 OK
r-release-osx-x86_64 0.31 OK
r-oldrel-windows-ix86+x86_64 0.31 7.00 128.00 135.00 OK
r-oldrel-osx-x86_64 0.31 OK

Check Details

Version: 0.31
Check: whether package can be installed
Result: WARN
    Found the following significant warnings:
     Note: break may be used in wrong context: no loop is visible
Flavors: r-devel-linux-x86_64-debian-clang, r-devel-linux-x86_64-debian-gcc, r-devel-linux-x86_64-fedora-clang, r-devel-linux-x86_64-fedora-gcc, r-devel-windows-ix86+x86_64

Version: 0.31
Check: Rd cross-references
Result: WARN
    Unknown package ‘planor’ in Rd xrefs
Flavors: r-devel-linux-x86_64-debian-clang, r-devel-linux-x86_64-debian-gcc, r-devel-linux-x86_64-fedora-clang, r-devel-linux-x86_64-fedora-gcc, r-patched-linux-x86_64, r-patched-solaris-x86, r-release-linux-x86_64