CRAN Package Check Results for Package DoE.base

Last updated on 2016-05-03 09:48:47.

Flavor Version Tinstall Tcheck Ttotal Status Flags
r-devel-linux-x86_64-debian-gcc 0.28 2.31 52.29 54.60 OK
r-devel-linux-x86_64-fedora-clang 0.28 100.42 OK
r-devel-linux-x86_64-fedora-gcc 0.28 94.40 OK
r-devel-osx-x86_64-clang 0.28 114.95 OK
r-devel-windows-ix86+x86_64 0.28 8.00 93.00 101.00 OK
r-patched-linux-x86_64 0.28 2.16 50.45 52.61 OK
r-patched-solaris-sparc 0.28 607.70 OK
r-patched-solaris-x86 0.28 117.20 OK
r-release-linux-x86_64 0.28 2.15 52.56 54.72 OK
r-release-osx-x86_64-mavericks 0.28 OK
r-release-windows-ix86+x86_64 0.28 9.00 108.00 117.00 OK
r-oldrel-windows-ix86+x86_64 0.28 13.00 115.00 128.00 NOTE

Check Details

Version: 0.28
Check: dependencies in R code
Result: NOTE
    Missing or unexported object: 'base::lengths'
Flavor: r-oldrel-windows-ix86+x86_64