CRAN Package Check Results for Package DoE.base

Last updated on 2016-02-12 09:50:40.

Flavor Version Tinstall Tcheck Ttotal Status Flags
r-devel-linux-x86_64-debian-gcc 0.27-1 1.93 51.60 53.52 OK
r-devel-linux-x86_64-fedora-clang 0.27-1 99.27 OK
r-devel-linux-x86_64-fedora-gcc 0.27-1 91.83 OK
r-devel-osx-x86_64-clang 0.27-1 111.54 OK
r-devel-windows-ix86+x86_64 0.27-1 8.00 81.00 89.00 OK
r-patched-linux-x86_64 0.27-1 2.15 52.23 54.38 OK
r-patched-solaris-sparc 0.27-1 624.10 OK
r-patched-solaris-x86 0.27-1 119.40 OK
r-release-linux-x86_64 0.27-1 2.20 52.52 54.72 OK
r-release-osx-x86_64-mavericks 0.27-1 OK
r-release-windows-ix86+x86_64 0.27-1 12.00 83.00 95.00 OK
r-oldrel-windows-ix86+x86_64 0.27-1 14.00 98.00 112.00 NOTE

Check Details

Version: 0.27-1
Check: dependencies in R code
Result: NOTE
    Missing or unexported object: 'base::lengths'
Flavor: r-oldrel-windows-ix86+x86_64