CRAN Package Check Results for Package DoE.wrapper

Last updated on 2015-05-27 19:47:05.

Flavor Version Tinstall Tcheck Ttotal Status Flags
r-devel-linux-x86_64-debian-clang 0.8-10 1.19 29.07 30.26 OK
r-devel-linux-x86_64-debian-gcc 0.8-10 1.15 27.51 28.66 OK
r-devel-linux-x86_64-fedora-clang 0.8-10 59.13 OK
r-devel-linux-x86_64-fedora-gcc 0.8-10 55.39 OK
r-devel-osx-x86_64-clang 0.8-10 54.28 OK
r-devel-windows-ix86+x86_64 0.8-10 4.00 42.00 46.00 OK
r-patched-linux-x86_64 0.8-10 1.14 28.45 29.59 OK
r-patched-solaris-sparc 0.8-10 350.60 OK
r-patched-solaris-x86 0.8-10 80.40 OK
r-release-linux-x86_64 0.8-10 1.18 29.22 30.40 OK
r-release-osx-x86_64-mavericks 0.8-10 OK
r-release-osx-x86_64-snowleopard 0.8-10 ERROR
r-release-windows-ix86+x86_64 0.8-10 5.00 43.00 48.00 OK
r-oldrel-windows-ix86+x86_64 0.8-10 7.00 62.00 69.00 OK

Check Details

Version: 0.8-10
Check: package dependencies
Result: ERROR
    Package required but not available: ‘FrF2’
    
    See section ‘The DESCRIPTION file’ in the ‘Writing R Extensions’
    manual.
Flavor: r-release-osx-x86_64-snowleopard