CRAN Package Check Results for Package DoE.wrapper

Last updated on 2015-04-26 23:46:44.

Flavor Version Tinstall Tcheck Ttotal Status Flags
r-devel-linux-x86_64-debian-clang 0.8-10 1.69 28.26 29.94 OK
r-devel-linux-x86_64-debian-gcc 0.8-10 1.15 29.05 30.20 OK
r-devel-linux-x86_64-fedora-clang 0.8-10 59.91 OK
r-devel-linux-x86_64-fedora-gcc 0.8-10 56.97 OK
r-devel-osx-x86_64-clang 0.8-10 55.61 OK
r-devel-windows-ix86+x86_64 0.8-10 5.00 46.00 51.00 OK
r-patched-linux-x86_64 0.8-10 1.17 28.83 30.00 OK
r-patched-solaris-sparc 0.8-10 370.70 OK
r-patched-solaris-x86 0.8-10 79.90 OK
r-release-linux-x86_64 0.8-10 1.17 27.84 29.01 OK
r-release-osx-x86_64-mavericks 0.8-10 OK
r-release-osx-x86_64-snowleopard 0.8-10 ERROR
r-release-windows-ix86+x86_64 0.8-10 4.00 43.00 47.00 OK
r-oldrel-windows-ix86+x86_64 0.8-10 7.00 59.00 66.00 OK

Check Details

Version: 0.8-10
Check: package dependencies
Result: ERROR
    Package required but not available: ‘FrF2’
    
    See section ‘The DESCRIPTION file’ in the ‘Writing R Extensions’
    manual.
Flavor: r-release-osx-x86_64-snowleopard