CRAN Package Check Results for Package DoE.wrapper

Last updated on 2016-07-30 14:49:37.

Flavor Version Tinstall Tcheck Ttotal Status Flags
r-devel-linux-x86_64-debian-clang 0.8-10 1.16 28.78 29.94 NOTE
r-devel-linux-x86_64-debian-gcc 0.8-10 1.20 29.69 30.89 NOTE
r-devel-linux-x86_64-fedora-clang 0.8-10 70.87 NOTE
r-devel-linux-x86_64-fedora-gcc 0.8-10 53.40 NOTE
r-devel-osx-x86_64-clang 0.8-10 46.08 NOTE
r-devel-windows-ix86+x86_64 0.8-10 6.00 59.00 65.00 NOTE
r-patched-linux-x86_64 0.8-10 1.32 28.94 30.26 NOTE
r-patched-solaris-sparc 0.8-10 332.40 NOTE
r-patched-solaris-x86 0.8-10 70.90 NOTE
r-release-linux-x86_64 0.8-10 3.26 34.34 37.60 NOTE
r-release-osx-x86_64-mavericks 0.8-10 NOTE
r-release-windows-ix86+x86_64 0.8-10 7.00 85.00 92.00 NOTE
r-oldrel-windows-ix86+x86_64 0.8-10 9.00 85.00 94.00 OK

Check Details

Version: 0.8-10
Check: R code for possible problems
Result: NOTE
    .ccd.1.41: no visible global function definition for ‘rnorm’
    .ccd.1.41: no visible global function definition for ‘formula’
    .ccd.1.41: no visible global function definition for ‘coef’
    .ccd.1.41: no visible global function definition for ‘runif’
    .ccd.1.41 : <anonymous>: no visible global function definition for
     ‘as.formula’
    .gen.des.old.way: no visible global function definition for ‘runif’
    Dopt.augment: no visible global function definition for ‘rnorm’
    Dopt.augment: no visible global function definition for ‘as.formula’
    Dopt.augment: no visible global function definition for ‘model.matrix’
    Dopt.design: no visible global function definition for ‘as.formula’
    Dopt.design: no visible global function definition for ‘model.matrix’
    Scalc: no visible global function definition for ‘dist’
    bbd.design: no visible global function definition for ‘model.matrix’
    ccd.augment: no visible global function definition for ‘as.formula’
    ccd.augment: no visible global function definition for ‘model.matrix’
    ccd.augment: no visible global function definition for ‘model.frame’
    ccd.augment: no visible binding for global variable ‘na.pass’
    generators.from.design: no visible global function definition for
     ‘formula’
    generators.from.design : <anonymous>: no visible global function
     definition for ‘as.formula’
    lhs.design: no visible global function definition for ‘cor’
    rsm.design: no visible global function definition for ‘as.formula’
    rsmformula: no visible global function definition for ‘formula’
    Undefined global functions or variables:
     as.formula coef cor dist formula model.frame model.matrix na.pass
     rnorm runif
    Consider adding
     importFrom("stats", "as.formula", "coef", "cor", "dist", "formula",
     "model.frame", "model.matrix", "na.pass", "rnorm", "runif")
    to your NAMESPACE file.
Flavors: r-devel-linux-x86_64-debian-clang, r-devel-linux-x86_64-debian-gcc, r-devel-linux-x86_64-fedora-clang, r-devel-linux-x86_64-fedora-gcc, r-devel-osx-x86_64-clang, r-devel-windows-ix86+x86_64, r-patched-linux-x86_64, r-patched-solaris-sparc, r-patched-solaris-x86, r-release-linux-x86_64, r-release-osx-x86_64-mavericks, r-release-windows-ix86+x86_64