CRAN Package Check Results for Package DoE.wrapper

Last updated on 2014-04-23 07:54:57.

Flavor Version Tinstall Tcheck Ttotal Status Flags
r-devel-linux-x86_64-debian-clang 0.8-9 1.69 41.04 42.73 OK
r-devel-linux-x86_64-debian-gcc 0.8-9 1.67 39.87 41.54 OK
r-devel-linux-x86_64-fedora-clang 0.8-9 84.40 OK
r-devel-linux-x86_64-fedora-gcc 0.8-9 82.12 OK
r-devel-osx-x86_64-clang 0.8-9 79.86 OK
r-devel-osx-x86_64-gcc 0.8-9 ERROR
r-devel-windows-ix86+x86_64 0.8-9 7.00 61.00 68.00 OK
r-patched-linux-x86_64 0.8-9 1.66 39.96 41.62 OK
r-patched-solaris-sparc 0.8-9 477.50 OK
r-patched-solaris-x86 0.8-9 110.50 OK
r-release-linux-ix86 0.8-9 3.00 76.00 79.00 OK
r-release-linux-x86_64 0.8-9 1.68 40.49 42.17 OK
r-release-osx-x86_64-mavericks 0.8-9 WARN
r-release-windows-ix86+x86_64 0.8-9 8.00 59.00 67.00 OK
r-oldrel-windows-ix86+x86_64 0.8-9 6.00 69.00 75.00 OK

Check Details

Version: 0.8-9
Check: package dependencies
Result: ERROR
    Package required but not available: ‘FrF2’
    
    See the information on DESCRIPTION files in the chapter ‘Creating R
    packages’ of the ‘Writing R Extensions’ manual.
Flavor: r-devel-osx-x86_64-gcc

Version: 0.8-9
Check: PDF version of manual
Result: WARNING
    LaTeX errors when creating PDF version.
    This typically indicates Rd problems.
    LaTeX errors found:
    ! LaTeX Error: File `upquote.sty' not found.
    
    Type X to quit or <RETURN> to proceed,
    or enter new name. (Default extension: sty)
    
    65232aca/Rd2.tex:8: ==> Fatal error occurred, no output PDF file produced!
Flavor: r-release-osx-x86_64-mavericks