CRAN Package Check Results for Package Dominance

Last updated on 2017-06-24 13:46:44.

Flavor Version Tinstall Tcheck Ttotal Status Flags
r-devel-linux-x86_64-debian-clang 1.0.17 1.75 31.05 32.80 NOTE
r-devel-linux-x86_64-debian-gcc 1.0.17 1.95 31.42 33.36 NOTE
r-devel-linux-x86_64-fedora-clang 1.0.17 58.79 NOTE
r-devel-linux-x86_64-fedora-gcc 1.0.17 56.37 NOTE
r-devel-windows-ix86+x86_64 1.0.17 5.00 79.00 84.00 NOTE
r-patched-linux-x86_64 1.0.17 1.79 30.56 32.35 NOTE
r-patched-solaris-sparc 1.0.17 364.40 NOTE
r-patched-solaris-x86 1.0.17 78.20 NOTE
r-release-linux-x86_64 1.0.17 1.68 30.76 32.44 NOTE
r-release-windows-ix86+x86_64 1.0.17 12.00 86.00 98.00 NOTE
r-release-osx-x86_64 1.0.17 NOTE
r-oldrel-windows-ix86+x86_64 1.0.17 7.00 71.00 78.00 OK
r-oldrel-osx-x86_64 1.0.17 OK

Check Details

Version: 1.0.17
Check: DESCRIPTION meta-information
Result: NOTE
    BugReports field should be the URL of a single webpage
Flavors: r-devel-linux-x86_64-debian-clang, r-devel-linux-x86_64-debian-gcc, r-devel-linux-x86_64-fedora-clang, r-devel-linux-x86_64-fedora-gcc, r-devel-windows-ix86+x86_64, r-patched-linux-x86_64, r-patched-solaris-sparc, r-patched-solaris-x86, r-release-linux-x86_64, r-release-windows-ix86+x86_64, r-release-osx-x86_64