CRAN Package Check Results for Package Dominance

Last updated on 2016-05-26 06:47:06.

Flavor Version Tinstall Tcheck Ttotal Status Flags
r-devel-linux-x86_64-debian-gcc 1.0.0 0.69 16.70 17.39 NOTE
r-devel-linux-x86_64-fedora-clang 1.0.0 26.94 NOTE
r-devel-linux-x86_64-fedora-gcc 1.0.0 25.26 NOTE
r-devel-osx-x86_64-clang 1.0.0 33.03 NOTE
r-devel-windows-ix86+x86_64 1.0.0 3.00 38.00 41.00 NOTE
r-patched-linux-x86_64 1.0.0 0.69 15.35 16.04 NOTE
r-patched-solaris-sparc 1.0.0 174.10 NOTE
r-patched-solaris-x86 1.0.0 40.30 NOTE
r-release-linux-x86_64 1.0.0 0.69 15.43 16.12 NOTE
r-release-osx-x86_64-mavericks 1.0.0 ERROR
r-release-windows-ix86+x86_64 1.0.0 3.00 39.00 42.00 NOTE
r-oldrel-windows-ix86+x86_64 1.0.0 4.00 39.00 43.00 NOTE

Check Details

Version: 1.0.0
Check: DESCRIPTION meta-information
Result: NOTE
    Malformed Description field: should contain one or more complete sentences.
Flavors: r-devel-linux-x86_64-debian-gcc, r-devel-linux-x86_64-fedora-clang, r-devel-linux-x86_64-fedora-gcc, r-devel-osx-x86_64-clang, r-devel-windows-ix86+x86_64, r-patched-linux-x86_64, r-patched-solaris-sparc, r-patched-solaris-x86, r-release-linux-x86_64, r-release-osx-x86_64-mavericks, r-release-windows-ix86+x86_64, r-oldrel-windows-ix86+x86_64

Version: 1.0.0
Check: R code for possible problems
Result: NOTE
    Musicnotation: no visible global function definition for ‘rainbow’
    Musicnotation: no visible global function definition for ‘par’
    Musicnotation: no visible global function definition for ‘plot’
    Musicnotation: no visible global function definition for ‘text’
    Musicnotation: no visible global function definition for ‘lines’
    Musicnotation: no visible global function definition for ‘title’
    Musicnotation: no visible global function definition for ‘arrows’
    Sociogram: no visible global function definition for ‘na.omit’
    Sociogram: no visible global function definition for ‘heat.colors’
    Sociogram: no visible global function definition for ‘postscript’
    Sociogram: no visible global function definition for ‘dev.off’
    Undefined global functions or variables:
     arrows dev.off heat.colors lines na.omit par plot postscript rainbow
     text title
    Consider adding
     importFrom("grDevices", "dev.off", "heat.colors", "postscript",
     "rainbow")
     importFrom("graphics", "arrows", "lines", "par", "plot", "text",
     "title")
     importFrom("stats", "na.omit")
    to your NAMESPACE file.
Flavors: r-devel-linux-x86_64-debian-gcc, r-devel-linux-x86_64-fedora-clang, r-devel-linux-x86_64-fedora-gcc, r-devel-osx-x86_64-clang, r-devel-windows-ix86+x86_64, r-patched-linux-x86_64, r-patched-solaris-sparc, r-patched-solaris-x86, r-release-linux-x86_64, r-release-osx-x86_64-mavericks, r-release-windows-ix86+x86_64

Version: 1.0.0
Check: examples
Result: ERROR
    Running examples in ‘Dominance-Ex.R’ failed
    The error most likely occurred in:
    
    > ### Name: Sociogram
    > ### Title: Social Network Graphs
    > ### Aliases: Sociogram
    > ### Keywords: ~kwd1 ~kwd2
    >
    > ### ** Examples
    >
    >
    >
    > ## you can eihter use:
    > data_sheet=data.frame ("action.from"=c(1,4,2,3,4,3,4,3,4,3,4,3,4,3,4),
    + "action.to"=c(4,1,1,4,3,4,3,4,3,4,3,4,3,4,3),
    + "kind.of.action"= c(4,1,1,4,3,4,3,4,3,4,3,4,3,4,3),stringsAsFactors=FALSE)
    > items= data.frame ("Name"=c("item1","item2","item3","item4","item5","item6") ,
    + "item.number"=c(1:6),stringsAsFactors=FALSE)
    > actions=data.frame("name.of.action"= c("leading","following","approach","bite","threat to bite",
    + "kick","threat to kick", "chase","retreat"),
    + "action.number"=c(1:9),
    + "classification"=c(1,2,1,1,1,1,1,1,2) ,
    + "weighting"=c(1,-1,1,1,1,1,1,1,-1),stringsAsFactors=FALSE)
    > ## all encounters without leading and following
    > bytes= "001111111"
    > Sociogram(data_sheet,items=items,actions=actions,bytes)
    Invalid MIT-MAGIC-COOKIE-1 keyWarning in fun(libname, pkgname) : couldn't connect to display ":0"
    Error in structure(.External(.C_dotTclObjv, objv), class = "tclObj") :
     [tcl] invalid command name "font".
    Calls: Sociogram ... .tkplot.convert.font -> <Anonymous> -> tcl -> .Tcl.objv -> structure
    Execution halted
Flavor: r-release-osx-x86_64-mavericks