CRAN Package Check Results for Package Dominance

Last updated on 2017-04-27 10:48:17.

Flavor Version Tinstall Tcheck Ttotal Status Flags
r-devel-linux-x86_64-debian-clang 1.0.17 1.88 32.67 34.56 NOTE
r-devel-linux-x86_64-debian-gcc 1.0.17 1.95 31.48 33.42 NOTE
r-devel-linux-x86_64-fedora-clang 1.0.17 60.53 NOTE --no-stop-on-test-error
r-devel-linux-x86_64-fedora-gcc 1.0.17 59.75 NOTE --no-stop-on-test-error
r-devel-windows-ix86+x86_64 1.0.17 6.00 79.00 85.00 NOTE
r-patched-linux-x86_64 1.0.17 2.14 31.86 34.00 NOTE
r-patched-solaris-sparc 1.0.17 364.40 NOTE
r-patched-solaris-x86 1.0.17 79.30 NOTE
r-release-linux-x86_64 1.0.17 1.80 31.62 33.42 NOTE
r-release-windows-ix86+x86_64 1.0.17 6.00 66.00 72.00 NOTE
r-release-osx-x86_64 1.0.17 NOTE
r-oldrel-windows-ix86+x86_64 1.0.17 6.00 60.00 66.00 OK
r-oldrel-osx-x86_64 1.0.17 OK

Check Details

Version: 1.0.17
Check: DESCRIPTION meta-information
Result: NOTE
    BugReports field should be the URL of a single webpage
Flavors: r-devel-linux-x86_64-debian-clang, r-devel-linux-x86_64-debian-gcc, r-devel-windows-ix86+x86_64, r-patched-linux-x86_64, r-patched-solaris-sparc, r-patched-solaris-x86, r-release-linux-x86_64, r-release-windows-ix86+x86_64, r-release-osx-x86_64

Version: 1.0.17
Flags: --no-stop-on-test-error
Check: DESCRIPTION meta-information
Result: NOTE
    BugReports field should be the URL of a single webpage
Flavors: r-devel-linux-x86_64-fedora-clang, r-devel-linux-x86_64-fedora-gcc