CRAN Package Check Results for Package Dominance

Last updated on 2015-07-06 14:48:32.

Flavor Version Tinstall Tcheck Ttotal Status Flags
r-devel-linux-x86_64-debian-clang 1.0.0 0.67 14.53 15.20 NOTE
r-devel-linux-x86_64-debian-gcc 1.0.0 0.67 14.98 15.65 NOTE
r-devel-linux-x86_64-fedora-clang 1.0.0 28.66 NOTE
r-devel-linux-x86_64-fedora-gcc 1.0.0 27.64 NOTE
r-devel-osx-x86_64-clang 1.0.0 32.22 NOTE
r-devel-windows-ix86+x86_64 1.0.0 5.00 28.00 33.00 NOTE
r-patched-linux-x86_64 1.0.0 0.68 14.94 15.62 NOTE
r-patched-solaris-sparc 1.0.0 190.30 NOTE
r-patched-solaris-x86 1.0.0 43.80 NOTE
r-release-linux-x86_64 1.0.0 0.70 15.24 15.94 NOTE
r-release-osx-x86_64-mavericks 1.0.0 NOTE
r-release-windows-ix86+x86_64 1.0.0 4.00 30.00 34.00 NOTE
r-oldrel-windows-ix86+x86_64 1.0.0 5.00 36.00 41.00 OK

Check Details

Version: 1.0.0
Check: DESCRIPTION meta-information
Result: NOTE
    Malformed Description field: should contain one or more complete sentences.
Flavors: r-devel-linux-x86_64-debian-clang, r-devel-linux-x86_64-debian-gcc, r-devel-linux-x86_64-fedora-clang, r-devel-linux-x86_64-fedora-gcc, r-devel-osx-x86_64-clang, r-devel-windows-ix86+x86_64, r-patched-linux-x86_64, r-patched-solaris-sparc, r-patched-solaris-x86, r-release-linux-x86_64, r-release-osx-x86_64-mavericks, r-release-windows-ix86+x86_64

Version: 1.0.0
Check: R code for possible problems
Result: NOTE
    Musicnotation: no visible global function definition for ‘rainbow’
    Musicnotation: no visible global function definition for ‘par’
    Musicnotation: no visible global function definition for ‘plot’
    Musicnotation: no visible global function definition for ‘text’
    Musicnotation: no visible global function definition for ‘lines’
    Musicnotation: no visible global function definition for ‘title’
    Musicnotation: no visible global function definition for ‘arrows’
    Sociogram: no visible global function definition for ‘na.omit’
    Sociogram: no visible global function definition for ‘heat.colors’
    Sociogram: no visible global function definition for ‘postscript’
    Sociogram: no visible global function definition for ‘dev.off’
    Undefined global functions or variables:
     arrows dev.off heat.colors lines na.omit par plot postscript rainbow
     text title
Flavors: r-devel-linux-x86_64-debian-clang, r-devel-linux-x86_64-debian-gcc, r-devel-linux-x86_64-fedora-clang, r-devel-linux-x86_64-fedora-gcc, r-devel-windows-ix86+x86_64