CRAN Package Check Results for Package Dominance

Last updated on 2015-04-01 06:46:50.

Flavor Version Tinstall Tcheck Ttotal Status Flags
r-devel-linux-x86_64-debian-clang 1.0.0 0.90 16.23 17.14 NOTE
r-devel-linux-x86_64-debian-gcc 1.0.0 0.74 15.29 16.03 NOTE
r-devel-linux-x86_64-fedora-clang 1.0.0 27.93 NOTE
r-devel-linux-x86_64-fedora-gcc 1.0.0 26.86 NOTE
r-devel-osx-x86_64-clang 1.0.0 38.93 NOTE
r-prerel-windows-ix86+x86_64 1.0.0 5.00 31.00 36.00 NOTE
r-prerel-linux-x86_64 1.0.0 0.68 15.31 15.98 NOTE
r-prerel-solaris-sparc 1.0.0 196.90 NOTE
r-prerel-solaris-x86 1.0.0 40.60 NOTE
r-release-linux-x86_64 1.0.0 0.91 18.31 19.22 OK
r-release-osx-x86_64-mavericks 1.0.0 OK
r-release-osx-x86_64-snowleopard 1.0.0 OK
r-release-windows-ix86+x86_64 1.0.0 4.00 35.00 39.00 OK
r-oldrel-windows-ix86+x86_64 1.0.0 5.00 35.00 40.00 OK

Check Details

Version: 1.0.0
Check: DESCRIPTION meta-information
Result: NOTE
    Malformed Description field: should contain one or more complete sentences.
Flavors: r-devel-linux-x86_64-debian-clang, r-devel-linux-x86_64-debian-gcc, r-devel-linux-x86_64-fedora-clang, r-devel-linux-x86_64-fedora-gcc, r-devel-osx-x86_64-clang, r-prerel-windows-ix86+x86_64, r-prerel-linux-x86_64, r-prerel-solaris-sparc, r-prerel-solaris-x86