CRAN Package Check Results for Package Dominance

Last updated on 2017-01-20 23:50:19.

Flavor Version Tinstall Tcheck Ttotal Status Flags
r-devel-linux-x86_64-debian-clang 1.0.17 1.92 31.54 33.46 NOTE
r-devel-linux-x86_64-debian-gcc 1.0.17 1.93 31.28 33.21 NOTE
r-devel-linux-x86_64-fedora-clang 1.0.17 59.91 NOTE --no-stop-on-test-error
r-devel-linux-x86_64-fedora-gcc 1.0.17 59.51 NOTE --no-stop-on-test-error
r-devel-macos-x86_64-clang 1.0.17 49.80 NOTE --no-stop-on-test-error
r-devel-windows-ix86+x86_64 1.0.17 9.00 90.00 99.00 NOTE
r-patched-linux-x86_64 1.0.17 1.61 25.74 27.35 OK
r-patched-solaris-sparc 1.0.17 304.40 OK
r-patched-solaris-x86 1.0.17 63.80 OK
r-release-linux-x86_64 1.0.17 2.05 25.75 27.80 OK
r-release-osx-x86_64-mavericks 1.0.17 OK
r-release-windows-ix86+x86_64 1.0.17 5.00 90.00 95.00 OK
r-oldrel-windows-ix86+x86_64 1.0.17 9.00 71.00 80.00 OK

Check Details

Version: 1.0.17
Check: DESCRIPTION meta-information
Result: NOTE
    BugReports field should be the URL of a single webpage
Flavors: r-devel-linux-x86_64-debian-clang, r-devel-linux-x86_64-debian-gcc, r-devel-windows-ix86+x86_64

Version: 1.0.17
Flags: --no-stop-on-test-error
Check: DESCRIPTION meta-information
Result: NOTE
    BugReports field should be the URL of a single webpage
Flavors: r-devel-linux-x86_64-fedora-clang, r-devel-linux-x86_64-fedora-gcc, r-devel-macos-x86_64-clang