CRAN Package Check Results for Package Dominance

Last updated on 2017-10-18 03:48:11.

Flavor Version Tinstall Tcheck Ttotal Status Flags
r-devel-linux-x86_64-debian-clang 1.0.17 2.00 33.02 35.01 NOTE
r-devel-linux-x86_64-debian-gcc 1.0.17 2.36 35.48 37.84 NOTE
r-devel-linux-x86_64-fedora-clang 1.0.17 60.94 NOTE
r-devel-linux-x86_64-fedora-gcc 1.0.17 62.49 NOTE
r-devel-windows-ix86+x86_64 1.0.17 5.00 58.00 63.00 NOTE
r-patched-linux-x86_64 1.0.17 1.96 32.57 34.53 NOTE
r-patched-solaris-x86 1.0.17 80.50 NOTE
r-release-linux-x86_64 1.0.17 1.89 32.22 34.11 NOTE
r-release-windows-ix86+x86_64 1.0.17 10.00 80.00 90.00 NOTE
r-release-osx-x86_64 1.0.17 NOTE
r-oldrel-windows-ix86+x86_64 1.0.17 9.00 85.00 94.00 OK
r-oldrel-osx-x86_64 1.0.17 OK

Check Details

Version: 1.0.17
Check: DESCRIPTION meta-information
Result: NOTE
    BugReports field should be the URL of a single webpage
Flavors: r-devel-linux-x86_64-debian-clang, r-devel-linux-x86_64-debian-gcc, r-devel-linux-x86_64-fedora-clang, r-devel-linux-x86_64-fedora-gcc, r-devel-windows-ix86+x86_64, r-patched-linux-x86_64, r-patched-solaris-x86, r-release-linux-x86_64, r-release-windows-ix86+x86_64, r-release-osx-x86_64