CRAN Package Check Results for Package Dominance

Last updated on 2015-05-05 17:47:17.

Flavor Version Tinstall Tcheck Ttotal Status Flags
r-devel-linux-x86_64-debian-clang 1.0.0 0.68 16.84 17.52 NOTE
r-devel-linux-x86_64-debian-gcc 1.0.0 0.68 15.65 16.33 NOTE
r-devel-linux-x86_64-fedora-clang 1.0.0 29.37 NOTE
r-devel-linux-x86_64-fedora-gcc 1.0.0 27.52 NOTE
r-devel-osx-x86_64-clang 1.0.0 36.19 NOTE
r-devel-windows-ix86+x86_64 1.0.0 4.00 28.00 32.00 NOTE
r-patched-linux-x86_64 1.0.0 0.68 14.92 15.60 NOTE
r-patched-solaris-sparc 1.0.0 196.90 NOTE
r-patched-solaris-x86 1.0.0 42.10 NOTE
r-release-linux-x86_64 1.0.0 0.68 15.04 15.72 NOTE
r-release-osx-x86_64-mavericks 1.0.0 NOTE
r-release-osx-x86_64-snowleopard 1.0.0 ERROR
r-release-windows-ix86+x86_64 1.0.0 3.00 41.00 44.00 NOTE
r-oldrel-windows-ix86+x86_64 1.0.0 4.00 51.00 55.00 OK

Check Details

Version: 1.0.0
Check: DESCRIPTION meta-information
Result: NOTE
    Malformed Description field: should contain one or more complete sentences.
Flavors: r-devel-linux-x86_64-debian-clang, r-devel-linux-x86_64-debian-gcc, r-devel-linux-x86_64-fedora-clang, r-devel-linux-x86_64-fedora-gcc, r-devel-osx-x86_64-clang, r-devel-windows-ix86+x86_64, r-patched-linux-x86_64, r-patched-solaris-sparc, r-patched-solaris-x86, r-release-linux-x86_64, r-release-osx-x86_64-mavericks, r-release-windows-ix86+x86_64

Version: 1.0.0
Check: package dependencies
Result: ERROR
    Package required but not available: ‘igraph’
    
    See section ‘The DESCRIPTION file’ in the ‘Writing R Extensions’
    manual.
Flavor: r-release-osx-x86_64-snowleopard