CRAN Package Check Results for Package Dominance

Last updated on 2015-02-28 19:51:04.

Flavor Version Tinstall Tcheck Ttotal Status Flags
r-devel-linux-x86_64-debian-clang 1.0.0 0.69 15.31 16.00 NOTE
r-devel-linux-x86_64-debian-gcc 1.0.0 0.66 15.52 16.18 NOTE
r-devel-linux-x86_64-fedora-clang 1.0.0 29.04 NOTE
r-devel-linux-x86_64-fedora-gcc 1.0.0 28.00 NOTE
r-devel-osx-x86_64-clang 1.0.0 37.53 NOTE
r-devel-windows-ix86+x86_64 1.0.0 4.00 29.00 33.00 NOTE
r-patched-linux-x86_64 1.0.0 0.91 17.80 18.71 OK
r-patched-solaris-sparc 1.0.0 221.10 OK
r-patched-solaris-x86 1.0.0 51.40 OK
r-release-linux-ix86 1.0.0 1.29 28.52 29.81 OK
r-release-linux-x86_64 1.0.0 1.00 18.49 19.49 OK
r-release-osx-x86_64-mavericks 1.0.0 OK
r-release-osx-x86_64-snowleopard 1.0.0 OK
r-release-windows-ix86+x86_64 1.0.0 4.00 35.00 39.00 OK
r-oldrel-windows-ix86+x86_64 1.0.0 4.00 35.00 39.00 OK

Check Details

Version: 1.0.0
Check: DESCRIPTION meta-information
Result: NOTE
    Malformed Description field: should contain one or more complete sentences.
Flavors: r-devel-linux-x86_64-debian-clang, r-devel-linux-x86_64-debian-gcc, r-devel-linux-x86_64-fedora-clang, r-devel-linux-x86_64-fedora-gcc, r-devel-osx-x86_64-clang, r-devel-windows-ix86+x86_64