CRAN Package Check Results for Package Dominance

Last updated on 2014-04-23 17:47:43.

Flavor Version Tinstall Tcheck Ttotal Status Flags
r-devel-linux-x86_64-debian-clang 0.9.11 1.19 20.42 21.62 NOTE
r-devel-linux-x86_64-debian-gcc 0.9.11 1.20 20.26 21.46 NOTE
r-devel-linux-x86_64-fedora-clang 0.9.11 39.83 NOTE
r-devel-linux-x86_64-fedora-gcc 0.9.11 38.03 NOTE
r-devel-osx-x86_64-clang 0.9.11 46.01 NOTE
r-devel-osx-x86_64-gcc 0.9.11 ERROR
r-devel-windows-ix86+x86_64 0.9.11 5.00 42.00 47.00 NOTE
r-patched-linux-x86_64 0.9.11 1.17 19.95 21.12 NOTE
r-patched-solaris-sparc 0.9.11 238.80 NOTE
r-patched-solaris-x86 0.9.11 53.60 NOTE
r-release-linux-ix86 0.9.11 2.00 48.00 50.00 NOTE
r-release-linux-x86_64 0.9.11 1.18 19.85 21.03 NOTE
r-release-osx-x86_64-mavericks 0.9.11 WARN
r-release-windows-ix86+x86_64 0.9.11 6.00 37.00 43.00 NOTE
r-oldrel-windows-ix86+x86_64 0.9.11 6.00 41.00 47.00 NOTE

Check Details

Version: 0.9.11
Check: dependencies in R code
Result: NOTE
    'library' or 'require' call to ‘igraph’ which was already attached by Depends.
     Please remove these calls from your code.
    Packages in Depends field not imported from:
     ‘chron’ ‘gdata’ ‘igraph’
     These packages need to be imported from (in the NAMESPACE file)
     for when this namespace is loaded but not attached.
    See the information on DESCRIPTION files in the chapter ‘Creating R
    packages’ of the ‘Writing R Extensions’ manual.
Flavors: r-devel-linux-x86_64-debian-clang, r-devel-linux-x86_64-debian-gcc, r-devel-linux-x86_64-fedora-clang, r-devel-linux-x86_64-fedora-gcc, r-devel-osx-x86_64-clang, r-devel-windows-ix86+x86_64, r-patched-linux-x86_64, r-patched-solaris-sparc, r-patched-solaris-x86, r-release-linux-ix86, r-release-linux-x86_64, r-release-osx-x86_64-mavericks, r-release-windows-ix86+x86_64, r-oldrel-windows-ix86+x86_64

Version: 0.9.11
Check: package dependencies
Result: ERROR
    Package required but not available: ‘igraph’
    
    See the information on DESCRIPTION files in the chapter ‘Creating R
    packages’ of the ‘Writing R Extensions’ manual.
Flavor: r-devel-osx-x86_64-gcc

Version: 0.9.11
Check: PDF version of manual
Result: WARNING
    LaTeX errors when creating PDF version.
    This typically indicates Rd problems.
    LaTeX errors found:
    ! LaTeX Error: File `upquote.sty' not found.
    
    Type X to quit or <RETURN> to proceed,
    or enter new name. (Default extension: sty)
    
    1607b1db/Rd2.tex:8: ==> Fatal error occurred, no output PDF file produced!
Flavor: r-release-osx-x86_64-mavericks