CRAN Package Check Results for Package Dominance

Last updated on 2016-06-26 16:46:38.

Flavor Version Tinstall Tcheck Ttotal Status Flags
r-devel-linux-x86_64-debian-gcc 1.0.17 2.10 26.83 28.93 OK
r-devel-linux-x86_64-fedora-clang 1.0.17 48.80 OK
r-devel-linux-x86_64-fedora-gcc 1.0.17 46.53 OK
r-devel-osx-x86_64-clang 1.0.17 42.21 OK
r-devel-windows-ix86+x86_64 1.0.17 9.00 85.00 94.00 OK
r-patched-linux-x86_64 1.0.17 1.84 26.74 28.58 OK
r-patched-solaris-sparc 1.0.17 296.00 OK
r-patched-solaris-x86 1.0.17 66.60 OK
r-release-linux-x86_64 1.0.17 1.77 25.36 27.13 OK
r-release-osx-x86_64-mavericks 1.0.17 ERROR
r-release-windows-ix86+x86_64 1.0.17 5.00 51.00 56.00 OK
r-oldrel-windows-ix86+x86_64 1.0.17 9.00 90.00 99.00 OK

Check Details

Version: 1.0.17
Check: examples
Result: ERROR
    Running examples in ‘Dominance-Ex.R’ failed
    The error most likely occurred in:
    
    > ### Name: Sociogram
    > ### Title: Social Network Graphs
    > ### Aliases: Sociogram
    > ### Keywords: ~kwd1 ~kwd2
    >
    > ### ** Examples
    >
    >
    >
    > ## you can eihter use:
    > data_sheet=data.frame ("action.from"=c(1,4,2,3,4,3,4,3,4,3,4,3,4,3,4),
    + "action.to"=c(4,1,1,4,3,4,3,4,3,4,3,4,3,4,3),
    + "kind.of.action"= c(4,1,1,4,3,4,3,4,3,4,3,4,3,4,3),stringsAsFactors=FALSE)
    > items= data.frame ("Name"=c("item1","item2","item3","item4","item5","item6") ,
    + "item.number"=c(1:6),stringsAsFactors=FALSE)
    > actions=data.frame("name.of.action"= c("leading","following","approach","bite","threat to bite",
    + "kick","threat to kick", "chase","retreat"),
    + "action.number"=c(1:9),
    + "classification"=c(1,2,1,1,1,1,1,1,2) ,
    + "weighting"=c(1,-1,1,1,1,1,1,1,-1),stringsAsFactors=FALSE)
    > ## all encounters without leading and following
    > bytes= "001111111"
    > Sociogram(data_sheet,items=items,actions=actions,bytes)
    Invalid MIT-MAGIC-COOKIE-1 keyWarning in fun(libname, pkgname) : couldn't connect to display ":0"
    Error in structure(.External(.C_dotTclObjv, objv), class = "tclObj") :
     [tcl] invalid command name "font".
    Calls: Sociogram ... .tkplot.convert.font -> <Anonymous> -> tcl -> .Tcl.objv -> structure
    Execution halted
Flavor: r-release-osx-x86_64-mavericks