CRAN Package Check Results for Package Dominance

Last updated on 2018-02-23 06:54:47 CET.

Flavor Version Tinstall Tcheck Ttotal Status Flags
r-devel-linux-x86_64-debian-clang 1.0.17 2.82 37.40 40.22 WARN
r-devel-linux-x86_64-debian-gcc 1.0.17 2.88 33.56 36.44 WARN
r-devel-linux-x86_64-fedora-clang 1.0.17 54.49 WARN
r-devel-linux-x86_64-fedora-gcc 1.0.17 53.45 WARN
r-devel-windows-ix86+x86_64 1.0.17 8.00 79.00 87.00 WARN
r-patched-linux-x86_64 1.0.17 3.06 50.86 53.92 NOTE
r-patched-solaris-x86 1.0.17 79.10 NOTE
r-release-linux-x86_64 1.0.17 2.53 50.25 52.78 NOTE
r-release-windows-ix86+x86_64 1.0.17 8.00 80.00 88.00 NOTE
r-release-osx-x86_64 1.0.17 NOTE
r-oldrel-windows-ix86+x86_64 1.0.17 5.00 60.00 65.00 OK
r-oldrel-osx-x86_64 1.0.17 OK

Check Details

Version: 1.0.17
Check: whether package can be installed
Result: WARN
    Found the following significant warnings:
     Note: break may be used in wrong context: no loop is visible
Flavors: r-devel-linux-x86_64-debian-clang, r-devel-linux-x86_64-debian-gcc, r-devel-linux-x86_64-fedora-clang, r-devel-linux-x86_64-fedora-gcc, r-devel-windows-ix86+x86_64

Version: 1.0.17
Check: DESCRIPTION meta-information
Result: NOTE
    BugReports field should be the URL of a single webpage
Flavors: r-devel-linux-x86_64-debian-clang, r-devel-linux-x86_64-debian-gcc, r-devel-linux-x86_64-fedora-clang, r-devel-linux-x86_64-fedora-gcc, r-devel-windows-ix86+x86_64, r-patched-linux-x86_64, r-patched-solaris-x86, r-release-linux-x86_64, r-release-windows-ix86+x86_64, r-release-osx-x86_64