CRAN Package Check Results for Package Dominance

Last updated on 2017-02-27 23:47:58.

Flavor Version Tinstall Tcheck Ttotal Status Flags
r-devel-linux-x86_64-debian-clang 1.0.17 2.18 32.26 34.44 NOTE
r-devel-linux-x86_64-debian-gcc 1.0.17 1.92 32.96 34.88 NOTE
r-devel-linux-x86_64-fedora-clang 1.0.17 69.80 NOTE --no-stop-on-test-error
r-devel-linux-x86_64-fedora-gcc 1.0.17 61.51 NOTE --no-stop-on-test-error
r-devel-macos-x86_64-clang 1.0.17 50.73 NOTE --no-stop-on-test-error
r-devel-windows-ix86+x86_64 1.0.17 7.00 93.00 100.00 NOTE
r-patched-linux-x86_64 1.0.17 1.70 25.92 27.62 OK
r-patched-solaris-sparc 1.0.17 304.40 OK
r-patched-solaris-x86 1.0.17 63.90 OK
r-release-linux-x86_64 1.0.17 1.57 25.96 27.53 OK
r-release-osx-x86_64-mavericks 1.0.17 OK
r-release-windows-ix86+x86_64 1.0.17 12.00 73.00 85.00 OK
r-oldrel-windows-ix86+x86_64 1.0.17 10.00 76.00 86.00 OK

Check Details

Version: 1.0.17
Check: DESCRIPTION meta-information
Result: NOTE
    BugReports field should be the URL of a single webpage
Flavors: r-devel-linux-x86_64-debian-clang, r-devel-linux-x86_64-debian-gcc, r-devel-windows-ix86+x86_64

Version: 1.0.17
Flags: --no-stop-on-test-error
Check: DESCRIPTION meta-information
Result: NOTE
    BugReports field should be the URL of a single webpage
Flavors: r-devel-linux-x86_64-fedora-clang, r-devel-linux-x86_64-fedora-gcc, r-devel-macos-x86_64-clang