CRAN Package Check Results for Package Dominance

Last updated on 2016-07-23 14:48:19.

Flavor Version Tinstall Tcheck Ttotal Status Flags
r-devel-linux-x86_64-debian-clang 1.0.17 1.64 31.67 33.31 OK
r-devel-linux-x86_64-debian-gcc 1.0.17 2.47 30.76 33.22 OK
r-devel-linux-x86_64-fedora-clang 1.0.17 49.42 OK
r-devel-linux-x86_64-fedora-gcc 1.0.17 47.13 OK
r-devel-osx-x86_64-clang 1.0.17 42.96 OK
r-devel-windows-ix86+x86_64 1.0.17 10.00 57.00 67.00 OK
r-patched-linux-x86_64 1.0.17 2.04 31.00 33.04 OK
r-patched-solaris-sparc 1.0.17 296.00 OK
r-patched-solaris-x86 1.0.17 64.50 OK
r-release-linux-x86_64 1.0.17 2.19 30.66 32.84 OK
r-release-osx-x86_64-mavericks 1.0.17 ERROR
r-release-windows-ix86+x86_64 1.0.17 6.00 57.00 63.00 OK
r-oldrel-windows-ix86+x86_64 1.0.17 7.00 56.00 63.00 OK

Check Details

Version: 1.0.17
Check: examples
Result: ERROR
    Running examples in ‘Dominance-Ex.R’ failed
    The error most likely occurred in:
    
    > ### Name: Sociogram
    > ### Title: Social Network Graphs
    > ### Aliases: Sociogram
    > ### Keywords: ~kwd1 ~kwd2
    >
    > ### ** Examples
    >
    >
    >
    > ## you can eihter use:
    > data_sheet=data.frame ("action.from"=c(1,4,2,3,4,3,4,3,4,3,4,3,4,3,4),
    + "action.to"=c(4,1,1,4,3,4,3,4,3,4,3,4,3,4,3),
    + "kind.of.action"= c(4,1,1,4,3,4,3,4,3,4,3,4,3,4,3),stringsAsFactors=FALSE)
    > items= data.frame ("Name"=c("item1","item2","item3","item4","item5","item6") ,
    + "item.number"=c(1:6),stringsAsFactors=FALSE)
    > actions=data.frame("name.of.action"= c("leading","following","approach","bite","threat to bite",
    + "kick","threat to kick", "chase","retreat"),
    + "action.number"=c(1:9),
    + "classification"=c(1,2,1,1,1,1,1,1,2) ,
    + "weighting"=c(1,-1,1,1,1,1,1,1,-1),stringsAsFactors=FALSE)
    > ## all encounters without leading and following
    > bytes= "001111111"
    > Sociogram(data_sheet,items=items,actions=actions,bytes)
    Invalid MIT-MAGIC-COOKIE-1 keyWarning in fun(libname, pkgname) : couldn't connect to display ":0"
    Error in structure(.External(.C_dotTclObjv, objv), class = "tclObj") :
     [tcl] invalid command name "font".
    Calls: Sociogram ... .tkplot.convert.font -> <Anonymous> -> tcl -> .Tcl.objv -> structure
    Execution halted
Flavor: r-release-osx-x86_64-mavericks