CRAN Package Check Results for Package Dominance

Last updated on 2017-12-14 06:46:54 CET.

Flavor Version Tinstall Tcheck Ttotal Status Flags
r-devel-linux-x86_64-debian-clang 1.0.17 2.50 44.10 46.60 NOTE
r-devel-linux-x86_64-debian-gcc 1.0.17 2.47 39.86 42.33 NOTE
r-devel-linux-x86_64-fedora-clang 1.0.17 55.64 NOTE
r-devel-linux-x86_64-fedora-gcc 1.0.17 56.57 NOTE
r-devel-windows-ix86+x86_64 1.0.17 9.00 85.00 94.00 NOTE
r-patched-linux-x86_64 1.0.17 2.51 50.19 52.70 NOTE
r-patched-solaris-x86 1.0.17 78.00 NOTE
r-release-linux-x86_64 1.0.17 2.46 51.01 53.47 NOTE
r-release-windows-ix86+x86_64 1.0.17 6.00 65.00 71.00 NOTE
r-release-osx-x86_64 1.0.17 NOTE
r-oldrel-windows-ix86+x86_64 1.0.17 4.00 81.00 85.00 OK
r-oldrel-osx-x86_64 1.0.17 OK

Check Details

Version: 1.0.17
Check: DESCRIPTION meta-information
Result: NOTE
    BugReports field should be the URL of a single webpage
Flavors: r-devel-linux-x86_64-debian-clang, r-devel-linux-x86_64-debian-gcc, r-devel-linux-x86_64-fedora-clang, r-devel-linux-x86_64-fedora-gcc, r-devel-windows-ix86+x86_64, r-patched-linux-x86_64, r-patched-solaris-x86, r-release-linux-x86_64, r-release-windows-ix86+x86_64, r-release-osx-x86_64