CRAN Package Check Results for Package Dominance

Last updated on 2017-08-19 12:51:35.

Flavor Version Tinstall Tcheck Ttotal Status Flags
r-devel-linux-x86_64-debian-clang 1.0.17 1.82 31.00 32.82 NOTE
r-devel-linux-x86_64-debian-gcc 1.0.17 1.77 30.66 32.42 NOTE
r-devel-linux-x86_64-fedora-clang 1.0.17 62.79 NOTE
r-devel-linux-x86_64-fedora-gcc 1.0.17 63.10 NOTE
r-devel-windows-ix86+x86_64 1.0.17 5.00 66.00 71.00 NOTE
r-patched-linux-x86_64 1.0.17 1.81 30.65 32.46 NOTE
r-patched-solaris-x86 1.0.17 79.80 NOTE
r-release-linux-x86_64 1.0.17 1.79 31.03 32.82 NOTE
r-release-windows-ix86+x86_64 1.0.17 7.00 60.00 67.00 NOTE
r-release-osx-x86_64 1.0.17 NOTE
r-oldrel-windows-ix86+x86_64 1.0.17 4.00 55.00 59.00 OK
r-oldrel-osx-x86_64 1.0.17 OK

Check Details

Version: 1.0.17
Check: DESCRIPTION meta-information
Result: NOTE
    BugReports field should be the URL of a single webpage
Flavors: r-devel-linux-x86_64-debian-clang, r-devel-linux-x86_64-debian-gcc, r-devel-linux-x86_64-fedora-clang, r-devel-linux-x86_64-fedora-gcc, r-devel-windows-ix86+x86_64, r-patched-linux-x86_64, r-patched-solaris-x86, r-release-linux-x86_64, r-release-windows-ix86+x86_64, r-release-osx-x86_64