CRAN Package Check Results for Package DoseFinding

Last updated on 2015-04-25 12:46:13.

Flavor Version Tinstall Tcheck Ttotal Status Flags
r-devel-linux-x86_64-debian-clang 0.9-12 1.82 42.76 44.58 NOTE
r-devel-linux-x86_64-debian-gcc 0.9-12 1.60 41.88 43.48 NOTE
r-devel-linux-x86_64-fedora-clang 0.9-12 85.40 NOTE
r-devel-linux-x86_64-fedora-gcc 0.9-12 84.48 NOTE
r-devel-osx-x86_64-clang 0.9-12 77.25 NOTE
r-devel-windows-ix86+x86_64 0.9-12 9.00 92.00 101.00 NOTE
r-patched-linux-x86_64 0.9-12 1.68 42.55 44.24 NOTE
r-patched-solaris-sparc 0.9-12 534.60 NOTE
r-patched-solaris-x86 0.9-12 98.80 NOTE
r-release-linux-x86_64 0.9-12 1.66 42.96 44.62 NOTE
r-release-osx-x86_64-mavericks 0.9-12 NOTE
r-release-osx-x86_64-snowleopard 0.9-12 ERROR
r-release-windows-ix86+x86_64 0.9-12 8.00 95.00 103.00 NOTE
r-oldrel-windows-ix86+x86_64 0.9-12 7.00 101.00 108.00 NOTE

Check Details

Version: 0.9-12
Check: line endings in Makefiles
Result: NOTE
    Found the following Makefile(s) without a final LF:
     src/Makevars
    Some 'make' programs ignore lines not ending in LF.
Flavors: r-devel-windows-ix86+x86_64, r-release-windows-ix86+x86_64, r-oldrel-windows-ix86+x86_64