CRAN Package Check Results for Package DoseFinding

Last updated on 2015-02-01 05:47:51.

Flavor Version Tinstall Tcheck Ttotal Status Flags
r-devel-linux-x86_64-debian-clang 0.9-12 1.68 43.61 45.29 NOTE
r-devel-linux-x86_64-debian-gcc 0.9-12 1.70 41.88 43.58 NOTE
r-devel-linux-x86_64-fedora-clang 0.9-12 90.13 NOTE
r-devel-linux-x86_64-fedora-gcc 0.9-12 80.39 NOTE
r-devel-osx-x86_64-clang 0.9-12 86.43 NOTE
r-devel-windows-ix86+x86_64 0.9-12 11.00 94.00 105.00 NOTE
r-patched-linux-x86_64 0.9-12 1.85 47.18 49.03 NOTE
r-patched-solaris-sparc 0.9-12 567.30 OK
r-patched-solaris-x86 0.9-12 110.40 NOTE
r-release-linux-ix86 0.9-12 2.34 58.88 61.22 OK
r-release-linux-x86_64 0.9-12 1.79 47.33 49.12 OK
r-release-osx-x86_64-mavericks 0.9-12 NOTE
r-release-osx-x86_64-snowleopard 0.9-12 OK
r-release-windows-ix86+x86_64 0.9-12 9.00 104.00 113.00 OK
r-oldrel-windows-ix86+x86_64 0.9-12 9.00 106.00 115.00 OK

Check Details

Version: 0.9-12
Check: line endings in Makefiles
Result: NOTE
    Found the following Makefile(s) without a final LF:
     src/Makevars
    Some ‘make’ programs ignore lines not ending in LF.
Flavors: r-devel-linux-x86_64-debian-clang, r-devel-linux-x86_64-debian-gcc, r-devel-linux-x86_64-fedora-clang, r-devel-linux-x86_64-fedora-gcc, r-devel-osx-x86_64-clang, r-devel-windows-ix86+x86_64, r-patched-linux-x86_64, r-patched-solaris-x86, r-release-osx-x86_64-mavericks