CRAN Package Check Results for Package DoseFinding

Last updated on 2017-07-22 14:46:24.

Flavor Version Tinstall Tcheck Ttotal Status Flags
r-devel-linux-x86_64-debian-clang 0.9-15 2.18 64.18 66.36 NOTE
r-devel-linux-x86_64-debian-gcc 0.9-15 1.92 63.81 65.73 NOTE
r-devel-linux-x86_64-fedora-clang 0.9-15 106.46 NOTE
r-devel-linux-x86_64-fedora-gcc 0.9-15 103.45 NOTE
r-devel-windows-ix86+x86_64 0.9-15 19.00 178.00 197.00 OK
r-patched-linux-x86_64 0.9-15 1.86 62.46 64.31 NOTE
r-patched-solaris-x86 0.9-15 123.00 OK
r-release-linux-x86_64 0.9-15 1.89 62.68 64.57 NOTE
r-release-windows-ix86+x86_64 0.9-15 12.00 194.00 206.00 OK
r-release-osx-x86_64 0.9-15 OK
r-oldrel-windows-ix86+x86_64 0.9-15 8.00 143.00 151.00 OK
r-oldrel-osx-x86_64 0.9-15 OK

Check Details

Version: 0.9-15
Check: compiled code
Result: NOTE
    File ‘DoseFinding/libs/DoseFinding.so’:
     Found no calls to: ‘R_registerRoutines’, ‘R_useDynamicSymbols’
    
    It is good practice to register native routines and to disable symbol
    search.
    
    See ‘Writing portable packages’ in the ‘Writing R Extensions’ manual.
Flavors: r-devel-linux-x86_64-debian-clang, r-devel-linux-x86_64-debian-gcc, r-devel-linux-x86_64-fedora-clang, r-devel-linux-x86_64-fedora-gcc, r-patched-linux-x86_64, r-release-linux-x86_64