CRAN Package Check Results for Package DoseFinding

Last updated on 2017-11-23 11:52:10 CET.

Flavor Version Tinstall Tcheck Ttotal Status Flags
r-devel-linux-x86_64-debian-clang 0.9-15 2.04 92.25 94.29 NOTE
r-devel-linux-x86_64-debian-gcc 0.9-15 2.32 116.07 118.39 NOTE
r-devel-linux-x86_64-fedora-clang 0.9-15 98.92 NOTE
r-devel-linux-x86_64-fedora-gcc 0.9-15 98.91 NOTE
r-devel-windows-ix86+x86_64 0.9-15 9.00 184.00 193.00 OK
r-patched-linux-x86_64 0.9-15 2.57 138.86 141.43 NOTE
r-patched-solaris-x86 0.9-15 123.60 OK
r-release-linux-x86_64 0.9-15 2.07 55.31 57.38 NOTE
r-release-windows-ix86+x86_64 0.9-15 8.00 132.00 140.00 OK
r-release-osx-x86_64 0.9-15 OK
r-oldrel-windows-ix86+x86_64 0.9-15 8.00 115.00 123.00 OK
r-oldrel-osx-x86_64 0.9-15 OK

Check Details

Version: 0.9-15
Check: compiled code
Result: NOTE
    File ‘DoseFinding/libs/DoseFinding.so’:
     Found no calls to: ‘R_registerRoutines’, ‘R_useDynamicSymbols’
    
    It is good practice to register native routines and to disable symbol
    search.
    
    See ‘Writing portable packages’ in the ‘Writing R Extensions’ manual.
Flavors: r-devel-linux-x86_64-debian-clang, r-devel-linux-x86_64-debian-gcc, r-devel-linux-x86_64-fedora-clang, r-devel-linux-x86_64-fedora-gcc, r-patched-linux-x86_64, r-release-linux-x86_64