CRAN Package Check Results for Package DoseFinding

Last updated on 2017-09-24 11:48:04.

Flavor Version Tinstall Tcheck Ttotal Status Flags
r-devel-linux-x86_64-debian-clang 0.9-15 2.25 55.63 57.88 NOTE
r-devel-linux-x86_64-debian-gcc 0.9-15 1.87 55.28 57.15 NOTE
r-devel-linux-x86_64-fedora-clang 0.9-15 109.36 NOTE
r-devel-linux-x86_64-fedora-gcc 0.9-15 104.68 NOTE
r-devel-windows-ix86+x86_64 0.9-15 17.00 134.00 151.00 OK
r-patched-linux-x86_64 0.9-15 2.03 58.16 60.19 NOTE
r-patched-solaris-x86 0.9-15 123.20 OK
r-release-linux-x86_64 0.9-15 1.94 55.50 57.44 NOTE
r-release-windows-ix86+x86_64 0.9-15 9.00 130.00 139.00 OK
r-release-osx-x86_64 0.9-15 OK
r-oldrel-windows-ix86+x86_64 0.9-15 8.00 102.00 110.00 OK
r-oldrel-osx-x86_64 0.9-15 OK

Check Details

Version: 0.9-15
Check: compiled code
Result: NOTE
    File ‘DoseFinding/libs/DoseFinding.so’:
     Found no calls to: ‘R_registerRoutines’, ‘R_useDynamicSymbols’
    
    It is good practice to register native routines and to disable symbol
    search.
    
    See ‘Writing portable packages’ in the ‘Writing R Extensions’ manual.
Flavors: r-devel-linux-x86_64-debian-clang, r-devel-linux-x86_64-debian-gcc, r-devel-linux-x86_64-fedora-clang, r-devel-linux-x86_64-fedora-gcc, r-patched-linux-x86_64, r-release-linux-x86_64