CRAN Package Check Results for Package DoseFinding

Last updated on 2017-04-24 08:47:47.

Flavor Version Tinstall Tcheck Ttotal Status Flags
r-devel-linux-x86_64-debian-clang 0.9-15 2.22 56.38 58.60 NOTE
r-devel-linux-x86_64-debian-gcc 0.9-15 1.89 54.10 55.98 NOTE
r-devel-linux-x86_64-fedora-clang 0.9-15 107.33 NOTE --no-stop-on-test-error
r-devel-linux-x86_64-fedora-gcc 0.9-15 102.30 NOTE --no-stop-on-test-error
r-devel-windows-ix86+x86_64 0.9-15 13.00 181.00 194.00 OK
r-patched-linux-x86_64 0.9-15 1.86 55.75 57.61 NOTE
r-patched-solaris-sparc 0.9-15 716.10 OK
r-patched-solaris-x86 0.9-15 119.40 OK
r-release-linux-x86_64 0.9-15 1.94 55.38 57.32 NOTE
r-release-windows-ix86+x86_64 0.9-15 9.00 136.00 145.00 OK
r-release-osx-x86_64 0.9-15 OK
r-oldrel-windows-ix86+x86_64 0.9-15 8.00 108.00 116.00 OK
r-oldrel-osx-x86_64 0.9-15 OK

Check Details

Version: 0.9-15
Check: compiled code
Result: NOTE
    File ‘DoseFinding/libs/DoseFinding.so’:
     Found no calls to: ‘R_registerRoutines’, ‘R_useDynamicSymbols’
    
    It is good practice to register native routines and to disable symbol
    search.
    
    See ‘Writing portable packages’ in the ‘Writing R Extensions’ manual.
Flavors: r-devel-linux-x86_64-debian-clang, r-devel-linux-x86_64-debian-gcc, r-patched-linux-x86_64, r-release-linux-x86_64

Version: 0.9-15
Flags: --no-stop-on-test-error
Check: compiled code
Result: NOTE
    File ‘DoseFinding/libs/DoseFinding.so’:
     Found no calls to: ‘R_registerRoutines’, ‘R_useDynamicSymbols’
    
    It is good practice to register native routines and to disable symbol
    search.
    
    See ‘Writing portable packages’ in the ‘Writing R Extensions’ manual.
Flavors: r-devel-linux-x86_64-fedora-clang, r-devel-linux-x86_64-fedora-gcc