CRAN Package Check Results for Package DoseFinding

Last updated on 2014-08-27 19:48:28.

Flavor Version Tinstall Tcheck Ttotal Status Flags
r-devel-linux-x86_64-debian-clang 0.9-11 1.53 43.30 44.83 WARN
r-devel-linux-x86_64-debian-gcc 0.9-11 1.78 43.54 45.33 WARN
r-devel-linux-x86_64-fedora-clang 0.9-11 87.38 WARN
r-devel-linux-x86_64-fedora-gcc 0.9-11 83.44 WARN
r-devel-osx-x86_64-clang 0.9-11 73.73 WARN
r-devel-windows-ix86+x86_64 0.9-11 9.00 96.00 105.00 WARN
r-patched-linux-x86_64 0.9-11 1.80 46.28 48.08 WARN
r-patched-solaris-sparc 0.9-11 525.00 WARN
r-patched-solaris-x86 0.9-11 105.70 WARN
r-release-linux-ix86 0.9-11 2.41 61.10 63.51 OK
r-release-linux-x86_64 0.9-11 1.79 47.08 48.86 OK
r-release-osx-x86_64-mavericks 0.9-11 OK
r-release-osx-x86_64-snowleopard 0.9-11 OK
r-release-windows-ix86+x86_64 0.9-11 10.00 105.00 115.00 OK
r-oldrel-windows-ix86+x86_64 0.9-11 10.00 104.00 114.00 OK

Check Details

Version: 0.9-11
Check: dependencies in R code
Result: WARN
    'library' or 'require' call not declared from: ‘parallel’
    See the information on DESCRIPTION files in the chapter ‘Creating R
    packages’ of the ‘Writing R Extensions’ manual.
Flavors: r-devel-linux-x86_64-debian-clang, r-devel-linux-x86_64-debian-gcc, r-devel-linux-x86_64-fedora-clang, r-devel-linux-x86_64-fedora-gcc, r-devel-osx-x86_64-clang, r-devel-windows-ix86+x86_64, r-patched-linux-x86_64, r-patched-solaris-sparc, r-patched-solaris-x86

Version: 0.9-11
Check: R code for possible problems
Result: NOTE
    calcEDgrad: no visible global function definition for ‘grad’
    callOptim: no visible global function definition for ‘solnp’
    constOptC: no visible global function definition for ‘solve.QP’
    planMod: no visible global function definition for ‘mclapply’
Flavors: r-devel-linux-x86_64-debian-clang, r-devel-linux-x86_64-debian-gcc, r-devel-linux-x86_64-fedora-clang, r-devel-linux-x86_64-fedora-gcc, r-devel-osx-x86_64-clang, r-devel-windows-ix86+x86_64