CRAN Package Check Results for Package DoseFinding

Last updated on 2017-03-27 06:48:04.

Flavor Version Tinstall Tcheck Ttotal Status Flags
r-devel-linux-x86_64-debian-clang 0.9-15 2.20 56.80 58.99 NOTE
r-devel-linux-x86_64-debian-gcc 0.9-15 1.90 54.71 56.60 NOTE
r-devel-linux-x86_64-fedora-clang 0.9-15 106.03 NOTE --no-stop-on-test-error
r-devel-linux-x86_64-fedora-gcc 0.9-15 106.32 NOTE --no-stop-on-test-error
r-devel-macos-x86_64-clang 0.9-15 82.11 NOTE --no-stop-on-test-error
r-devel-windows-ix86+x86_64 0.9-15 9.00 194.00 203.00 OK
r-patched-linux-x86_64 0.9-15 1.88 54.24 56.11 NOTE
r-patched-solaris-sparc 0.9-15 716.10 OK
r-patched-solaris-x86 0.9-15 119.90 OK
r-release-linux-x86_64 0.9-15 1.63 42.15 43.79 OK
r-release-osx-x86_64-mavericks 0.9-15 OK
r-release-windows-ix86+x86_64 0.9-15 14.00 107.00 121.00 OK
r-oldrel-windows-ix86+x86_64 0.9-15 12.00 95.00 107.00 OK

Check Details

Version: 0.9-15
Check: compiled code
Result: NOTE
    File ‘DoseFinding/libs/DoseFinding.so’:
     Found no calls to: ‘R_registerRoutines’, ‘R_useDynamicSymbols’
    
    It is good practice to register native routines and to disable symbol
    search.
    
    See ‘Writing portable packages’ in the ‘Writing R Extensions’ manual.
Flavors: r-devel-linux-x86_64-debian-clang, r-devel-linux-x86_64-debian-gcc, r-patched-linux-x86_64

Version: 0.9-15
Flags: --no-stop-on-test-error
Check: compiled code
Result: NOTE
    File ‘DoseFinding/libs/DoseFinding.so’:
     Found no calls to: ‘R_registerRoutines’, ‘R_useDynamicSymbols’
    
    It is good practice to register native routines and to disable symbol
    search.
    
    See ‘Writing portable packages’ in the ‘Writing R Extensions’ manual.
Flavors: r-devel-linux-x86_64-fedora-clang, r-devel-linux-x86_64-fedora-gcc, r-devel-macos-x86_64-clang