CRAN Package Check Results for Package DoseFinding

Last updated on 2017-02-25 17:47:17.

Flavor Version Tinstall Tcheck Ttotal Status Flags
r-devel-linux-x86_64-debian-clang 0.9-15 2.08 56.44 58.52 NOTE
r-devel-linux-x86_64-debian-gcc 0.9-15 2.02 55.54 57.56 NOTE
r-devel-linux-x86_64-fedora-clang 0.9-15 106.29 NOTE --no-stop-on-test-error
r-devel-linux-x86_64-fedora-gcc 0.9-15 103.32 NOTE --no-stop-on-test-error
r-devel-macos-x86_64-clang 0.9-15 83.12 NOTE --no-stop-on-test-error
r-devel-windows-ix86+x86_64 0.9-15 15.00 212.00 227.00 OK
r-patched-linux-x86_64 0.9-15 1.67 42.48 44.15 OK
r-patched-solaris-sparc 0.9-15 497.40 OK
r-patched-solaris-x86 0.9-15 93.30 OK
r-release-linux-x86_64 0.9-15 1.65 42.04 43.69 OK
r-release-osx-x86_64-mavericks 0.9-15 OK
r-release-windows-ix86+x86_64 0.9-15 14.00 113.00 127.00 OK
r-oldrel-windows-ix86+x86_64 0.9-15 16.00 144.00 160.00 OK

Check Details

Version: 0.9-15
Check: compiled code
Result: NOTE
    File ‘DoseFinding/libs/DoseFinding.so’:
     Found no calls to: ‘R_registerRoutines’, ‘R_useDynamicSymbols’
    
    It is good practice to register native routines and to disable symbol
    search.
    
    See ‘Writing portable packages’ in the ‘Writing R Extensions’ manual.
Flavors: r-devel-linux-x86_64-debian-clang, r-devel-linux-x86_64-debian-gcc

Version: 0.9-15
Flags: --no-stop-on-test-error
Check: compiled code
Result: NOTE
    File ‘DoseFinding/libs/DoseFinding.so’:
     Found no calls to: ‘R_registerRoutines’, ‘R_useDynamicSymbols’
    
    It is good practice to register native routines and to disable symbol
    search.
    
    See ‘Writing portable packages’ in the ‘Writing R Extensions’ manual.
Flavors: r-devel-linux-x86_64-fedora-clang, r-devel-linux-x86_64-fedora-gcc, r-devel-macos-x86_64-clang