CRAN Package Check Results for Package DoseFinding

Last updated on 2015-07-05 17:47:24.

Flavor Version Tinstall Tcheck Ttotal Status Flags
r-devel-linux-x86_64-debian-clang 0.9-12 1.57 43.74 45.31 NOTE
r-devel-linux-x86_64-debian-gcc 0.9-12 1.58 41.39 42.97 NOTE
r-devel-linux-x86_64-fedora-clang 0.9-12 81.97 NOTE
r-devel-linux-x86_64-fedora-gcc 0.9-12 78.38 NOTE
r-devel-osx-x86_64-clang 0.9-12 81.13 NOTE
r-devel-windows-ix86+x86_64 0.9-12 12.00 100.00 112.00 NOTE
r-patched-linux-x86_64 0.9-12 1.67 42.08 43.76 NOTE
r-patched-solaris-sparc 0.9-12 514.30 NOTE
r-patched-solaris-x86 0.9-12 100.80 NOTE
r-release-linux-x86_64 0.9-12 1.76 42.05 43.82 NOTE
r-release-osx-x86_64-mavericks 0.9-12 NOTE
r-release-windows-ix86+x86_64 0.9-12 14.00 102.00 116.00 NOTE
r-oldrel-windows-ix86+x86_64 0.9-12 16.00 102.00 118.00 NOTE

Check Details

Version: 0.9-12
Check: R code for possible problems
Result: NOTE
    AIC.DRMod: no visible global function definition for ‘logLik’
    MCPMod: no visible binding for global variable ‘na.fail’
    MCPMod: no visible binding for global variable ‘AIC’
    MCTtest: no visible binding for global variable ‘na.fail’
    MCTtest: no visible global function definition for ‘lm’
    MCTtest: no visible global function definition for ‘as.formula’
    MCTtest: no visible global function definition for ‘coef’
    MCTtest: no visible global function definition for ‘vcov’
    MCTtest: no visible global function definition for ‘cov2cor’
    bFitMod.Bayes: no visible global function definition for ‘coef’
    bFitMod.Bayes : <anonymous>: no visible global function definition for
     ‘IQR’
    bFitMod.bootstrap : func: no visible global function definition for
     ‘coef’
    calcED: no visible global function definition for ‘uniroot’
    calcED: no visible global function definition for ‘optimize’
    calcTD: no visible global function definition for ‘uniroot’
    calcTDgrad : h0: no visible global function definition for ‘uniroot’
    callOptim: no visible global function definition for ‘nlminb’
    callOptim: no visible global function definition for ‘optim’
    ess.mcmc: no visible global function definition for ‘acf’
    fitMod: no visible binding for global variable ‘na.fail’
    fitMod.raw: no visible binding for global variable ‘na.fail’
    fitMod.raw: no visible binding for global variable ‘var’
    fitModel.bndnls: no visible global function definition for
     ‘model.matrix’
    fitModel.bndnls: no visible global function definition for ‘as.formula’
    fitModel.lin: no visible global function definition for ‘model.matrix’
    fitModel.lin: no visible global function definition for ‘as.formula’
    guesst: no visible global function definition for ‘optimize’
    guesst: no visible global function definition for ‘lm’
    guesst: no visible global function definition for ‘coef’
    guesst: no visible global function definition for ‘optim’
    linInt: no visible global function definition for ‘approx’
    optContr: no visible global function definition for ‘cov2cor’
    optLoc: no visible global function definition for ‘optimize’
    optLoc: no visible global function definition for ‘nlminb’
    planMod: no visible global function definition for ‘predict’
    planMod: no visible global function definition for ‘coef’
    planMod: no visible global function definition for ‘qnorm’
    planMod: no visible global function definition for ‘pnorm’
    planMod : <anonymous>: no visible global function definition for
     ‘txtProgressBar’
    planMod : <anonymous>: no visible global function definition for
     ‘setTxtProgressBar’
    planMod : <anonymous>: no visible global function definition for ‘coef’
    planMod : <anonymous>: no visible global function definition for
     ‘predict’
    planMod : <anonymous>: no visible global function definition for
     ‘qnorm’
    planMod : <anonymous>: no visible global function definition for ‘sd’
    plot.DRdesign: no visible global function definition for ‘rgb’
    plot.DRdesign: no visible global function definition for ‘plot’
    plot.bFitMod : sumFct: no visible global function definition for
     ‘quantile’
    plot.bFitMod: no visible global function definition for ‘predict’
    plot.bFitMod: no visible global function definition for ‘qnorm’
    plot.bFitMod: no visible global function definition for ‘points’
    plot.bFitMod: no visible global function definition for ‘lines’
    plotDRSims : <anonymous>: no visible global function definition for
     ‘quantile’
    plotDoseSims : <anonymous>: no visible global function definition for
     ‘quantile’
    plotFunc: no visible global function definition for ‘as.formula’
    plotFunc: no visible global function definition for ‘lm’
    plotFunc: no visible global function definition for ‘model.matrix’
    plotFunc: no visible global function definition for ‘coef’
    plotFunc: no visible global function definition for ‘vcov’
    plotFunc: no visible global function definition for ‘qt’
    plotFunc: no visible global function definition for ‘qnorm’
    plotFunc: no visible global function definition for ‘predict’
    plotFunc : <anonymous>: no visible global function definition for
     ‘qnorm’
    powMCT: no visible global function definition for ‘cov2cor’
    predict.DRMod: no visible global function definition for ‘model.matrix’
    predict.DRMod: no visible global function definition for ‘terms’
    predict.DRMod: no visible global function definition for ‘vcov’
    predict.MCPMod : <anonymous>: no visible global function definition for
     ‘predict’
    predict.bFitMod : <anonymous>: no visible global function definition
     for ‘quantile’
    print.MCPMod: no visible global function definition for ‘coef’
    print.bFitMod : func: no visible global function definition for ‘sd’
    print.bFitMod : func: no visible global function definition for
     ‘quantile’
    print.summary.DRMod: no visible global function definition for
     ‘quantile’
    print.summary.planMod: no visible global function definition for
     ‘quantile’
    vcov.DRMod: no visible global function definition for ‘coef’
    vcov.DRMod: no visible global function definition for ‘model.matrix’
    Undefined global functions or variables:
     AIC IQR acf approx as.formula coef cov2cor lines lm logLik
     model.matrix na.fail nlminb optim optimize plot pnorm points predict
     qnorm qt quantile rgb sd setTxtProgressBar terms txtProgressBar
     uniroot var vcov
Flavors: r-devel-linux-x86_64-debian-clang, r-devel-linux-x86_64-debian-gcc, r-devel-linux-x86_64-fedora-clang, r-devel-linux-x86_64-fedora-gcc, r-devel-windows-ix86+x86_64

Version: 0.9-12
Check: line endings in Makefiles
Result: NOTE
    Found the following Makefile(s) without a final LF:
     src/Makevars
    Some ‘make’ programs ignore lines not ending in LF.
Flavors: r-devel-linux-x86_64-debian-clang, r-devel-linux-x86_64-debian-gcc, r-devel-linux-x86_64-fedora-clang, r-devel-linux-x86_64-fedora-gcc, r-devel-osx-x86_64-clang, r-devel-windows-ix86+x86_64, r-patched-linux-x86_64, r-patched-solaris-sparc, r-patched-solaris-x86, r-release-linux-x86_64, r-release-osx-x86_64-mavericks, r-release-windows-ix86+x86_64, r-oldrel-windows-ix86+x86_64