CRAN Package Check Results for Package DoseFinding

Last updated on 2017-05-29 05:47:01.

Flavor Version Tinstall Tcheck Ttotal Status Flags
r-devel-linux-x86_64-debian-clang 0.9-15 2.26 58.93 61.19 NOTE
r-devel-linux-x86_64-debian-gcc 0.9-15 1.93 55.47 57.40 NOTE
r-devel-linux-x86_64-fedora-clang 0.9-15 111.17 NOTE
r-devel-linux-x86_64-fedora-gcc 0.9-15 101.94 NOTE
r-devel-windows-ix86+x86_64 0.9-15 10.00 147.00 157.00 OK
r-patched-linux-x86_64 0.9-15 2.01 58.67 60.68 NOTE
r-patched-solaris-sparc 0.9-15 716.10 OK
r-patched-solaris-x86 0.9-15 118.60 OK
r-release-linux-x86_64 0.9-15 1.98 57.67 59.65 NOTE
r-release-windows-ix86+x86_64 0.9-15 13.00 171.00 184.00 OK
r-release-osx-x86_64 0.9-15 OK
r-oldrel-windows-ix86+x86_64 0.9-15 18.00 109.00 127.00 OK
r-oldrel-osx-x86_64 0.9-15 OK

Check Details

Version: 0.9-15
Check: compiled code
Result: NOTE
    File ‘DoseFinding/libs/DoseFinding.so’:
     Found no calls to: ‘R_registerRoutines’, ‘R_useDynamicSymbols’
    
    It is good practice to register native routines and to disable symbol
    search.
    
    See ‘Writing portable packages’ in the ‘Writing R Extensions’ manual.
Flavors: r-devel-linux-x86_64-debian-clang, r-devel-linux-x86_64-debian-gcc, r-devel-linux-x86_64-fedora-clang, r-devel-linux-x86_64-fedora-gcc, r-patched-linux-x86_64, r-release-linux-x86_64