CRAN Package Check Results for Package DoseFinding

Last updated on 2015-03-27 21:47:46.

Flavor Version Tinstall Tcheck Ttotal Status Flags
r-devel-linux-x86_64-debian-clang 0.9-12 1.65 43.23 44.88 NOTE
r-devel-linux-x86_64-debian-gcc 0.9-12 1.81 42.38 44.18 NOTE
r-devel-linux-x86_64-fedora-clang 0.9-12 90.84 NOTE
r-devel-linux-x86_64-fedora-gcc 0.9-12 81.87 NOTE
r-devel-osx-x86_64-clang 0.9-12 83.20 NOTE
r-prerel-windows-ix86+x86_64 0.9-12 13.00 94.00 107.00 NOTE
r-prerel-linux-x86_64 0.9-12 1.60 43.37 44.97 NOTE
r-prerel-solaris-sparc 0.9-12 534.60 NOTE
r-prerel-solaris-x86 0.9-12 98.90 NOTE
r-release-linux-x86_64 0.9-12 1.72 47.87 49.59 NOTE
r-release-osx-x86_64-mavericks 0.9-12 NOTE
r-release-osx-x86_64-snowleopard 0.9-12 OK
r-release-windows-ix86+x86_64 0.9-12 9.00 111.00 120.00 NOTE
r-oldrel-windows-ix86+x86_64 0.9-12 9.00 99.00 108.00 ERROR

Check Details

Version: 0.9-12
Check: line endings in Makefiles
Result: NOTE
    Found the following Makefile(s) without a final LF:
     src/Makevars
    Some ‘make’ programs ignore lines not ending in LF.
Flavors: r-devel-linux-x86_64-debian-clang, r-devel-linux-x86_64-debian-gcc, r-devel-linux-x86_64-fedora-clang, r-devel-linux-x86_64-fedora-gcc, r-devel-osx-x86_64-clang, r-prerel-windows-ix86+x86_64, r-prerel-linux-x86_64, r-prerel-solaris-sparc, r-prerel-solaris-x86, r-release-linux-x86_64, r-release-osx-x86_64-mavericks, r-release-windows-ix86+x86_64