CRAN Package Check Results for Package DoseFinding

Last updated on 2015-05-27 05:47:36.

Flavor Version Tinstall Tcheck Ttotal Status Flags
r-devel-linux-x86_64-debian-clang 0.9-12 1.60 43.96 45.56 NOTE
r-devel-linux-x86_64-debian-gcc 0.9-12 1.78 41.97 43.74 NOTE
r-devel-linux-x86_64-fedora-clang 0.9-12 84.56 NOTE
r-devel-linux-x86_64-fedora-gcc 0.9-12 79.77 NOTE
r-devel-osx-x86_64-clang 0.9-12 75.60 NOTE
r-devel-windows-ix86+x86_64 0.9-12 9.00 94.00 103.00 NOTE
r-patched-linux-x86_64 0.9-12 1.70 42.31 44.02 NOTE
r-patched-solaris-sparc 0.9-12 514.30 NOTE
r-patched-solaris-x86 0.9-12 101.40 NOTE
r-release-linux-x86_64 0.9-12 1.66 42.62 44.28 NOTE
r-release-osx-x86_64-mavericks 0.9-12 NOTE
r-release-osx-x86_64-snowleopard 0.9-12 ERROR
r-release-windows-ix86+x86_64 0.9-12 11.00 99.00 110.00 NOTE
r-oldrel-windows-ix86+x86_64 0.9-12 11.00 100.00 111.00 NOTE

Check Details

Version: 0.9-12
Check: line endings in Makefiles
Result: NOTE
    Found the following Makefile(s) without a final LF:
     src/Makevars
    Some ‘make’ programs ignore lines not ending in LF.
Flavors: r-devel-linux-x86_64-debian-clang, r-devel-linux-x86_64-debian-gcc, r-devel-linux-x86_64-fedora-clang, r-devel-linux-x86_64-fedora-gcc, r-devel-osx-x86_64-clang, r-devel-windows-ix86+x86_64, r-patched-linux-x86_64, r-patched-solaris-sparc, r-patched-solaris-x86, r-release-linux-x86_64, r-release-osx-x86_64-mavericks, r-release-osx-x86_64-snowleopard, r-release-windows-ix86+x86_64, r-oldrel-windows-ix86+x86_64

Version: 0.9-12
Check: package dependencies
Result: NOTE
    Package suggested but not available for checking: ‘multcomp’
Flavor: r-release-osx-x86_64-snowleopard

Version: 0.9-12
Check: tests
Result: ERROR
    Running the tests in ‘tests/testsMCT.R’ failed.
    Last 13 lines of output:
    
     > require("DoseFinding")
     Loading required package: DoseFinding
     Loading required package: lattice
     Loading required package: mvtnorm
     > if(!require("multcomp"))
     + stop("need multcomp package to run this test")
     Loading required package: multcomp
     Error: need multcomp package to run this test
     In addition: Warning message:
     In library(package, lib.loc = lib.loc, character.only = TRUE, logical.return = TRUE, :
     there is no package called 'multcomp'
     Execution halted
Flavor: r-release-osx-x86_64-snowleopard