CRAN Package Check Results for Package DoseFinding

Last updated on 2014-09-23 17:47:42.

Flavor Version Tinstall Tcheck Ttotal Status Flags
r-devel-linux-x86_64-debian-clang 0.9-11 1.71 44.39 46.10 WARN
r-devel-linux-x86_64-debian-gcc 0.9-11 1.80 43.15 44.95 WARN
r-devel-linux-x86_64-fedora-clang 0.9-11 89.84 WARN
r-devel-linux-x86_64-fedora-gcc 0.9-11 81.59 WARN
r-devel-osx-x86_64-clang 0.9-11 75.10 WARN
r-devel-windows-ix86+x86_64 0.9-11 8.00 91.00 99.00 WARN
r-patched-linux-x86_64 0.9-11 1.66 45.60 47.26 WARN
r-patched-solaris-sparc 0.9-11 525.00 WARN
r-patched-solaris-x86 0.9-11 107.10 WARN
r-release-linux-ix86 0.9-11 2.38 59.24 61.62 OK
r-release-linux-x86_64 0.9-11 1.70 46.32 48.03 OK
r-release-osx-x86_64-mavericks 0.9-11 OK
r-release-osx-x86_64-snowleopard 0.9-11 OK
r-release-windows-ix86+x86_64 0.9-11 9.00 100.00 109.00 OK
r-oldrel-windows-ix86+x86_64 0.9-11 9.00 93.00 102.00 ERROR

Check Details

Version: 0.9-11
Check: dependencies in R code
Result: WARN
    'library' or 'require' call not declared from: ‘parallel’
    See the information on DESCRIPTION files in the chapter ‘Creating R
    packages’ of the ‘Writing R Extensions’ manual.
Flavors: r-devel-linux-x86_64-debian-clang, r-devel-linux-x86_64-debian-gcc, r-devel-linux-x86_64-fedora-clang, r-devel-linux-x86_64-fedora-gcc, r-devel-osx-x86_64-clang, r-devel-windows-ix86+x86_64, r-patched-linux-x86_64, r-patched-solaris-sparc, r-patched-solaris-x86

Version: 0.9-11
Check: R code for possible problems
Result: NOTE
    calcEDgrad: no visible global function definition for ‘grad’
    callOptim: no visible global function definition for ‘solnp’
    constOptC: no visible global function definition for ‘solve.QP’
    planMod: no visible global function definition for ‘mclapply’
Flavors: r-devel-linux-x86_64-debian-clang, r-devel-linux-x86_64-debian-gcc, r-devel-linux-x86_64-fedora-clang, r-devel-linux-x86_64-fedora-gcc, r-devel-osx-x86_64-clang, r-devel-windows-ix86+x86_64