CRAN Package Check Results for Package Dowd

Last updated on 2025-01-25 16:49:08 CET.

Flavor Version Tinstall Tcheck Ttotal Status Flags
r-devel-linux-x86_64-debian-clang 0.12 17.23 113.80 131.03 OK
r-devel-linux-x86_64-debian-gcc 0.12 11.02 74.79 85.81 OK
r-devel-linux-x86_64-fedora-clang 0.12 211.55 OK
r-devel-linux-x86_64-fedora-gcc 0.12 195.56 OK
r-devel-windows-x86_64 0.12 21.00 147.00 168.00 OK
r-patched-linux-x86_64 0.12 18.09 104.75 122.84 OK
r-release-linux-x86_64 0.12 14.37 103.53 117.90 OK
r-release-macos-arm64 0.12 52.00 OK
r-release-macos-x86_64 0.12 80.00 OK
r-release-windows-x86_64 0.12 20.00 142.00 162.00 OK
r-oldrel-macos-arm64 0.12 55.00 OK
r-oldrel-macos-x86_64 0.12 97.00 NOTE
r-oldrel-windows-x86_64 0.12 23.00 180.00 203.00 OK

Check Details

Version: 0.12
Check: package dependencies
Result: NOTE Package suggested but not available for checking: ‘PerformanceAnalytics’ Flavor: r-oldrel-macos-x86_64