CRAN Package Check Results for Package Dowd

Last updated on 2024-03-04 05:54:50 CET.

Flavor Version Tinstall Tcheck Ttotal Status Flags
r-devel-linux-x86_64-debian-clang 0.12 19.55 144.33 163.88 OK
r-devel-linux-x86_64-debian-gcc 0.12 15.73 107.84 123.57 OK
r-devel-linux-x86_64-fedora-clang 0.12 211.51 OK
r-devel-linux-x86_64-fedora-gcc 0.12 193.58 OK
r-devel-windows-x86_64 0.12 19.00 144.00 163.00 OK
r-patched-linux-x86_64 0.12 21.33 141.11 162.44 OK
r-release-linux-x86_64 0.12 13.11 140.13 153.24 OK
r-release-macos-arm64 0.12 55.00 OK
r-release-macos-x86_64 0.12 97.00 NOTE
r-release-windows-x86_64 0.12 27.00 172.00 199.00 OK
r-oldrel-macos-arm64 0.12 47.00 OK
r-oldrel-windows-x86_64 0.12 27.00 153.00 180.00 OK

Check Details

Version: 0.12
Check: package dependencies
Result: NOTE Package suggested but not available for checking: ‘PerformanceAnalytics’ Flavor: r-release-macos-x86_64