Last updated on 2023-03-28 00:51:47 CEST.
Flavor | Version | Tinstall | Tcheck | Ttotal | Status | Flags |
---|---|---|---|---|---|---|
r-devel-linux-x86_64-debian-clang | 0.1.0 | 15.01 | 119.09 | 134.10 | OK | |
r-devel-linux-x86_64-debian-gcc | 0.1.0 | 13.04 | 89.15 | 102.19 | OK | |
r-devel-linux-x86_64-fedora-clang | 0.1.0 | 166.59 | NOTE | |||
r-devel-linux-x86_64-fedora-gcc | 0.1.0 | 171.72 | NOTE | |||
r-devel-windows-x86_64 | 0.1.0 | 33.00 | 145.00 | 178.00 | OK | |
r-patched-linux-x86_64 | 0.1.0 | 14.57 | 111.92 | 126.49 | OK | |
r-release-linux-x86_64 | 0.1.0 | 13.61 | 116.74 | 130.35 | OK | |
r-release-macos-arm64 | 0.1.0 | 54.00 | NOTE | |||
r-release-macos-x86_64 | 0.1.0 | 71.00 | NOTE | |||
r-release-windows-x86_64 | 0.1.0 | 28.00 | 153.00 | 181.00 | OK | |
r-oldrel-macos-arm64 | 0.1.0 | 58.00 | NOTE | |||
r-oldrel-macos-x86_64 | 0.1.0 | 84.00 | NOTE | |||
r-oldrel-windows-ix86+x86_64 | 0.1.0 | 35.00 | 151.00 | 186.00 | OK |
Version: 0.1.0
Check: dependencies in R code
Result: NOTE
Namespace in Imports field not imported from: ‘base’
All declared Imports should be used.
Flavors: r-devel-linux-x86_64-fedora-clang, r-devel-linux-x86_64-fedora-gcc, r-release-macos-arm64, r-release-macos-x86_64, r-oldrel-macos-arm64, r-oldrel-macos-x86_64