CRAN Package Check Results for Package DtD

Last updated on 2022-12-02 05:55:15 CET.

Flavor Version Tinstall Tcheck Ttotal Status Flags
r-devel-linux-x86_64-debian-clang 0.2.2 95.11 57.70 152.81 NOTE
r-devel-linux-x86_64-debian-gcc 0.2.2 66.99 44.20 111.19 NOTE
r-devel-linux-x86_64-fedora-clang 0.2.2 230.75 NOTE
r-devel-linux-x86_64-fedora-gcc 0.2.2 208.10 NOTE
r-devel-windows-x86_64 0.2.2 81.00 133.00 214.00 NOTE
r-patched-linux-x86_64 0.2.2 73.06 55.14 128.20 NOTE
r-release-linux-x86_64 0.2.2 77.77 57.95 135.72 NOTE
r-release-macos-arm64 0.2.2 52.00 NOTE
r-release-macos-x86_64 0.2.2 69.00 NOTE
r-release-windows-x86_64 0.2.2 85.00 136.00 221.00 NOTE
r-oldrel-macos-arm64 0.2.2 62.00 NOTE
r-oldrel-macos-x86_64 0.2.2 105.00 NOTE
r-oldrel-windows-ix86+x86_64 0.2.2 228.00 155.00 383.00 NOTE

Check Details

Version: 0.2.2
Check: LazyData
Result: NOTE
     'LazyData' is specified without a 'data' directory
Flavors: r-devel-linux-x86_64-debian-clang, r-devel-linux-x86_64-debian-gcc, r-devel-linux-x86_64-fedora-clang, r-devel-linux-x86_64-fedora-gcc, r-devel-windows-x86_64, r-patched-linux-x86_64, r-release-linux-x86_64, r-release-macos-arm64, r-release-macos-x86_64, r-release-windows-x86_64, r-oldrel-macos-arm64, r-oldrel-macos-x86_64, r-oldrel-windows-ix86+x86_64