CRAN Package Check Results for Package DySS

Last updated on 2022-12-08 20:49:13 CET.

Flavor Version Tinstall Tcheck Ttotal Status Flags
r-devel-linux-x86_64-debian-clang 1.0 322.83 138.04 460.87 OK
r-devel-linux-x86_64-debian-gcc 1.0 258.06 121.21 379.27 OK
r-devel-linux-x86_64-fedora-clang 1.0 718.29 OK
r-devel-linux-x86_64-fedora-gcc 1.0 630.66 OK
r-devel-windows-x86_64 1.0 246.00 221.00 467.00 NOTE
r-patched-linux-x86_64 1.0 269.31 135.79 405.10 OK
r-release-linux-x86_64 1.0 274.78 135.21 409.99 OK
r-release-macos-arm64 1.0 144.00 NOTE
r-release-macos-x86_64 1.0 201.00 NOTE
r-release-windows-x86_64 1.0 339.00 218.00 557.00 NOTE
r-oldrel-macos-arm64 1.0 144.00 NOTE
r-oldrel-macos-x86_64 1.0 201.00 NOTE
r-oldrel-windows-ix86+x86_64 1.0 797.00 243.00 1040.00 NOTE

Check Details

Version: 1.0
Check: installed package size
Result: NOTE
     installed size is 5.4Mb
     sub-directories of 1Mb or more:
     data 3.1Mb
     libs 1.8Mb
Flavors: r-devel-windows-x86_64, r-release-macos-arm64, r-release-macos-x86_64, r-release-windows-x86_64, r-oldrel-macos-arm64, r-oldrel-macos-x86_64, r-oldrel-windows-ix86+x86_64