CRAN Package Check Results for Package DynClust

Last updated on 2017-09-19 21:47:51.

Flavor Version Tinstall Tcheck Ttotal Status Flags
r-devel-linux-x86_64-debian-clang 3.13 0.74 12.51 13.26 NOTE
r-devel-linux-x86_64-debian-gcc 3.13 0.72 12.13 12.86 NOTE
r-devel-linux-x86_64-fedora-clang 3.13 22.80 NOTE
r-devel-linux-x86_64-fedora-gcc 3.13 21.59 NOTE
r-devel-windows-ix86+x86_64 3.13 6.00 27.00 33.00 NOTE
r-patched-linux-x86_64 3.13 0.83 12.31 13.13 NOTE
r-patched-solaris-x86 3.13 31.10 NOTE
r-release-linux-x86_64 3.13 0.69 12.26 12.95 NOTE
r-release-windows-ix86+x86_64 3.13 3.00 28.00 31.00 NOTE
r-release-osx-x86_64 3.13 NOTE
r-oldrel-windows-ix86+x86_64 3.13 3.00 26.00 29.00 NOTE
r-oldrel-osx-x86_64 3.13 NOTE

Check Details

Version: 3.13
Check: R code for possible problems
Result: NOTE
    MultiTestH0 : MultiTestOneColumn: no visible global function definition
     for ‘pchisq’
    RunClustering : CheckClusterNew: no visible global function definition
     for ‘qchisq’
    RunClustering: no visible global function definition for ‘qchisq’
    RunDenoising: no visible binding for global variable ‘var’
    RunDenoising: no visible global function definition for ‘qchisq’
    RunDenoising: no visible binding for global variable ‘median’
    RunDenoising: no visible global function definition for ‘var’
    RunDenoising : buildEstimate: no visible global function definition for
     ‘qchisq’
    Undefined global functions or variables:
     median pchisq qchisq var
    Consider adding
     importFrom("stats", "median", "pchisq", "qchisq", "var")
    to your NAMESPACE file.
Flavors: r-devel-linux-x86_64-debian-clang, r-devel-linux-x86_64-debian-gcc, r-devel-linux-x86_64-fedora-clang, r-devel-linux-x86_64-fedora-gcc, r-devel-windows-ix86+x86_64, r-patched-linux-x86_64, r-patched-solaris-x86, r-release-linux-x86_64, r-release-windows-ix86+x86_64, r-release-osx-x86_64, r-oldrel-windows-ix86+x86_64, r-oldrel-osx-x86_64