CRAN Package Check Results for Package DynClust

Last updated on 2017-07-22 14:46:24.

Flavor Version Tinstall Tcheck Ttotal Status Flags
r-devel-linux-x86_64-debian-clang 3.13 0.77 19.02 19.79 NOTE
r-devel-linux-x86_64-debian-gcc 3.13 0.86 18.81 19.67 NOTE
r-devel-linux-x86_64-fedora-clang 3.13 21.76 NOTE
r-devel-linux-x86_64-fedora-gcc 3.13 20.77 NOTE
r-devel-windows-ix86+x86_64 3.13 3.00 27.00 30.00 NOTE
r-patched-linux-x86_64 3.13 0.73 18.67 19.40 NOTE
r-patched-solaris-x86 3.13 31.80 NOTE
r-release-linux-x86_64 3.13 0.79 19.11 19.91 NOTE
r-release-windows-ix86+x86_64 3.13 3.00 26.00 29.00 NOTE
r-release-osx-x86_64 3.13 NOTE
r-oldrel-windows-ix86+x86_64 3.13 3.00 26.00 29.00 NOTE
r-oldrel-osx-x86_64 3.13 NOTE

Check Details

Version: 3.13
Check: R code for possible problems
Result: NOTE
    MultiTestH0 : MultiTestOneColumn: no visible global function definition
     for ‘pchisq’
    RunClustering : CheckClusterNew: no visible global function definition
     for ‘qchisq’
    RunClustering: no visible global function definition for ‘qchisq’
    RunDenoising: no visible binding for global variable ‘var’
    RunDenoising: no visible global function definition for ‘qchisq’
    RunDenoising: no visible binding for global variable ‘median’
    RunDenoising: no visible global function definition for ‘var’
    RunDenoising : buildEstimate: no visible global function definition for
     ‘qchisq’
    Undefined global functions or variables:
     median pchisq qchisq var
    Consider adding
     importFrom("stats", "median", "pchisq", "qchisq", "var")
    to your NAMESPACE file.
Flavors: r-devel-linux-x86_64-debian-clang, r-devel-linux-x86_64-debian-gcc, r-devel-linux-x86_64-fedora-clang, r-devel-linux-x86_64-fedora-gcc, r-devel-windows-ix86+x86_64, r-patched-linux-x86_64, r-patched-solaris-x86, r-release-linux-x86_64, r-release-windows-ix86+x86_64, r-release-osx-x86_64, r-oldrel-windows-ix86+x86_64, r-oldrel-osx-x86_64