CRAN Package Check Results for Package DynClust

Last updated on 2015-06-30 19:47:43.

Flavor Version Tinstall Tcheck Ttotal Status Flags
r-devel-linux-x86_64-debian-clang 3.13 0.64 10.32 10.96 NOTE
r-devel-linux-x86_64-debian-gcc 3.13 0.68 9.89 10.58 NOTE
r-devel-linux-x86_64-fedora-clang 3.13 20.29 NOTE
r-devel-linux-x86_64-fedora-gcc 3.13 18.93 OK
r-devel-osx-x86_64-clang 3.13 22.19 OK
r-devel-windows-ix86+x86_64 3.13 3.00 18.00 21.00 OK
r-patched-linux-x86_64 3.13 0.70 11.04 11.74 OK
r-patched-solaris-sparc 3.13 126.40 OK
r-patched-solaris-x86 3.13 31.20 OK
r-release-linux-x86_64 3.13 0.68 10.84 11.52 OK
r-release-osx-x86_64-mavericks 3.13 OK
r-release-windows-ix86+x86_64 3.13 2.00 15.00 17.00 OK
r-oldrel-windows-ix86+x86_64 3.13 4.00 30.00 34.00 OK

Check Details

Version: 3.13
Check: R code for possible problems
Result: NOTE
    MultiTestH0 : MultiTestOneColumn: no visible global function definition
     for ‘pchisq’
    RunClustering : CheckClusterNew: no visible global function definition
     for ‘qchisq’
    RunClustering: no visible global function definition for ‘qchisq’
    RunDenoising: no visible binding for global variable ‘var’
    RunDenoising: no visible global function definition for ‘qchisq’
    RunDenoising: no visible binding for global variable ‘median’
    RunDenoising: no visible global function definition for ‘var’
    RunDenoising : buildEstimate: no visible global function definition for
     ‘qchisq’
Flavors: r-devel-linux-x86_64-debian-clang, r-devel-linux-x86_64-debian-gcc, r-devel-linux-x86_64-fedora-clang