CRAN Package Check Results for Package DynClust

Last updated on 2015-08-03 19:49:03.

Flavor Version Tinstall Tcheck Ttotal Status Flags
r-devel-linux-x86_64-debian-clang 3.13 0.77 10.14 10.91 NOTE
r-devel-linux-x86_64-debian-gcc 3.13 0.62 9.96 10.58 NOTE
r-devel-linux-x86_64-fedora-clang 3.13 21.28 NOTE
r-devel-linux-x86_64-fedora-gcc 3.13 19.15 NOTE
r-devel-osx-x86_64-clang 3.13 21.26 OK
r-devel-windows-ix86+x86_64 3.13 3.00 18.00 21.00 NOTE
r-patched-linux-x86_64 3.13 0.66 10.45 11.11 OK
r-patched-solaris-sparc 3.13 134.20 OK
r-patched-solaris-x86 3.13 31.50 OK
r-release-linux-x86_64 3.13 0.69 12.94 13.63 OK
r-release-osx-x86_64-mavericks 3.13 OK
r-release-windows-ix86+x86_64 3.13 2.00 19.00 21.00 OK
r-oldrel-windows-ix86+x86_64 3.13 4.00 30.00 34.00 OK

Check Details

Version: 3.13
Check: R code for possible problems
Result: NOTE
    MultiTestH0 : MultiTestOneColumn: no visible global function definition
     for ‘pchisq’
    RunClustering : CheckClusterNew: no visible global function definition
     for ‘qchisq’
    RunClustering: no visible global function definition for ‘qchisq’
    RunDenoising: no visible binding for global variable ‘var’
    RunDenoising: no visible global function definition for ‘qchisq’
    RunDenoising: no visible binding for global variable ‘median’
    RunDenoising: no visible global function definition for ‘var’
    RunDenoising : buildEstimate: no visible global function definition for
     ‘qchisq’
    Undefined global functions or variables:
     median pchisq qchisq var
    Consider adding
     importFrom("stats", "median", "pchisq", "qchisq", "var")
    to your NAMESPACE.
Flavors: r-devel-linux-x86_64-debian-clang, r-devel-linux-x86_64-debian-gcc, r-devel-linux-x86_64-fedora-clang, r-devel-linux-x86_64-fedora-gcc, r-devel-windows-ix86+x86_64