CRAN Package Check Results for Package DynClust

Last updated on 2018-06-23 15:53:22 CEST.

Flavor Version Tinstall Tcheck Ttotal Status Flags
r-devel-linux-x86_64-debian-clang 3.13 1.70 20.52 22.22 NOTE
r-devel-linux-x86_64-debian-gcc 3.13 1.22 16.39 17.61 NOTE
r-devel-linux-x86_64-fedora-clang 3.13 25.29 NOTE
r-devel-linux-x86_64-fedora-gcc 3.13 24.04 NOTE
r-devel-windows-ix86+x86_64 3.13 5.00 42.00 47.00 NOTE
r-patched-linux-x86_64 3.13 1.40 19.24 20.64 NOTE
r-patched-solaris-x86 3.13 38.10 NOTE
r-release-linux-x86_64 3.13 1.12 19.07 20.19 NOTE
r-release-windows-ix86+x86_64 3.13 5.00 41.00 46.00 NOTE
r-release-osx-x86_64 3.13 NOTE
r-oldrel-windows-ix86+x86_64 3.13 3.00 28.00 31.00 NOTE
r-oldrel-osx-x86_64 3.13 NOTE

Check Details

Version: 3.13
Check: R code for possible problems
Result: NOTE
    MultiTestH0 : MultiTestOneColumn: no visible global function definition
     for ‘pchisq’
    RunClustering : CheckClusterNew: no visible global function definition
     for ‘qchisq’
    RunClustering: no visible global function definition for ‘qchisq’
    RunDenoising: no visible binding for global variable ‘var’
    RunDenoising: no visible global function definition for ‘qchisq’
    RunDenoising: no visible binding for global variable ‘median’
    RunDenoising: no visible global function definition for ‘var’
    RunDenoising : buildEstimate: no visible global function definition for
     ‘qchisq’
    Undefined global functions or variables:
     median pchisq qchisq var
    Consider adding
     importFrom("stats", "median", "pchisq", "qchisq", "var")
    to your NAMESPACE file.
Flavors: r-devel-linux-x86_64-debian-clang, r-devel-linux-x86_64-debian-gcc, r-devel-linux-x86_64-fedora-clang, r-devel-linux-x86_64-fedora-gcc, r-devel-windows-ix86+x86_64, r-patched-linux-x86_64, r-patched-solaris-x86, r-release-linux-x86_64, r-release-windows-ix86+x86_64, r-release-osx-x86_64, r-oldrel-windows-ix86+x86_64, r-oldrel-osx-x86_64