CRAN Package Check Results for Package DynClust

Last updated on 2016-12-06 03:47:07.

Flavor Version Tinstall Tcheck Ttotal Status Flags
r-devel-linux-x86_64-debian-clang 3.13 0.76 12.21 12.97 NOTE
r-devel-linux-x86_64-debian-gcc 3.13 0.85 12.02 12.87 NOTE
r-devel-linux-x86_64-fedora-clang 3.13 23.81 NOTE --no-stop-on-test-error
r-devel-linux-x86_64-fedora-gcc 3.13 21.34 NOTE --no-stop-on-test-error
r-devel-macos-x86_64-clang 3.13 19.99 NOTE
r-devel-windows-ix86+x86_64 3.13 6.00 36.00 42.00 NOTE
r-patched-linux-x86_64 3.13 0.82 10.49 11.31 NOTE
r-patched-solaris-sparc 3.13 119.90 NOTE
r-patched-solaris-x86 3.13 27.70 NOTE
r-release-linux-x86_64 3.13 0.69 10.43 11.12 NOTE
r-release-osx-x86_64-mavericks 3.13 NOTE
r-release-windows-ix86+x86_64 3.13 3.00 26.00 29.00 NOTE
r-oldrel-windows-ix86+x86_64 3.13 3.00 26.00 29.00 OK

Check Details

Version: 3.13
Check: R code for possible problems
Result: NOTE
    MultiTestH0 : MultiTestOneColumn: no visible global function definition
     for ‘pchisq’
    RunClustering : CheckClusterNew: no visible global function definition
     for ‘qchisq’
    RunClustering: no visible global function definition for ‘qchisq’
    RunDenoising: no visible binding for global variable ‘var’
    RunDenoising: no visible global function definition for ‘qchisq’
    RunDenoising: no visible binding for global variable ‘median’
    RunDenoising: no visible global function definition for ‘var’
    RunDenoising : buildEstimate: no visible global function definition for
     ‘qchisq’
    Undefined global functions or variables:
     median pchisq qchisq var
    Consider adding
     importFrom("stats", "median", "pchisq", "qchisq", "var")
    to your NAMESPACE file.
Flavors: r-devel-linux-x86_64-debian-clang, r-devel-linux-x86_64-debian-gcc, r-devel-macos-x86_64-clang, r-devel-windows-ix86+x86_64, r-patched-linux-x86_64, r-patched-solaris-sparc, r-patched-solaris-x86, r-release-linux-x86_64, r-release-osx-x86_64-mavericks, r-release-windows-ix86+x86_64

Version: 3.13
Flags: --no-stop-on-test-error
Check: R code for possible problems
Result: NOTE
    MultiTestH0 : MultiTestOneColumn: no visible global function definition
     for ‘pchisq’
    RunClustering : CheckClusterNew: no visible global function definition
     for ‘qchisq’
    RunClustering: no visible global function definition for ‘qchisq’
    RunDenoising: no visible binding for global variable ‘var’
    RunDenoising: no visible global function definition for ‘qchisq’
    RunDenoising: no visible binding for global variable ‘median’
    RunDenoising: no visible global function definition for ‘var’
    RunDenoising : buildEstimate: no visible global function definition for
     ‘qchisq’
    Undefined global functions or variables:
     median pchisq qchisq var
    Consider adding
     importFrom("stats", "median", "pchisq", "qchisq", "var")
    to your NAMESPACE file.
Flavors: r-devel-linux-x86_64-fedora-clang, r-devel-linux-x86_64-fedora-gcc