CRAN Package Check Results for Package DynClust

Last updated on 2016-05-26 21:49:24.

Flavor Version Tinstall Tcheck Ttotal Status Flags
r-devel-linux-x86_64-debian-gcc 3.13 0.72 10.59 11.30 NOTE
r-devel-linux-x86_64-fedora-clang 3.13 19.04 NOTE
r-devel-linux-x86_64-fedora-gcc 3.13 17.47 NOTE
r-devel-osx-x86_64-clang 3.13 22.40 NOTE
r-devel-windows-ix86+x86_64 3.13 3.00 25.00 28.00 NOTE
r-patched-linux-x86_64 3.13 0.71 10.43 11.14 NOTE
r-patched-solaris-sparc 3.13 119.30 NOTE
r-patched-solaris-x86 3.13 28.20 NOTE
r-release-linux-x86_64 3.13 0.68 10.33 11.01 NOTE
r-release-osx-x86_64-mavericks 3.13 NOTE
r-release-windows-ix86+x86_64 3.13 4.00 25.00 29.00 NOTE
r-oldrel-windows-ix86+x86_64 3.13 3.00 19.00 22.00 OK

Check Details

Version: 3.13
Check: R code for possible problems
Result: NOTE
    MultiTestH0 : MultiTestOneColumn: no visible global function definition
     for ‘pchisq’
    RunClustering : CheckClusterNew: no visible global function definition
     for ‘qchisq’
    RunClustering: no visible global function definition for ‘qchisq’
    RunDenoising: no visible binding for global variable ‘var’
    RunDenoising: no visible global function definition for ‘qchisq’
    RunDenoising: no visible binding for global variable ‘median’
    RunDenoising: no visible global function definition for ‘var’
    RunDenoising : buildEstimate: no visible global function definition for
     ‘qchisq’
    Undefined global functions or variables:
     median pchisq qchisq var
    Consider adding
     importFrom("stats", "median", "pchisq", "qchisq", "var")
    to your NAMESPACE file.
Flavors: r-devel-linux-x86_64-debian-gcc, r-devel-linux-x86_64-fedora-clang, r-devel-linux-x86_64-fedora-gcc, r-devel-osx-x86_64-clang, r-devel-windows-ix86+x86_64, r-patched-linux-x86_64, r-patched-solaris-sparc, r-patched-solaris-x86, r-release-linux-x86_64, r-release-osx-x86_64-mavericks, r-release-windows-ix86+x86_64