CRAN Package Check Results for Package DynClust

Last updated on 2016-02-08 11:49:27.

Flavor Version Tinstall Tcheck Ttotal Status Flags
r-devel-linux-x86_64-debian-gcc 3.13 0.64 9.68 10.32 NOTE
r-devel-linux-x86_64-fedora-clang 3.13 18.32 NOTE
r-devel-linux-x86_64-fedora-gcc 3.13 17.06 NOTE
r-devel-osx-x86_64-clang 3.13 21.73 NOTE
r-devel-windows-ix86+x86_64 3.13 4.00 21.00 25.00 NOTE
r-patched-linux-x86_64 3.13 0.86 10.21 11.07 OK
r-patched-solaris-sparc 3.13 117.60 OK
r-patched-solaris-x86 3.13 27.20 OK
r-release-linux-x86_64 3.13 0.75 10.18 10.93 OK
r-release-osx-x86_64-mavericks 3.13 OK
r-release-windows-ix86+x86_64 3.13 3.00 19.00 22.00 OK
r-oldrel-windows-ix86+x86_64 3.13 4.00 30.00 34.00 OK

Check Details

Version: 3.13
Check: R code for possible problems
Result: NOTE
    MultiTestH0 : MultiTestOneColumn: no visible global function definition
     for ‘pchisq’
    RunClustering : CheckClusterNew: no visible global function definition
     for ‘qchisq’
    RunClustering: no visible global function definition for ‘qchisq’
    RunDenoising: no visible binding for global variable ‘var’
    RunDenoising: no visible global function definition for ‘qchisq’
    RunDenoising: no visible binding for global variable ‘median’
    RunDenoising: no visible global function definition for ‘var’
    RunDenoising : buildEstimate: no visible global function definition for
     ‘qchisq’
    Undefined global functions or variables:
     median pchisq qchisq var
    Consider adding
     importFrom("stats", "median", "pchisq", "qchisq", "var")
    to your NAMESPACE file.
Flavors: r-devel-linux-x86_64-debian-gcc, r-devel-linux-x86_64-fedora-clang, r-devel-linux-x86_64-fedora-gcc, r-devel-osx-x86_64-clang, r-devel-windows-ix86+x86_64