CRAN Package Check Results for Package DynClust

Last updated on 2017-02-23 07:47:31.

Flavor Version Tinstall Tcheck Ttotal Status Flags
r-devel-linux-x86_64-debian-clang 3.13 0.75 12.61 13.37 NOTE
r-devel-linux-x86_64-debian-gcc 3.13 0.76 12.64 13.40 NOTE
r-devel-linux-x86_64-fedora-clang 3.13 21.22 NOTE --no-stop-on-test-error
r-devel-linux-x86_64-fedora-gcc 3.13 22.77 NOTE --no-stop-on-test-error
r-devel-macos-x86_64-clang 3.13 19.93 NOTE --no-stop-on-test-error
r-devel-windows-ix86+x86_64 3.13 3.00 40.00 43.00 NOTE
r-patched-linux-x86_64 3.13 0.70 10.57 11.27 NOTE
r-patched-solaris-sparc 3.13 120.80 NOTE
r-patched-solaris-x86 3.13 26.90 NOTE
r-release-linux-x86_64 3.13 0.67 10.75 11.42 NOTE
r-release-osx-x86_64-mavericks 3.13 NOTE
r-release-windows-ix86+x86_64 3.13 3.00 26.00 29.00 NOTE
r-oldrel-windows-ix86+x86_64 3.13 3.00 26.00 29.00 OK

Check Details

Version: 3.13
Check: R code for possible problems
Result: NOTE
    MultiTestH0 : MultiTestOneColumn: no visible global function definition
     for ‘pchisq’
    RunClustering : CheckClusterNew: no visible global function definition
     for ‘qchisq’
    RunClustering: no visible global function definition for ‘qchisq’
    RunDenoising: no visible binding for global variable ‘var’
    RunDenoising: no visible global function definition for ‘qchisq’
    RunDenoising: no visible binding for global variable ‘median’
    RunDenoising: no visible global function definition for ‘var’
    RunDenoising : buildEstimate: no visible global function definition for
     ‘qchisq’
    Undefined global functions or variables:
     median pchisq qchisq var
    Consider adding
     importFrom("stats", "median", "pchisq", "qchisq", "var")
    to your NAMESPACE file.
Flavors: r-devel-linux-x86_64-debian-clang, r-devel-linux-x86_64-debian-gcc, r-devel-windows-ix86+x86_64, r-patched-linux-x86_64, r-patched-solaris-sparc, r-patched-solaris-x86, r-release-linux-x86_64, r-release-osx-x86_64-mavericks, r-release-windows-ix86+x86_64

Version: 3.13
Flags: --no-stop-on-test-error
Check: R code for possible problems
Result: NOTE
    MultiTestH0 : MultiTestOneColumn: no visible global function definition
     for ‘pchisq’
    RunClustering : CheckClusterNew: no visible global function definition
     for ‘qchisq’
    RunClustering: no visible global function definition for ‘qchisq’
    RunDenoising: no visible binding for global variable ‘var’
    RunDenoising: no visible global function definition for ‘qchisq’
    RunDenoising: no visible binding for global variable ‘median’
    RunDenoising: no visible global function definition for ‘var’
    RunDenoising : buildEstimate: no visible global function definition for
     ‘qchisq’
    Undefined global functions or variables:
     median pchisq qchisq var
    Consider adding
     importFrom("stats", "median", "pchisq", "qchisq", "var")
    to your NAMESPACE file.
Flavors: r-devel-linux-x86_64-fedora-clang, r-devel-linux-x86_64-fedora-gcc, r-devel-macos-x86_64-clang