CRAN Package Check Results for Package DynComm

Last updated on 2020-11-28 08:47:39 CET.

Flavor Version Tinstall Tcheck Ttotal Status Flags
r-devel-linux-x86_64-debian-clang 2020.1.6 53.94 50.75 104.69 OK
r-devel-linux-x86_64-debian-gcc 2020.1.6 75.38 40.53 115.91 OK
r-devel-linux-x86_64-fedora-clang 2020.1.6 133.04 NOTE
r-devel-linux-x86_64-fedora-gcc 2020.1.6 125.68 OK
r-devel-windows-ix86+x86_64 2020.1.6 89.00 101.00 190.00 OK
r-patched-linux-x86_64 2020.1.6 88.24 50.22 138.46 OK
r-patched-solaris-x86 2020.1.6 133.10 OK
r-release-linux-x86_64 2020.1.6 114.71 49.30 164.01 OK
r-release-macos-x86_64 2020.1.6 NOTE
r-release-windows-ix86+x86_64 2020.1.6 90.00 84.00 174.00 OK
r-oldrel-macos-x86_64 2020.1.6 ERROR
r-oldrel-windows-ix86+x86_64 2020.1.6 85.00 106.00 191.00 OK

Check Details

Version: 2020.1.6
Check: installed package size
Result: NOTE
     installed size is 5.9Mb
     sub-directories of 1Mb or more:
     libs 5.6Mb
Flavors: r-devel-linux-x86_64-fedora-clang, r-release-macos-x86_64

Version: 2020.1.6
Check: whether package can be installed
Result: ERROR
    Installation failed.
Flavor: r-oldrel-macos-x86_64