CRAN Package Check Results for Package DynTxRegime

Last updated on 2019-03-23 16:47:45 CET.

Flavor Version Tinstall Tcheck Ttotal Status Flags
r-devel-linux-x86_64-debian-clang 4.1 26.55 91.97 118.52 OK
r-devel-linux-x86_64-debian-gcc 4.1 25.14 74.33 99.47 OK
r-devel-linux-x86_64-fedora-clang 4.1 146.46 OK
r-devel-linux-x86_64-fedora-gcc 4.1 136.27 OK
r-devel-windows-ix86+x86_64 4.1 59.00 140.00 199.00 OK
r-patched-linux-x86_64 4.1 21.06 86.59 107.65 OK
r-patched-solaris-x86 4.1 175.60 OK
r-release-linux-x86_64 4.1 0.57 4.60 5.17 ERROR
r-release-windows-ix86+x86_64 4.0 34.00 102.00 136.00 OK
r-release-osx-x86_64 4.0 OK
r-oldrel-windows-ix86+x86_64 4.1 18.00 107.00 125.00 OK
r-oldrel-osx-x86_64 4.0 OK

Check Details

Version: 4.1
Check: whether package can be installed
Result: ERROR
    Installation failed.
Flavor: r-release-linux-x86_64