CRAN Package Check Results for Package DynaRankR

Last updated on 2024-06-12 15:54:16 CEST.

Flavor Version Tinstall Tcheck Ttotal Status Flags
r-devel-linux-x86_64-debian-clang 1.1.0 6.56 58.93 65.49 NOTE
r-devel-linux-x86_64-debian-gcc 1.1.0 5.14 43.46 48.60 NOTE
r-devel-linux-x86_64-fedora-clang 1.1.0 81.87 NOTE
r-devel-linux-x86_64-fedora-gcc 1.1.0 80.63 NOTE
r-devel-windows-x86_64 1.1.0 8.00 61.00 69.00 NOTE
r-patched-linux-x86_64 1.1.0 6.43 57.62 64.05 NOTE
r-release-linux-x86_64 1.1.0 6.58 57.80 64.38 NOTE
r-release-macos-arm64 1.1.0 25.00 NOTE
r-release-macos-x86_64 1.1.0 37.00 NOTE
r-release-windows-x86_64 1.1.0 7.00 61.00 68.00 NOTE
r-oldrel-macos-arm64 1.1.0 27.00 NOTE
r-oldrel-macos-x86_64 1.1.0 40.00 NOTE
r-oldrel-windows-x86_64 1.1.0 7.00 72.00 79.00 NOTE

Check Details

Version: 1.1.0
Check: package subdirectories
Result: NOTE Problems with news in ‘NEWS.md’: No news entries found. Flavors: r-devel-linux-x86_64-debian-clang, r-devel-linux-x86_64-debian-gcc, r-devel-linux-x86_64-fedora-clang, r-devel-linux-x86_64-fedora-gcc, r-devel-windows-x86_64, r-patched-linux-x86_64, r-release-linux-x86_64, r-release-macos-arm64, r-release-macos-x86_64, r-release-windows-x86_64, r-oldrel-macos-arm64, r-oldrel-macos-x86_64, r-oldrel-windows-x86_64

Version: 1.1.0
Check: Rd files
Result: NOTE checkRd: (-1) dyadic_similarity.Rd:27: Lost braces; missing escapes or markup? 27 | For example, the order {a, b, c} implies that a > b, a > c, and b > c. | ^ Flavors: r-devel-linux-x86_64-debian-clang, r-devel-linux-x86_64-debian-gcc, r-devel-linux-x86_64-fedora-clang, r-devel-linux-x86_64-fedora-gcc, r-devel-windows-x86_64, r-patched-linux-x86_64, r-release-linux-x86_64, r-release-macos-arm64, r-release-macos-x86_64, r-release-windows-x86_64