CRAN Package Check Results for Package DysPIAData

Last updated on 2024-02-24 09:50:26 CET.

Flavor Version Tinstall Tcheck Ttotal Status Flags
r-devel-linux-x86_64-debian-clang 0.1.2 1.73 32.11 33.84 OK
r-devel-linux-x86_64-debian-gcc 0.1.2 1.60 26.13 27.73 OK
r-devel-linux-x86_64-fedora-clang 0.1.2 48.13 NOTE
r-devel-linux-x86_64-fedora-gcc 0.1.2 42.52 NOTE
r-devel-windows-x86_64 0.1.2 4.00 45.00 49.00 OK
r-patched-linux-x86_64 0.1.2 2.05 32.05 34.10 OK
r-release-linux-x86_64 0.1.2 1.96 32.19 34.15 OK
r-release-macos-arm64 0.1.2 20.00 OK
r-release-macos-x86_64 0.1.2 28.00 OK
r-release-windows-x86_64 0.1.2 4.00 46.00 50.00 OK
r-oldrel-macos-arm64 0.1.2 20.00 OK
r-oldrel-windows-x86_64 0.1.2 7.00 55.00 62.00 OK

Check Details

Version: 0.1.2
Check: data for non-ASCII characters
Result: NOTE Note: found 9 marked UTF-8 strings Flavors: r-devel-linux-x86_64-fedora-clang, r-devel-linux-x86_64-fedora-gcc