CRAN Package Check Results for Package EBMAforecast

Last updated on 2017-12-17 02:48:56 CET.

Flavor Version Tinstall Tcheck Ttotal Status Flags
r-devel-linux-x86_64-debian-clang 0.52 21.22 71.25 92.47 NOTE
r-devel-linux-x86_64-debian-gcc 0.52 18.16 57.25 75.41 NOTE
r-devel-linux-x86_64-fedora-clang 0.52 128.13 NOTE
r-devel-linux-x86_64-fedora-gcc 0.52 123.11 NOTE
r-devel-windows-ix86+x86_64 0.52 49.00 116.00 165.00 OK
r-patched-linux-x86_64 0.52 23.71 79.02 102.73 NOTE
r-patched-solaris-x86 0.52 177.60 OK
r-release-linux-x86_64 0.52 22.05 77.53 99.58 NOTE
r-release-windows-ix86+x86_64 0.52 47.00 115.00 162.00 OK
r-release-osx-x86_64 0.52 OK
r-oldrel-windows-ix86+x86_64 0.52 55.00 179.00 234.00 OK
r-oldrel-osx-x86_64 0.52 OK

Check Details

Version: 0.52
Check: compiled code
Result: NOTE
    File ‘EBMAforecast/libs/EBMAforecast.so’:
     Found no calls to: ‘R_registerRoutines’, ‘R_useDynamicSymbols’
    
    It is good practice to register native routines and to disable symbol
    search.
    
    See ‘Writing portable packages’ in the ‘Writing R Extensions’ manual.
Flavors: r-devel-linux-x86_64-debian-clang, r-devel-linux-x86_64-debian-gcc, r-devel-linux-x86_64-fedora-clang, r-devel-linux-x86_64-fedora-gcc, r-patched-linux-x86_64, r-release-linux-x86_64