CRAN Package Check Results for Package EBMAforecast

Last updated on 2015-08-03 17:47:35.

Flavor Version Tinstall Tcheck Ttotal Status Flags
r-devel-linux-x86_64-debian-clang 0.42 1.83 22.21 24.04 NOTE
r-devel-linux-x86_64-debian-gcc 0.42 1.74 21.80 23.54 NOTE
r-devel-linux-x86_64-fedora-clang 0.42 46.89 NOTE
r-devel-linux-x86_64-fedora-gcc 0.42 43.21 NOTE
r-devel-osx-x86_64-clang 0.42 42.25 NOTE
r-devel-windows-ix86+x86_64 0.42 8.00 40.00 48.00 NOTE
r-patched-linux-x86_64 0.42 2.24 22.10 24.35 NOTE
r-patched-solaris-sparc 0.42 296.00 NOTE
r-patched-solaris-x86 0.42 70.80 NOTE
r-release-linux-x86_64 0.42 1.78 22.33 24.10 NOTE
r-release-osx-x86_64-mavericks 0.42 NOTE
r-release-windows-ix86+x86_64 0.42 10.00 40.00 50.00 NOTE
r-oldrel-windows-ix86+x86_64 0.42 16.00 67.00 83.00 NOTE

Check Details

Version: 0.42
Check: DESCRIPTION meta-information
Result: NOTE
    Malformed Description field: should contain one or more complete sentences.
Flavors: r-devel-linux-x86_64-debian-clang, r-devel-linux-x86_64-debian-gcc, r-devel-linux-x86_64-fedora-clang, r-devel-linux-x86_64-fedora-gcc, r-devel-osx-x86_64-clang, r-devel-windows-ix86+x86_64, r-patched-linux-x86_64, r-patched-solaris-sparc, r-patched-solaris-x86, r-release-linux-x86_64, r-release-osx-x86_64-mavericks, r-release-windows-ix86+x86_64

Version: 0.42
Check: dependencies in R code
Result: NOTE
    Packages in Depends field not imported from:
     ‘Hmisc’ ‘abind’ ‘ensembleBMA’ ‘methods’ ‘plyr’ ‘separationplot’
     These packages need to be imported from (in the NAMESPACE file)
     for when this namespace is loaded but not attached.
Flavors: r-devel-linux-x86_64-debian-clang, r-devel-linux-x86_64-debian-gcc, r-devel-linux-x86_64-fedora-clang, r-devel-linux-x86_64-fedora-gcc, r-devel-osx-x86_64-clang, r-devel-windows-ix86+x86_64, r-patched-linux-x86_64, r-patched-solaris-sparc, r-patched-solaris-x86, r-release-linux-x86_64, r-release-osx-x86_64-mavericks, r-release-windows-ix86+x86_64, r-oldrel-windows-ix86+x86_64

Version: 0.42
Check: R code for possible problems
Result: NOTE
    calibrateEnsemble: no visible global function definition for ‘new’
    calibrateEnsemble,ForecastData: no visible global function definition
     for ‘as’
    coerce,ForecastData-ForecastDataLogit: no visible global function
     definition for ‘new’
    coerce,ForecastData-ForecastDataNormal: no visible global function
     definition for ‘new’
    compareModels,ForecastData: no visible global function definition for
     ‘aaply’
    compareModels,ForecastData: no visible global function definition for
     ‘new’
    fitEnsemble,ForecastDataLogit : .em: no visible global function
     definition for ‘aaply’
    fitEnsemble,ForecastDataLogit : .predictCal: no visible global function
     definition for ‘predict’
    fitEnsemble,ForecastDataLogit : .makeAdj: no visible global function
     definition for ‘qlogis’
    fitEnsemble,ForecastDataLogit : .modelFitter: no visible global
     function definition for ‘glm’
    fitEnsemble,ForecastDataLogit : .modelFitter: no visible global
     function definition for ‘binomial’
    fitEnsemble,ForecastDataLogit : .predictTest: no visible global
     function definition for ‘predict’
    fitEnsemble,ForecastDataLogit: no visible global function definition
     for ‘alply’
    fitEnsemble,ForecastDataLogit: no visible global function definition
     for ‘laply’
    fitEnsemble,ForecastDataLogit: no visible binding for global variable
     ‘coefficients’
    fitEnsemble,ForecastDataLogit: no visible global function definition
     for ‘aaply’
    fitEnsemble,ForecastDataLogit: no visible global function definition
     for ‘plogis’
    fitEnsemble,ForecastDataLogit: no visible global function definition
     for ‘abind’
    fitEnsemble,ForecastDataLogit: no visible global function definition
     for ‘new’
    fitEnsemble,ForecastDataNormal : .em: no visible global function
     definition for ‘aaply’
    fitEnsemble,ForecastDataNormal : .em : <anonymous>: no visible global
     function definition for ‘dnorm’
    fitEnsemble,ForecastDataNormal : .predictCal: no visible global
     function definition for ‘predict’
    fitEnsemble,ForecastDataNormal : .modelFitter: no visible global
     function definition for ‘lm’
    fitEnsemble,ForecastDataNormal : .predictTest: no visible global
     function definition for ‘predict’
    fitEnsemble,ForecastDataNormal: no visible global function definition
     for ‘alply’
    fitEnsemble,ForecastDataNormal: no visible global function definition
     for ‘laply’
    fitEnsemble,ForecastDataNormal: no visible binding for global variable
     ‘coefficients’
    fitEnsemble,ForecastDataNormal: no visible global function definition
     for ‘aaply’
    fitEnsemble,ForecastDataNormal: no visible global function definition
     for ‘abind’
    fitEnsemble,ForecastDataNormal: no visible global function definition
     for ‘new’
    initialize,ForecastData: no visible global function definition for
     ‘callNextMethod’
    initialize,ForecastData: no visible global function definition for
     ‘validObject’
    makeForecastData,ANY: no visible global function definition for ‘new’
    plot,FDatFitLogit: no visible global function definition for ‘par’
    plot,FDatFitLogit: no visible global function definition for
     ‘separationplot’
    plot,FDatFitNormal: no visible global function definition for ‘dnorm’
    plot,FDatFitNormal: no visible global function definition for ‘lines’
    plot,FDatFitNormal: no visible global function definition for ‘rug’
    plot,FDatFitNormal: no visible global function definition for ‘abline’
    setModelNames<-,ForecastData: no visible global function definition for
     ‘validObject’
    setOutcomeCalibration<-,ForecastData: no visible global function
     definition for ‘validObject’
    setOutcomeTest<-,ForecastData: no visible global function definition
     for ‘validObject’
    setPredCalibration<-,ForecastData: no visible global function
     definition for ‘validObject’
    setPredTest<-,ForecastData: no visible global function definition for
     ‘validObject’
    summary,FDatFitLogit: no visible global function definition for ‘aaply’
    summary,FDatFitLogit: no visible global function definition for ‘new’
    summary,FDatFitNormal: no visible global function definition for
     ‘aaply’
    summary,FDatFitNormal: no visible global function definition for ‘new’
    Undefined global functions or variables:
     aaply abind abline alply as binomial callNextMethod coefficients
     dnorm glm laply lines lm new par plogis predict qlogis rug
     separationplot validObject
    Consider adding
     importFrom("graphics", "abline", "lines", "par", "rug")
     importFrom("methods", "as", "callNextMethod", "new", "validObject")
     importFrom("stats", "binomial", "coefficients", "dnorm", "glm", "lm",
     "plogis", "predict", "qlogis")
    to your NAMESPACE.
Flavors: r-devel-linux-x86_64-debian-clang, r-devel-linux-x86_64-debian-gcc, r-devel-linux-x86_64-fedora-clang, r-devel-linux-x86_64-fedora-gcc, r-devel-windows-ix86+x86_64

Version: 0.42
Check: R code for possible problems
Result: NOTE
    compareModels,ForecastData: no visible global function definition for
     ‘aaply’
    fitEnsemble,ForecastDataLogit : .em: no visible global function
     definition for ‘aaply’
    fitEnsemble,ForecastDataLogit: no visible global function definition
     for ‘alply’
    fitEnsemble,ForecastDataLogit: no visible global function definition
     for ‘laply’
    fitEnsemble,ForecastDataLogit: no visible global function definition
     for ‘aaply’
    fitEnsemble,ForecastDataLogit: no visible global function definition
     for ‘abind’
    fitEnsemble,ForecastDataNormal : .em: no visible global function
     definition for ‘aaply’
    fitEnsemble,ForecastDataNormal: no visible global function definition
     for ‘alply’
    fitEnsemble,ForecastDataNormal: no visible global function definition
     for ‘laply’
    fitEnsemble,ForecastDataNormal: no visible global function definition
     for ‘aaply’
    fitEnsemble,ForecastDataNormal: no visible global function definition
     for ‘abind’
    plot,FDatFitLogit: no visible global function definition for
     ‘separationplot’
    summary,FDatFitLogit: no visible global function definition for ‘aaply’
    summary,FDatFitNormal: no visible global function definition for
     ‘aaply’
    Undefined global functions or variables:
     aaply abind alply laply separationplot
Flavor: r-devel-osx-x86_64-clang

Version: 0.42
Check: R code for possible problems
Result: NOTE
    compareModels,ForecastData : .local: no visible global function
     definition for ‘aaply’
    fitEnsemble,ForecastDataLogit : .local : .em: no visible global
     function definition for ‘aaply’
    fitEnsemble,ForecastDataLogit : .local: no visible global function
     definition for ‘alply’
    fitEnsemble,ForecastDataLogit : .local: no visible global function
     definition for ‘laply’
    fitEnsemble,ForecastDataLogit : .local: no visible global function
     definition for ‘aaply’
    fitEnsemble,ForecastDataLogit : .local: no visible global function
     definition for ‘abind’
    fitEnsemble,ForecastDataNormal : .local : .em: no visible global
     function definition for ‘aaply’
    fitEnsemble,ForecastDataNormal : .local: no visible global function
     definition for ‘alply’
    fitEnsemble,ForecastDataNormal : .local: no visible global function
     definition for ‘laply’
    fitEnsemble,ForecastDataNormal : .local: no visible global function
     definition for ‘aaply’
    fitEnsemble,ForecastDataNormal : .local: no visible global function
     definition for ‘abind’
    plot,FDatFitLogit : .local: no visible global function definition for
     ‘separationplot’
    plot,FDatFitLogit: no visible binding for global variable ‘y’
    plot,FDatFitNormal: no visible binding for global variable ‘y’
    summary,FDatFitLogit : .local: no visible global function definition
     for ‘aaply’
    summary,FDatFitNormal : .local: no visible global function definition
     for ‘aaply’
Flavors: r-patched-linux-x86_64, r-patched-solaris-sparc, r-patched-solaris-x86, r-release-linux-x86_64, r-release-windows-ix86+x86_64, r-oldrel-windows-ix86+x86_64

Version: 0.42
Check: R code for possible problems
Result: NOTE
    plot,FDatFitLogit: no visible binding for global variable ‘y’
    plot,FDatFitNormal: no visible binding for global variable ‘y’
Flavor: r-release-osx-x86_64-mavericks