CRAN Package Check Results for Package EBMAforecast

Last updated on 2015-07-02 17:47:12.

Flavor Version Tinstall Tcheck Ttotal Status Flags
r-devel-linux-x86_64-debian-clang 0.42 1.84 20.24 22.07 NOTE
r-devel-linux-x86_64-debian-gcc 0.42 1.81 20.11 21.92 NOTE
r-devel-linux-x86_64-fedora-clang 0.42 44.55 NOTE
r-devel-linux-x86_64-fedora-gcc 0.42 41.74 NOTE
r-devel-osx-x86_64-clang 0.42 43.72 NOTE
r-devel-windows-ix86+x86_64 0.42 8.00 37.00 45.00 NOTE
r-patched-linux-x86_64 0.42 1.80 20.42 22.22 NOTE
r-patched-solaris-sparc 0.42 266.60 NOTE
r-patched-solaris-x86 0.42 64.80 NOTE
r-release-linux-x86_64 0.42 1.80 20.35 22.14 NOTE
r-release-osx-x86_64-mavericks 0.42 NOTE
r-release-windows-ix86+x86_64 0.42 6.00 39.00 45.00 NOTE
r-oldrel-windows-ix86+x86_64 0.42 19.00 63.00 82.00 NOTE

Check Details

Version: 0.42
Check: DESCRIPTION meta-information
Result: NOTE
    Malformed Description field: should contain one or more complete sentences.
Flavors: r-devel-linux-x86_64-debian-clang, r-devel-linux-x86_64-debian-gcc, r-devel-linux-x86_64-fedora-clang, r-devel-linux-x86_64-fedora-gcc, r-devel-osx-x86_64-clang, r-devel-windows-ix86+x86_64, r-patched-linux-x86_64, r-patched-solaris-sparc, r-patched-solaris-x86, r-release-linux-x86_64, r-release-osx-x86_64-mavericks, r-release-windows-ix86+x86_64

Version: 0.42
Check: dependencies in R code
Result: NOTE
    Packages in Depends field not imported from:
     ‘Hmisc’ ‘abind’ ‘ensembleBMA’ ‘methods’ ‘plyr’ ‘separationplot’
     These packages need to be imported from (in the NAMESPACE file)
     for when this namespace is loaded but not attached.
Flavors: r-devel-linux-x86_64-debian-clang, r-devel-linux-x86_64-debian-gcc, r-devel-linux-x86_64-fedora-clang, r-devel-linux-x86_64-fedora-gcc, r-devel-osx-x86_64-clang, r-devel-windows-ix86+x86_64, r-patched-linux-x86_64, r-patched-solaris-sparc, r-patched-solaris-x86, r-release-linux-x86_64, r-release-osx-x86_64-mavericks, r-release-windows-ix86+x86_64, r-oldrel-windows-ix86+x86_64

Version: 0.42
Check: R code for possible problems
Result: NOTE
    calibrateEnsemble: no visible global function definition for ‘new’
    calibrateEnsemble,ForecastData: no visible global function definition
     for ‘new’
    coerce,ForecastData-ForecastDataLogit: no visible global function
     definition for ‘new’
    coerce,ForecastData-ForecastDataNormal: no visible global function
     definition for ‘new’
    initialize,ForecastData: no visible global function definition for
     ‘callNextMethod’
    initialize,ForecastData: no visible global function definition for
     ‘validObject’
    plot,FDatFitLogit: no visible binding for global variable ‘y’
    plot,FDatFitNormal: no visible binding for global variable ‘y’
    setModelNames<-,ForecastData: no visible global function definition for
     ‘validObject’
    setOutcomeCalibration<-,ForecastData: no visible global function
     definition for ‘validObject’
    setOutcomeTest<-,ForecastData: no visible global function definition
     for ‘validObject’
    setPredCalibration<-,ForecastData: no visible global function
     definition for ‘validObject’
    setPredTest<-,ForecastData: no visible global function definition for
     ‘validObject’
Flavors: r-devel-linux-x86_64-debian-clang, r-devel-linux-x86_64-debian-gcc, r-devel-windows-ix86+x86_64

Version: 0.42
Check: R code for possible problems
Result: NOTE
    calibrateEnsemble: no visible global function definition for ‘new’
    calibrateEnsemble,ForecastData: no visible global function definition
     for ‘new’
    coerce,ForecastData-ForecastDataLogit: no visible global function
     definition for ‘new’
    coerce,ForecastData-ForecastDataNormal: no visible global function
     definition for ‘new’
    initialize,ForecastData: no visible global function definition for
     ‘callNextMethod’
    initialize,ForecastData: no visible global function definition for
     ‘validObject’
    plot,FDatFitLogit: no visible binding for global variable ‘y’
    plot,FDatFitNormal: no visible binding for global variable ‘y’
    setModelNames<-,ForecastData: no visible global function definition for
     ‘validObject’
    setOutcomeCalibration<-,ForecastData: no visible global function
     definition for ‘validObject’
    setOutcomeTest<-,ForecastData: no visible global function definition
     for ‘validObject’
    setPredCalibration<-,ForecastData: no visible global function
     definition for ‘validObject’
    setPredTest<-,ForecastData: no visible global function definition for
     ‘validObject’
    Undefined global functions or variables:
     callNextMethod new validObject y
Flavors: r-devel-linux-x86_64-fedora-clang, r-devel-linux-x86_64-fedora-gcc

Version: 0.42
Check: R code for possible problems
Result: NOTE
    plot,FDatFitLogit: no visible binding for global variable ‘y’
    plot,FDatFitNormal: no visible binding for global variable ‘y’
Flavors: r-devel-osx-x86_64-clang, r-patched-linux-x86_64, r-patched-solaris-sparc, r-patched-solaris-x86, r-release-linux-x86_64, r-release-osx-x86_64-mavericks, r-release-windows-ix86+x86_64, r-oldrel-windows-ix86+x86_64