CRAN Package Check Results for Package EBMAforecast

Last updated on 2014-12-19 15:48:24.

Flavor Version Tinstall Tcheck Ttotal Status Flags
r-devel-linux-x86_64-debian-clang 0.42 1.97 26.50 28.47 NOTE
r-devel-linux-x86_64-debian-gcc 0.42 1.90 25.84 27.74 NOTE
r-devel-linux-x86_64-fedora-clang 0.42 59.10 NOTE
r-devel-linux-x86_64-fedora-gcc 0.42 54.12 NOTE
r-devel-osx-x86_64-clang 0.42 54.49 NOTE
r-devel-windows-ix86+x86_64 0.42 11.00 47.00 58.00 NOTE
r-patched-linux-x86_64 0.42 2.19 26.79 28.98 NOTE
r-patched-solaris-sparc 0.42 307.60 NOTE
r-patched-solaris-x86 0.42 77.90 NOTE
r-release-linux-ix86 0.42 2.53 32.73 35.26 NOTE
r-release-linux-x86_64 0.42 2.04 26.13 28.18 NOTE
r-release-osx-x86_64-mavericks 0.42 NOTE
r-release-windows-ix86+x86_64 0.42 12.00 47.00 59.00 NOTE
r-oldrel-windows-ix86+x86_64 0.42 11.00 51.00 62.00 NOTE

Check Details

Version: 0.42
Check: dependencies in R code
Result: NOTE
    Packages in Depends field not imported from:
     ‘Hmisc’ ‘abind’ ‘ensembleBMA’ ‘methods’ ‘plyr’ ‘separationplot’
     These packages need to be imported from (in the NAMESPACE file)
     for when this namespace is loaded but not attached.
    See the information on DESCRIPTION files in the chapter ‘Creating R
    packages’ of the ‘Writing R Extensions’ manual.
Flavors: r-devel-linux-x86_64-debian-clang, r-devel-linux-x86_64-debian-gcc, r-devel-linux-x86_64-fedora-clang, r-devel-linux-x86_64-fedora-gcc, r-devel-osx-x86_64-clang, r-devel-windows-ix86+x86_64, r-patched-linux-x86_64, r-patched-solaris-sparc, r-patched-solaris-x86, r-release-linux-ix86, r-release-linux-x86_64, r-release-osx-x86_64-mavericks, r-release-windows-ix86+x86_64, r-oldrel-windows-ix86+x86_64

Version: 0.42
Check: R code for possible problems
Result: NOTE
    plot,FDatFitLogit: no visible binding for global variable ‘y’
    plot,FDatFitNormal: no visible binding for global variable ‘y’
Flavors: r-devel-linux-x86_64-debian-clang, r-devel-linux-x86_64-debian-gcc, r-devel-linux-x86_64-fedora-clang, r-devel-linux-x86_64-fedora-gcc, r-devel-osx-x86_64-clang, r-devel-windows-ix86+x86_64, r-patched-linux-x86_64, r-patched-solaris-sparc, r-patched-solaris-x86, r-release-linux-ix86, r-release-linux-x86_64, r-release-osx-x86_64-mavericks, r-release-windows-ix86+x86_64, r-oldrel-windows-ix86+x86_64