CRAN Package Check Results for Package EBMAforecast

Last updated on 2014-10-31 08:47:04.

Flavor Version Tinstall Tcheck Ttotal Status Flags
r-devel-linux-x86_64-debian-clang 0.42 1.94 26.22 28.17 NOTE
r-devel-linux-x86_64-debian-gcc 0.42 1.92 26.15 28.07 NOTE
r-devel-linux-x86_64-fedora-clang 0.42 59.37 NOTE
r-devel-linux-x86_64-fedora-gcc 0.42 54.34 NOTE
r-devel-osx-x86_64-clang 0.42 54.59 NOTE
r-devel-windows-ix86+x86_64 0.42 10.00 42.00 52.00 NOTE
r-patched-linux-x86_64 0.42 2.24 25.58 27.82 NOTE
r-patched-solaris-sparc 0.42 307.60 NOTE
r-patched-solaris-x86 0.42 76.60 NOTE
r-release-linux-ix86 0.42 2.74 35.52 38.26 NOTE
r-release-linux-x86_64 0.42 2.14 27.71 29.85 NOTE
r-release-osx-x86_64-mavericks 0.42 NOTE
r-release-windows-ix86+x86_64 0.42 8.00 46.00 54.00 NOTE
r-oldrel-windows-ix86+x86_64 0.42 9.00 49.00 58.00 NOTE

Check Details

Version: 0.42
Check: dependencies in R code
Result: NOTE
    Packages in Depends field not imported from:
     ‘Hmisc’ ‘abind’ ‘ensembleBMA’ ‘methods’ ‘plyr’ ‘separationplot’
     These packages need to be imported from (in the NAMESPACE file)
     for when this namespace is loaded but not attached.
    See the information on DESCRIPTION files in the chapter ‘Creating R
    packages’ of the ‘Writing R Extensions’ manual.
Flavors: r-devel-linux-x86_64-debian-clang, r-devel-linux-x86_64-debian-gcc, r-devel-linux-x86_64-fedora-clang, r-devel-linux-x86_64-fedora-gcc, r-devel-osx-x86_64-clang, r-devel-windows-ix86+x86_64, r-patched-linux-x86_64, r-patched-solaris-sparc, r-patched-solaris-x86, r-release-linux-ix86, r-release-linux-x86_64, r-release-osx-x86_64-mavericks, r-release-windows-ix86+x86_64, r-oldrel-windows-ix86+x86_64

Version: 0.42
Check: R code for possible problems
Result: NOTE
    plot,FDatFitLogit: no visible binding for global variable ‘y’
    plot,FDatFitNormal: no visible binding for global variable ‘y’
Flavors: r-devel-linux-x86_64-debian-clang, r-devel-linux-x86_64-debian-gcc, r-devel-linux-x86_64-fedora-clang, r-devel-linux-x86_64-fedora-gcc, r-devel-osx-x86_64-clang, r-devel-windows-ix86+x86_64, r-patched-linux-x86_64, r-patched-solaris-sparc, r-patched-solaris-x86, r-release-linux-ix86, r-release-linux-x86_64, r-release-osx-x86_64-mavericks, r-release-windows-ix86+x86_64, r-oldrel-windows-ix86+x86_64