CRAN Package Check Results for Package EBMAforecast

Last updated on 2014-09-18 05:47:21.

Flavor Version Tinstall Tcheck Ttotal Status Flags
r-devel-linux-x86_64-debian-clang 0.42 1.95 25.32 27.27 NOTE
r-devel-linux-x86_64-debian-gcc 0.42 1.90 24.54 26.45 NOTE
r-devel-linux-x86_64-fedora-clang 0.42 55.23 NOTE
r-devel-linux-x86_64-fedora-gcc 0.42 61.16 NOTE
r-devel-osx-x86_64-clang 0.42 48.86 NOTE
r-devel-windows-ix86+x86_64 0.42 10.00 43.00 53.00 NOTE
r-patched-linux-x86_64 0.42 1.96 24.36 26.32 NOTE
r-patched-solaris-sparc 0.42 298.70 NOTE
r-patched-solaris-x86 0.42 77.10 NOTE
r-release-linux-ix86 0.42 2.79 35.76 38.55 NOTE
r-release-linux-x86_64 0.42 2.11 27.41 29.52 NOTE
r-release-osx-x86_64-mavericks 0.42 NOTE
r-release-windows-ix86+x86_64 0.42 10.00 53.00 63.00 NOTE
r-oldrel-windows-ix86+x86_64 0.42 11.00 49.00 60.00 NOTE

Check Details

Version: 0.42
Check: dependencies in R code
Result: NOTE
    Packages in Depends field not imported from:
     ‘Hmisc’ ‘abind’ ‘ensembleBMA’ ‘methods’ ‘plyr’ ‘separationplot’
     These packages need to be imported from (in the NAMESPACE file)
     for when this namespace is loaded but not attached.
    See the information on DESCRIPTION files in the chapter ‘Creating R
    packages’ of the ‘Writing R Extensions’ manual.
Flavors: r-devel-linux-x86_64-debian-clang, r-devel-linux-x86_64-debian-gcc, r-devel-linux-x86_64-fedora-clang, r-devel-linux-x86_64-fedora-gcc, r-devel-osx-x86_64-clang, r-devel-windows-ix86+x86_64, r-patched-linux-x86_64, r-patched-solaris-sparc, r-patched-solaris-x86, r-release-linux-ix86, r-release-linux-x86_64, r-release-osx-x86_64-mavericks, r-release-windows-ix86+x86_64, r-oldrel-windows-ix86+x86_64

Version: 0.42
Check: R code for possible problems
Result: NOTE
    plot,FDatFitLogit: no visible binding for global variable ‘y’
    plot,FDatFitNormal: no visible binding for global variable ‘y’
Flavors: r-devel-linux-x86_64-debian-clang, r-devel-linux-x86_64-debian-gcc, r-devel-linux-x86_64-fedora-clang, r-devel-linux-x86_64-fedora-gcc, r-devel-osx-x86_64-clang, r-devel-windows-ix86+x86_64, r-patched-linux-x86_64, r-patched-solaris-sparc, r-patched-solaris-x86, r-release-linux-ix86, r-release-linux-x86_64, r-release-osx-x86_64-mavericks, r-release-windows-ix86+x86_64, r-oldrel-windows-ix86+x86_64