CRAN Package Check Results for Package EBMAforecast

Last updated on 2017-08-16 16:46:31.

Flavor Version Tinstall Tcheck Ttotal Status Flags
r-devel-linux-x86_64-debian-clang 0.52 16.36 45.48 61.84 NOTE
r-devel-linux-x86_64-debian-gcc 0.52 17.02 44.98 62.00 NOTE
r-devel-linux-x86_64-fedora-clang 0.52 146.86 NOTE
r-devel-linux-x86_64-fedora-gcc 0.52 151.80 NOTE
r-devel-windows-ix86+x86_64 0.52 49.00 116.00 165.00 OK
r-patched-linux-x86_64 0.52 17.31 47.48 64.79 NOTE
r-patched-solaris-x86 0.52 172.80 OK
r-release-linux-x86_64 0.52 16.95 46.62 63.58 NOTE
r-release-windows-ix86+x86_64 0.52 52.00 158.00 210.00 OK
r-release-osx-x86_64 0.52 OK
r-oldrel-windows-ix86+x86_64 0.52 53.00 114.00 167.00 OK
r-oldrel-osx-x86_64 0.52 OK

Check Details

Version: 0.52
Check: compiled code
Result: NOTE
    File ‘EBMAforecast/libs/EBMAforecast.so’:
     Found no calls to: ‘R_registerRoutines’, ‘R_useDynamicSymbols’
    
    It is good practice to register native routines and to disable symbol
    search.
    
    See ‘Writing portable packages’ in the ‘Writing R Extensions’ manual.
Flavors: r-devel-linux-x86_64-debian-clang, r-devel-linux-x86_64-debian-gcc, r-devel-linux-x86_64-fedora-clang, r-devel-linux-x86_64-fedora-gcc, r-patched-linux-x86_64, r-release-linux-x86_64