CRAN Package Check Results for Package EBMAforecast

Last updated on 2016-02-10 21:47:15.

Flavor Version Tinstall Tcheck Ttotal Status Flags
r-devel-linux-x86_64-debian-gcc 0.52 10.57 20.77 31.34 OK
r-devel-linux-x86_64-fedora-clang 0.52 65.50 OK
r-devel-linux-x86_64-fedora-gcc 0.52 59.96 OK
r-devel-osx-x86_64-clang 0.52 64.76 OK
r-devel-windows-ix86+x86_64 0.52 44.00 81.00 125.00 OK
r-patched-linux-x86_64 0.42 1.75 20.55 22.30 NOTE
r-patched-solaris-sparc 0.52 363.40 OK
r-patched-solaris-x86 0.52 73.20 OK
r-release-linux-x86_64 0.42 1.78 20.93 22.70 NOTE
r-release-osx-x86_64-mavericks 0.42 NOTE
r-release-windows-ix86+x86_64 0.42 10.00 51.00 61.00 NOTE
r-oldrel-windows-ix86+x86_64 0.52 51.00 131.00 182.00 OK

Check Details

Version: 0.42
Check: DESCRIPTION meta-information
Result: NOTE
    Malformed Description field: should contain one or more complete sentences.
Flavors: r-patched-linux-x86_64, r-release-linux-x86_64, r-release-osx-x86_64-mavericks, r-release-windows-ix86+x86_64

Version: 0.42
Check: dependencies in R code
Result: NOTE
    Packages in Depends field not imported from:
     ‘Hmisc’ ‘abind’ ‘ensembleBMA’ ‘methods’ ‘plyr’ ‘separationplot’
     These packages need to be imported from (in the NAMESPACE file)
     for when this namespace is loaded but not attached.
Flavors: r-patched-linux-x86_64, r-release-linux-x86_64, r-release-osx-x86_64-mavericks, r-release-windows-ix86+x86_64

Version: 0.42
Check: R code for possible problems
Result: NOTE
    compareModels,ForecastData : .local: no visible global function
     definition for ‘aaply’
    fitEnsemble,ForecastDataLogit : .local : .em: no visible global
     function definition for ‘aaply’
    fitEnsemble,ForecastDataLogit : .local: no visible global function
     definition for ‘alply’
    fitEnsemble,ForecastDataLogit : .local: no visible global function
     definition for ‘laply’
    fitEnsemble,ForecastDataLogit : .local: no visible global function
     definition for ‘aaply’
    fitEnsemble,ForecastDataLogit : .local: no visible global function
     definition for ‘abind’
    fitEnsemble,ForecastDataNormal : .local : .em: no visible global
     function definition for ‘aaply’
    fitEnsemble,ForecastDataNormal : .local: no visible global function
     definition for ‘alply’
    fitEnsemble,ForecastDataNormal : .local: no visible global function
     definition for ‘laply’
    fitEnsemble,ForecastDataNormal : .local: no visible global function
     definition for ‘aaply’
    fitEnsemble,ForecastDataNormal : .local: no visible global function
     definition for ‘abind’
    plot,FDatFitLogit : .local: no visible global function definition for
     ‘separationplot’
    plot,FDatFitLogit: no visible binding for global variable ‘y’
    plot,FDatFitNormal: no visible binding for global variable ‘y’
    summary,FDatFitLogit : .local: no visible global function definition
     for ‘aaply’
    summary,FDatFitNormal : .local: no visible global function definition
     for ‘aaply’
Flavors: r-patched-linux-x86_64, r-release-linux-x86_64, r-release-windows-ix86+x86_64

Version: 0.42
Check: R code for possible problems
Result: NOTE
    plot,FDatFitLogit: no visible binding for global variable ‘y’
    plot,FDatFitNormal: no visible binding for global variable ‘y’
Flavor: r-release-osx-x86_64-mavericks