CRAN Package Check Results for Package EBMAforecast

Last updated on 2015-04-26 03:47:30.

Flavor Version Tinstall Tcheck Ttotal Status Flags
r-devel-linux-x86_64-debian-clang 0.42 1.76 19.98 21.74 NOTE
r-devel-linux-x86_64-debian-gcc 0.42 1.84 21.04 22.89 NOTE
r-devel-linux-x86_64-fedora-clang 0.42 43.56 NOTE
r-devel-linux-x86_64-fedora-gcc 0.42 44.46 NOTE
r-devel-osx-x86_64-clang 0.42 43.74 NOTE
r-devel-windows-ix86+x86_64 0.42 6.00 33.00 39.00 NOTE
r-patched-linux-x86_64 0.42 1.70 20.34 22.04 NOTE
r-patched-solaris-sparc 0.42 274.80 NOTE
r-patched-solaris-x86 0.42 61.20 NOTE
r-release-linux-x86_64 0.42 1.72 19.53 21.25 NOTE
r-release-osx-x86_64-mavericks 0.42 NOTE
r-release-osx-x86_64-snowleopard 0.42 ERROR
r-release-windows-ix86+x86_64 0.42 8.00 37.00 45.00 NOTE
r-oldrel-windows-ix86+x86_64 0.42 11.00 59.00 70.00 NOTE

Check Details

Version: 0.42
Check: DESCRIPTION meta-information
Result: NOTE
    Malformed Description field: should contain one or more complete sentences.
Flavors: r-devel-windows-ix86+x86_64, r-release-windows-ix86+x86_64

Version: 0.42
Check: dependencies in R code
Result: NOTE
    Packages in Depends field not imported from:
     'Hmisc' 'abind' 'ensembleBMA' 'methods' 'plyr' 'separationplot'
     These packages need to be imported from (in the NAMESPACE file)
     for when this namespace is loaded but not attached.
Flavors: r-devel-windows-ix86+x86_64, r-release-windows-ix86+x86_64, r-oldrel-windows-ix86+x86_64

Version: 0.42
Check: R code for possible problems
Result: NOTE
    plot,FDatFitLogit: no visible binding for global variable 'y'
    plot,FDatFitNormal: no visible binding for global variable 'y'
Flavors: r-devel-windows-ix86+x86_64, r-release-windows-ix86+x86_64, r-oldrel-windows-ix86+x86_64