CRAN Package Check Results for Package EBMAforecast

Last updated on 2015-05-30 11:50:13.

Flavor Version Tinstall Tcheck Ttotal Status Flags
r-devel-linux-x86_64-debian-clang 0.42 1.82 21.27 23.09 NOTE
r-devel-linux-x86_64-debian-gcc 0.42 1.86 19.83 21.68 NOTE
r-devel-linux-x86_64-fedora-clang 0.42 46.76 NOTE
r-devel-linux-x86_64-fedora-gcc 0.42 41.62 NOTE
r-devel-osx-x86_64-clang 0.42 43.87 NOTE
r-devel-windows-ix86+x86_64 0.42 7.00 35.00 42.00 NOTE
r-patched-linux-x86_64 0.42 1.89 19.96 21.85 NOTE
r-patched-solaris-sparc 0.42 266.60 NOTE
r-patched-solaris-x86 0.42 69.60 NOTE
r-release-linux-x86_64 0.42 1.87 20.85 22.72 NOTE
r-release-osx-x86_64-mavericks 0.42 NOTE
r-release-osx-x86_64-snowleopard 0.42 ERROR
r-release-windows-ix86+x86_64 0.42 8.00 36.00 44.00 NOTE
r-oldrel-windows-ix86+x86_64 0.42 15.00 68.00 83.00 NOTE

Check Details

Version: 0.42
Check: DESCRIPTION meta-information
Result: NOTE
    Malformed Description field: should contain one or more complete sentences.
Flavors: r-devel-linux-x86_64-debian-clang, r-devel-linux-x86_64-debian-gcc, r-devel-linux-x86_64-fedora-clang, r-devel-linux-x86_64-fedora-gcc, r-devel-osx-x86_64-clang, r-devel-windows-ix86+x86_64, r-patched-linux-x86_64, r-patched-solaris-sparc, r-patched-solaris-x86, r-release-linux-x86_64, r-release-osx-x86_64-mavericks, r-release-windows-ix86+x86_64

Version: 0.42
Check: dependencies in R code
Result: NOTE
    Packages in Depends field not imported from:
     ‘Hmisc’ ‘abind’ ‘ensembleBMA’ ‘methods’ ‘plyr’ ‘separationplot’
     These packages need to be imported from (in the NAMESPACE file)
     for when this namespace is loaded but not attached.
Flavors: r-devel-linux-x86_64-debian-clang, r-devel-linux-x86_64-debian-gcc, r-devel-linux-x86_64-fedora-clang, r-devel-linux-x86_64-fedora-gcc, r-devel-osx-x86_64-clang, r-devel-windows-ix86+x86_64, r-patched-linux-x86_64, r-patched-solaris-sparc, r-patched-solaris-x86, r-release-linux-x86_64, r-release-osx-x86_64-mavericks, r-release-windows-ix86+x86_64, r-oldrel-windows-ix86+x86_64

Version: 0.42
Check: R code for possible problems
Result: NOTE
    plot,FDatFitLogit: no visible binding for global variable ‘y’
    plot,FDatFitNormal: no visible binding for global variable ‘y’
Flavors: r-devel-linux-x86_64-debian-clang, r-devel-linux-x86_64-debian-gcc, r-devel-linux-x86_64-fedora-clang, r-devel-linux-x86_64-fedora-gcc, r-devel-osx-x86_64-clang, r-devel-windows-ix86+x86_64, r-patched-linux-x86_64, r-patched-solaris-sparc, r-patched-solaris-x86, r-release-linux-x86_64, r-release-osx-x86_64-mavericks, r-release-windows-ix86+x86_64, r-oldrel-windows-ix86+x86_64

Version: 0.42
Check: package dependencies
Result: ERROR
    Package required but not available: ‘Hmisc’
    
    See section ‘The DESCRIPTION file’ in the ‘Writing R Extensions’
    manual.
Flavor: r-release-osx-x86_64-snowleopard