CRAN Package Check Results for Package EBMAforecast

Last updated on 2017-05-24 22:47:05.

Flavor Version Tinstall Tcheck Ttotal Status Flags
r-devel-linux-x86_64-debian-clang 0.52 16.25 45.97 62.21 NOTE
r-devel-linux-x86_64-debian-gcc 0.52 17.04 45.48 62.52 NOTE
r-devel-linux-x86_64-fedora-clang 0.52 133.24 NOTE --no-stop-on-test-error
r-devel-linux-x86_64-fedora-gcc 0.52 132.10 NOTE --no-stop-on-test-error
r-devel-windows-ix86+x86_64 0.52 50.00 125.00 175.00 OK
r-patched-linux-x86_64 0.52 14.66 46.34 61.00 NOTE
r-patched-solaris-sparc 0.52 738.90 OK
r-patched-solaris-x86 0.52 164.70 OK --no-stop-on-test-error
r-release-linux-x86_64 0.52 14.91 46.50 61.41 NOTE
r-release-windows-ix86+x86_64 0.52 46.00 168.00 214.00 OK
r-release-osx-x86_64 0.52 OK
r-oldrel-windows-ix86+x86_64 0.52 62.00 142.00 204.00 OK
r-oldrel-osx-x86_64 0.52 OK

Check Details

Version: 0.52
Check: compiled code
Result: NOTE
    File ‘EBMAforecast/libs/EBMAforecast.so’:
     Found no calls to: ‘R_registerRoutines’, ‘R_useDynamicSymbols’
    
    It is good practice to register native routines and to disable symbol
    search.
    
    See ‘Writing portable packages’ in the ‘Writing R Extensions’ manual.
Flavors: r-devel-linux-x86_64-debian-clang, r-devel-linux-x86_64-debian-gcc, r-patched-linux-x86_64, r-release-linux-x86_64

Version: 0.52
Flags: --no-stop-on-test-error
Check: compiled code
Result: NOTE
    File ‘EBMAforecast/libs/EBMAforecast.so’:
     Found no calls to: ‘R_registerRoutines’, ‘R_useDynamicSymbols’
    
    It is good practice to register native routines and to disable symbol
    search.
    
    See ‘Writing portable packages’ in the ‘Writing R Extensions’ manual.
Flavors: r-devel-linux-x86_64-fedora-clang, r-devel-linux-x86_64-fedora-gcc