CRAN Package Check Results for Package EBMAforecast

Last updated on 2016-06-25 18:46:37.

Flavor Version Tinstall Tcheck Ttotal Status Flags
r-devel-linux-x86_64-debian-gcc 0.52 17.09 44.42 61.50 OK
r-devel-linux-x86_64-fedora-clang 0.52 115.13 OK
r-devel-linux-x86_64-fedora-gcc 0.52 105.80 OK
r-devel-osx-x86_64-clang 0.52 83.81 OK
r-devel-windows-ix86+x86_64 0.52 60.00 95.00 155.00 OK
r-patched-linux-x86_64 0.52 12.90 43.34 56.24 OK
r-patched-solaris-sparc 0.52 631.90 NOTE
r-patched-solaris-x86 0.52 136.20 OK
r-release-linux-x86_64 0.52 13.17 42.32 55.49 OK
r-release-osx-x86_64-mavericks 0.52 OK
r-release-windows-ix86+x86_64 0.52 57.00 103.00 160.00 OK
r-oldrel-windows-ix86+x86_64 0.52 67.00 112.00 179.00 OK

Check Details

Version: 0.52
Check: installed package size
Result: NOTE
     installed size is 5.3Mb
     sub-directories of 1Mb or more:
     libs 4.9Mb
Flavor: r-patched-solaris-sparc