CRAN Package Check Results for Package EBMAforecast

Last updated on 2017-06-25 22:47:50.

Flavor Version Tinstall Tcheck Ttotal Status Flags
r-devel-linux-x86_64-debian-clang 0.52 16.03 45.84 61.87 NOTE
r-devel-linux-x86_64-debian-gcc 0.52 16.72 46.89 63.61 NOTE
r-devel-linux-x86_64-fedora-clang 0.52 147.57 NOTE
r-devel-linux-x86_64-fedora-gcc 0.52 134.68 NOTE
r-devel-windows-ix86+x86_64 0.52 67.00 158.00 225.00 OK
r-patched-linux-x86_64 0.52 15.25 45.96 61.22 NOTE
r-patched-solaris-sparc 0.52 738.90 OK
r-patched-solaris-x86 0.52 173.50 OK
r-release-linux-x86_64 0.52 16.68 46.28 62.96 NOTE
r-release-windows-ix86+x86_64 0.52 74.00 173.00 247.00 OK
r-release-osx-x86_64 0.52 OK
r-oldrel-windows-ix86+x86_64 0.52 52.00 148.00 200.00 OK
r-oldrel-osx-x86_64 0.52 OK

Check Details

Version: 0.52
Check: compiled code
Result: NOTE
    File ‘EBMAforecast/libs/EBMAforecast.so’:
     Found no calls to: ‘R_registerRoutines’, ‘R_useDynamicSymbols’
    
    It is good practice to register native routines and to disable symbol
    search.
    
    See ‘Writing portable packages’ in the ‘Writing R Extensions’ manual.
Flavors: r-devel-linux-x86_64-debian-clang, r-devel-linux-x86_64-debian-gcc, r-devel-linux-x86_64-fedora-clang, r-devel-linux-x86_64-fedora-gcc, r-patched-linux-x86_64, r-release-linux-x86_64