CRAN Package Check Results for Package EBMAforecast

Last updated on 2017-02-26 19:53:41.

Flavor Version Tinstall Tcheck Ttotal Status Flags
r-devel-linux-x86_64-debian-clang 0.52 14.83 45.36 60.19 NOTE
r-devel-linux-x86_64-debian-gcc 0.52 15.06 45.78 60.84 NOTE
r-devel-linux-x86_64-fedora-clang 0.52 135.19 NOTE --no-stop-on-test-error
r-devel-linux-x86_64-fedora-gcc 0.52 136.61 NOTE --no-stop-on-test-error
r-devel-macos-x86_64-clang 0.52 98.96 NOTE --no-stop-on-test-error
r-devel-windows-ix86+x86_64 0.52 76.00 172.00 248.00 OK
r-patched-linux-x86_64 0.52 13.15 42.87 56.01 OK
r-patched-solaris-sparc 0.52 672.80 OK
r-patched-solaris-x86 0.52 134.00 OK
r-release-linux-x86_64 0.52 13.28 43.41 56.69 OK
r-release-osx-x86_64-mavericks 0.52 OK
r-release-windows-ix86+x86_64 0.52 64.00 116.00 180.00 OK
r-oldrel-windows-ix86+x86_64 0.52 60.00 161.00 221.00 OK

Check Details

Version: 0.52
Check: compiled code
Result: NOTE
    File ‘EBMAforecast/libs/EBMAforecast.so’:
     Found no calls to: ‘R_registerRoutines’, ‘R_useDynamicSymbols’
    
    It is good practice to register native routines and to disable symbol
    search.
    
    See ‘Writing portable packages’ in the ‘Writing R Extensions’ manual.
Flavors: r-devel-linux-x86_64-debian-clang, r-devel-linux-x86_64-debian-gcc

Version: 0.52
Flags: --no-stop-on-test-error
Check: compiled code
Result: NOTE
    File ‘EBMAforecast/libs/EBMAforecast.so’:
     Found no calls to: ‘R_registerRoutines’, ‘R_useDynamicSymbols’
    
    It is good practice to register native routines and to disable symbol
    search.
    
    See ‘Writing portable packages’ in the ‘Writing R Extensions’ manual.
Flavors: r-devel-linux-x86_64-fedora-clang, r-devel-linux-x86_64-fedora-gcc, r-devel-macos-x86_64-clang