CRAN Package Check Results for Package EBMAforecast

Last updated on 2017-03-29 22:46:58.

Flavor Version Tinstall Tcheck Ttotal Status Flags
r-devel-linux-x86_64-debian-clang 0.52 15.65 46.58 62.23 NOTE
r-devel-linux-x86_64-debian-gcc 0.52 14.94 44.93 59.87 NOTE
r-devel-linux-x86_64-fedora-clang 0.52 135.87 NOTE --no-stop-on-test-error
r-devel-linux-x86_64-fedora-gcc 0.52 142.55 NOTE --no-stop-on-test-error
r-devel-macos-x86_64-clang 0.52 97.60 NOTE --no-stop-on-test-error
r-devel-windows-ix86+x86_64 0.52 48.00 122.00 170.00 OK
r-patched-linux-x86_64 0.52 13.49 44.87 58.37 NOTE
r-patched-solaris-sparc 0.52 738.90 OK
r-patched-solaris-x86 0.52 172.20 OK
r-release-linux-x86_64 0.52 12.90 42.99 55.88 OK
r-release-osx-x86_64-mavericks 0.52 OK
r-release-windows-ix86+x86_64 0.52 58.00 138.00 196.00 OK
r-oldrel-windows-ix86+x86_64 0.52 76.00 155.00 231.00 OK

Check Details

Version: 0.52
Check: compiled code
Result: NOTE
    File ‘EBMAforecast/libs/EBMAforecast.so’:
     Found no calls to: ‘R_registerRoutines’, ‘R_useDynamicSymbols’
    
    It is good practice to register native routines and to disable symbol
    search.
    
    See ‘Writing portable packages’ in the ‘Writing R Extensions’ manual.
Flavors: r-devel-linux-x86_64-debian-clang, r-devel-linux-x86_64-debian-gcc, r-patched-linux-x86_64

Version: 0.52
Flags: --no-stop-on-test-error
Check: compiled code
Result: NOTE
    File ‘EBMAforecast/libs/EBMAforecast.so’:
     Found no calls to: ‘R_registerRoutines’, ‘R_useDynamicSymbols’
    
    It is good practice to register native routines and to disable symbol
    search.
    
    See ‘Writing portable packages’ in the ‘Writing R Extensions’ manual.
Flavors: r-devel-linux-x86_64-fedora-clang, r-devel-linux-x86_64-fedora-gcc, r-devel-macos-x86_64-clang