CRAN Package Check Results for Package EBMAforecast

Last updated on 2015-01-31 13:48:21.

Flavor Version Tinstall Tcheck Ttotal Status Flags
r-devel-linux-x86_64-debian-clang 0.42 1.56 17.89 19.45 NOTE
r-devel-linux-x86_64-debian-gcc 0.42 1.52 18.09 19.61 NOTE
r-devel-linux-x86_64-fedora-clang 0.42 47.37 NOTE
r-devel-linux-x86_64-fedora-gcc 0.42 45.31 NOTE
r-devel-osx-x86_64-clang 0.42 58.35 NOTE
r-devel-windows-ix86+x86_64 0.42 9.00 32.00 41.00 NOTE
r-patched-linux-x86_64 0.42 2.36 27.19 29.55 NOTE
r-patched-solaris-sparc 0.42 331.10 NOTE
r-patched-solaris-x86 0.42 77.80 NOTE
r-release-linux-ix86 0.42 2.52 33.88 36.40 NOTE
r-release-linux-x86_64 0.42 2.09 26.62 28.71 NOTE
r-release-osx-x86_64-mavericks 0.42 NOTE
r-release-windows-ix86+x86_64 0.42 10.00 50.00 60.00 NOTE
r-oldrel-windows-ix86+x86_64 0.42 11.00 54.00 65.00 NOTE

Check Details

Version: 0.42
Check: dependencies in R code
Result: NOTE
    Packages in Depends field not imported from:
     ‘Hmisc’ ‘abind’ ‘ensembleBMA’ ‘methods’ ‘plyr’ ‘separationplot’
     These packages need to be imported from (in the NAMESPACE file)
     for when this namespace is loaded but not attached.
Flavors: r-devel-linux-x86_64-debian-clang, r-devel-linux-x86_64-debian-gcc, r-devel-linux-x86_64-fedora-clang, r-devel-linux-x86_64-fedora-gcc, r-devel-osx-x86_64-clang, r-devel-windows-ix86+x86_64

Version: 0.42
Check: R code for possible problems
Result: NOTE
    plot,FDatFitLogit: no visible binding for global variable ‘y’
    plot,FDatFitNormal: no visible binding for global variable ‘y’
Flavors: r-devel-linux-x86_64-debian-clang, r-devel-linux-x86_64-debian-gcc, r-devel-linux-x86_64-fedora-clang, r-devel-linux-x86_64-fedora-gcc, r-devel-osx-x86_64-clang, r-devel-windows-ix86+x86_64, r-patched-linux-x86_64, r-patched-solaris-sparc, r-patched-solaris-x86, r-release-linux-ix86, r-release-linux-x86_64, r-release-osx-x86_64-mavericks, r-release-windows-ix86+x86_64, r-oldrel-windows-ix86+x86_64

Version: 0.42
Check: dependencies in R code
Result: NOTE
    Packages in Depends field not imported from:
     ‘Hmisc’ ‘abind’ ‘ensembleBMA’ ‘methods’ ‘plyr’ ‘separationplot’
     These packages need to be imported from (in the NAMESPACE file)
     for when this namespace is loaded but not attached.
    See the information on DESCRIPTION files in the chapter ‘Creating R
    packages’ of the ‘Writing R Extensions’ manual.
Flavors: r-patched-linux-x86_64, r-patched-solaris-sparc, r-patched-solaris-x86, r-release-linux-ix86, r-release-linux-x86_64, r-release-osx-x86_64-mavericks, r-release-windows-ix86+x86_64, r-oldrel-windows-ix86+x86_64