CRAN Package Check Results for Package EBMAforecast

Last updated on 2014-04-24 23:48:02.

Flavor Version Tinstall Tcheck Ttotal Status Flags
r-devel-linux-x86_64-debian-clang 0.42 2.16 25.91 28.07 NOTE
r-devel-linux-x86_64-debian-gcc 0.42 2.18 25.86 28.05 NOTE
r-devel-linux-x86_64-fedora-clang 0.42 56.49 NOTE
r-devel-linux-x86_64-fedora-gcc 0.42 54.62 NOTE
r-devel-osx-x86_64-clang 0.42 57.76 NOTE
r-devel-osx-x86_64-gcc 0.42 ERROR
r-devel-windows-ix86+x86_64 0.42 9.00 41.00 50.00 NOTE
r-patched-linux-x86_64 0.42 2.30 26.07 28.36 NOTE
r-patched-solaris-sparc 0.42 309.20 NOTE
r-patched-solaris-x86 0.42 76.50 NOTE
r-release-linux-ix86 0.42 4.00 51.00 55.00 NOTE
r-release-linux-x86_64 0.42 2.19 25.62 27.81 NOTE
r-release-osx-x86_64-mavericks 0.42 WARN
r-release-windows-ix86+x86_64 0.42 8.00 47.00 55.00 NOTE
r-oldrel-windows-ix86+x86_64 0.42 7.00 43.00 50.00 NOTE

Check Details

Version: 0.42
Check: dependencies in R code
Result: NOTE
    Packages in Depends field not imported from:
     ‘Hmisc’ ‘abind’ ‘ensembleBMA’ ‘methods’ ‘plyr’ ‘separationplot’
     These packages need to be imported from (in the NAMESPACE file)
     for when this namespace is loaded but not attached.
    See the information on DESCRIPTION files in the chapter ‘Creating R
    packages’ of the ‘Writing R Extensions’ manual.
Flavors: r-devel-linux-x86_64-debian-clang, r-devel-linux-x86_64-debian-gcc, r-devel-linux-x86_64-fedora-clang, r-devel-linux-x86_64-fedora-gcc, r-devel-osx-x86_64-clang, r-devel-windows-ix86+x86_64, r-patched-linux-x86_64, r-patched-solaris-sparc, r-patched-solaris-x86, r-release-linux-ix86, r-release-linux-x86_64, r-release-osx-x86_64-mavericks, r-release-windows-ix86+x86_64, r-oldrel-windows-ix86+x86_64

Version: 0.42
Check: R code for possible problems
Result: NOTE
    plot,FDatFitLogit: no visible binding for global variable ‘y’
    plot,FDatFitNormal: no visible binding for global variable ‘y’
Flavors: r-devel-linux-x86_64-debian-clang, r-devel-linux-x86_64-debian-gcc, r-devel-linux-x86_64-fedora-clang, r-devel-linux-x86_64-fedora-gcc, r-devel-osx-x86_64-clang, r-devel-windows-ix86+x86_64, r-patched-linux-x86_64, r-patched-solaris-sparc, r-patched-solaris-x86, r-release-linux-ix86, r-release-linux-x86_64, r-release-osx-x86_64-mavericks, r-release-windows-ix86+x86_64, r-oldrel-windows-ix86+x86_64

Version: 0.42
Check: package dependencies
Result: ERROR
    Package required but not available: ‘Hmisc’
    
    See the information on DESCRIPTION files in the chapter ‘Creating R
    packages’ of the ‘Writing R Extensions’ manual.
Flavor: r-devel-osx-x86_64-gcc

Version: 0.42
Check: PDF version of manual
Result: WARNING
    LaTeX errors when creating PDF version.
    This typically indicates Rd problems.
    LaTeX errors found:
    ! LaTeX Error: File `upquote.sty' not found.
    
    Type X to quit or <RETURN> to proceed,
    or enter new name. (Default extension: sty)
    
    71ec9195/Rd2.tex:8: ==> Fatal error occurred, no output PDF file produced!
Flavor: r-release-osx-x86_64-mavericks