CRAN Package Check Results for Package EBMAforecast

Last updated on 2018-05-21 04:49:04 CEST.

Flavor Version Tinstall Tcheck Ttotal Status Flags
r-devel-linux-x86_64-debian-clang 0.52 30.37 77.68 108.05 NOTE
r-devel-linux-x86_64-debian-gcc 0.52 25.25 67.95 93.20 NOTE
r-devel-linux-x86_64-fedora-clang 0.52 146.83 NOTE
r-devel-linux-x86_64-fedora-gcc 0.52 138.31 NOTE
r-devel-windows-ix86+x86_64 0.52 56.00 134.00 190.00 OK
r-patched-linux-x86_64 0.52 26.79 73.35 100.14 NOTE
r-patched-solaris-x86 0.52 174.70 OK
r-release-linux-x86_64 0.52 28.35 72.70 101.05 NOTE
r-release-windows-ix86+x86_64 0.52 49.00 122.00 171.00 OK
r-release-osx-x86_64 0.52 OK
r-oldrel-windows-ix86+x86_64 0.52 46.00 134.00 180.00 OK
r-oldrel-osx-x86_64 0.52 OK

Check Details

Version: 0.52
Check: compiled code
Result: NOTE
    File ‘EBMAforecast/libs/EBMAforecast.so’:
     Found no calls to: ‘R_registerRoutines’, ‘R_useDynamicSymbols’
    
    It is good practice to register native routines and to disable symbol
    search.
    
    See ‘Writing portable packages’ in the ‘Writing R Extensions’ manual.
Flavors: r-devel-linux-x86_64-debian-clang, r-devel-linux-x86_64-debian-gcc, r-devel-linux-x86_64-fedora-clang, r-devel-linux-x86_64-fedora-gcc, r-patched-linux-x86_64, r-release-linux-x86_64