CRAN Package Check Results for Package EBMAforecast

Last updated on 2020-09-23 14:12:29 CEST.

Flavor Version Tinstall Tcheck Ttotal Status Flags
r-devel-linux-x86_64-debian-clang 1.0.0 32.92 96.62 129.54 OK
r-devel-linux-x86_64-debian-gcc 1.0.0 26.63 73.09 99.72 OK
r-devel-linux-x86_64-fedora-clang 1.0.0 171.83 NOTE
r-devel-linux-x86_64-fedora-gcc 1.0.0 185.68 NOTE
r-devel-windows-ix86+x86_64 1.0.0 117.00 175.00 292.00 OK
r-patched-linux-x86_64 1.0.0 22.27 89.26 111.53 OK
r-patched-solaris-x86 1.0.0 204.20 NOTE
r-release-linux-x86_64 1.0.0 24.95 89.81 114.76 OK
r-release-macos-x86_64 1.0.0 NOTE
r-release-windows-ix86+x86_64 1.0.0 81.00 221.00 302.00 OK
r-oldrel-macos-x86_64 1.0.0 NOTE
r-oldrel-windows-ix86+x86_64 1.0.0 50.00 156.00 206.00 OK

Check Details

Version: 1.0.0
Check: dependencies in R code
Result: NOTE
    Namespaces in Imports field not imported from:
     ‘gtools’ ‘separationplot’
     All declared Imports should be used.
Flavors: r-devel-linux-x86_64-fedora-clang, r-devel-linux-x86_64-fedora-gcc, r-patched-solaris-x86, r-release-macos-x86_64, r-oldrel-macos-x86_64