CRAN Package Check Results for Package EBMAforecast

Last updated on 2017-10-22 02:49:03.

Flavor Version Tinstall Tcheck Ttotal Status Flags
r-devel-linux-x86_64-debian-clang 0.52 16.19 44.96 61.14 NOTE
r-devel-linux-x86_64-debian-gcc 0.52 16.10 50.30 66.39 NOTE
r-devel-linux-x86_64-fedora-clang 0.52 142.51 NOTE
r-devel-linux-x86_64-fedora-gcc 0.52 137.01 NOTE
r-devel-windows-ix86+x86_64 0.52 48.00 112.00 160.00 OK
r-patched-linux-x86_64 0.52 17.17 46.50 63.68 NOTE
r-patched-solaris-x86 0.52 175.30 OK
r-release-linux-x86_64 0.52 16.68 46.09 62.77 NOTE
r-release-windows-ix86+x86_64 0.52 67.00 112.00 179.00 OK
r-release-osx-x86_64 0.52 OK
r-oldrel-windows-ix86+x86_64 0.52 47.00 161.00 208.00 OK
r-oldrel-osx-x86_64 0.52 OK

Check Details

Version: 0.52
Check: compiled code
Result: NOTE
    File ‘EBMAforecast/libs/EBMAforecast.so’:
     Found no calls to: ‘R_registerRoutines’, ‘R_useDynamicSymbols’
    
    It is good practice to register native routines and to disable symbol
    search.
    
    See ‘Writing portable packages’ in the ‘Writing R Extensions’ manual.
Flavors: r-devel-linux-x86_64-debian-clang, r-devel-linux-x86_64-debian-gcc, r-devel-linux-x86_64-fedora-clang, r-devel-linux-x86_64-fedora-gcc, r-patched-linux-x86_64, r-release-linux-x86_64