CRAN Package Check Results for Package EBMAforecast

Last updated on 2014-08-22 07:50:29.

Flavor Version Tinstall Tcheck Ttotal Status Flags
r-devel-linux-x86_64-debian-clang 0.42 1.90 25.12 27.02 NOTE
r-devel-linux-x86_64-debian-gcc 0.42 1.86 24.06 25.91 NOTE
r-devel-linux-x86_64-fedora-clang 0.42 54.99 NOTE
r-devel-linux-x86_64-fedora-gcc 0.42 51.14 NOTE
r-devel-osx-x86_64-clang 0.42 50.98 NOTE
r-devel-windows-ix86+x86_64 0.42 8.00 41.00 49.00 NOTE
r-patched-linux-x86_64 0.42 1.97 24.20 26.16 NOTE
r-patched-solaris-sparc 0.42 298.70 NOTE
r-patched-solaris-x86 0.42 72.50 NOTE
r-release-linux-ix86 0.42 2.68 35.41 38.09 NOTE
r-release-linux-x86_64 0.42 2.04 25.24 27.27 NOTE
r-release-osx-x86_64-mavericks 0.42 NOTE
r-release-windows-ix86+x86_64 0.42 8.00 42.00 50.00 NOTE
r-oldrel-windows-ix86+x86_64 0.42 8.00 47.00 55.00 NOTE

Check Details

Version: 0.42
Check: dependencies in R code
Result: NOTE
    Packages in Depends field not imported from:
     ‘Hmisc’ ‘abind’ ‘ensembleBMA’ ‘methods’ ‘plyr’ ‘separationplot’
     These packages need to be imported from (in the NAMESPACE file)
     for when this namespace is loaded but not attached.
    See the information on DESCRIPTION files in the chapter ‘Creating R
    packages’ of the ‘Writing R Extensions’ manual.
Flavors: r-devel-linux-x86_64-debian-clang, r-devel-linux-x86_64-debian-gcc, r-devel-linux-x86_64-fedora-clang, r-devel-linux-x86_64-fedora-gcc, r-devel-osx-x86_64-clang, r-devel-windows-ix86+x86_64, r-patched-linux-x86_64, r-patched-solaris-sparc, r-patched-solaris-x86, r-release-linux-ix86, r-release-linux-x86_64, r-release-osx-x86_64-mavericks, r-release-windows-ix86+x86_64, r-oldrel-windows-ix86+x86_64

Version: 0.42
Check: R code for possible problems
Result: NOTE
    plot,FDatFitLogit: no visible binding for global variable ‘y’
    plot,FDatFitNormal: no visible binding for global variable ‘y’
Flavors: r-devel-linux-x86_64-debian-clang, r-devel-linux-x86_64-debian-gcc, r-devel-linux-x86_64-fedora-clang, r-devel-linux-x86_64-fedora-gcc, r-devel-osx-x86_64-clang, r-devel-windows-ix86+x86_64, r-patched-linux-x86_64, r-patched-solaris-sparc, r-patched-solaris-x86, r-release-linux-ix86, r-release-linux-x86_64, r-release-osx-x86_64-mavericks, r-release-windows-ix86+x86_64, r-oldrel-windows-ix86+x86_64