CRAN Package Check Results for Package EBglmnet

Last updated on 2021-12-06 23:02:54 CET.

Flavor Version Tinstall Tcheck Ttotal Status Flags
r-devel-linux-x86_64-debian-clang 4.1 11.64 91.93 103.57 OK
r-devel-linux-x86_64-debian-gcc 4.1 8.55 72.96 81.51 OK
r-devel-linux-x86_64-fedora-clang 4.1 134.64 NOTE
r-devel-linux-x86_64-fedora-gcc 4.1 122.29 NOTE
r-devel-windows-x86_64-new-UL 4.1 30.00 126.00 156.00 OK
r-devel-windows-x86_64-new-TK 4.1 OK
r-devel-windows-x86_64-old 4.1 19.00 98.00 117.00 OK
r-patched-linux-x86_64 4.1 11.61 29.11 40.72 OK
r-release-linux-x86_64 4.1 11.94 36.99 48.93 OK
r-release-macos-arm64 4.1 OK
r-release-macos-x86_64 4.1 OK
r-release-windows-ix86+x86_64 4.1 34.00 54.00 88.00 OK
r-oldrel-macos-x86_64 4.1 OK
r-oldrel-windows-ix86+x86_64 4.1 36.00 55.00 91.00 OK

Check Details

Version: 4.1
Check: compiled code
Result: NOTE
    File ‘EBglmnet/libs/EBglmnet.so’:
     Found no calls to: ‘R_registerRoutines’, ‘R_useDynamicSymbols’
    
    It is good practice to register native routines and to disable symbol
    search.
    
    See ‘Writing portable packages’ in the ‘Writing R Extensions’ manual.
Flavors: r-devel-linux-x86_64-fedora-clang, r-devel-linux-x86_64-fedora-gcc