CRAN Package Check Results for Package ECOSolveR

Last updated on 2021-10-26 10:49:46 CEST.

Flavor Version Tinstall Tcheck Ttotal Status Flags
r-devel-linux-x86_64-debian-clang 0.5.4 15.67 36.11 51.78 NOTE
r-devel-linux-x86_64-debian-gcc 0.5.4 9.82 28.42 38.24 NOTE
r-devel-linux-x86_64-fedora-clang 0.5.4 74.89 NOTE
r-devel-linux-x86_64-fedora-gcc 0.5.4 63.52 NOTE
r-devel-windows-x86_64 0.5.4 38.00 69.00 107.00 NOTE
r-devel-windows-x86_64-gcc10-UCRT 0.5.4 NOTE
r-patched-linux-x86_64 0.5.4 12.17 34.91 47.08 NOTE
r-patched-solaris-x86 0.5.4 100.10 NOTE
r-release-linux-x86_64 0.5.4 12.12 34.99 47.11 NOTE
r-release-macos-arm64 0.5.4 NOTE
r-release-macos-x86_64 0.5.4 NOTE
r-release-windows-ix86+x86_64 0.5.4 53.00 73.00 126.00 NOTE
r-oldrel-macos-x86_64 0.5.4 NOTE
r-oldrel-windows-ix86+x86_64 0.5.4 69.00 83.00 152.00 NOTE

Check Details

Version: 0.5.4
Check: for GNU extensions in Makefiles
Result: NOTE
    GNU make is a SystemRequirements.
Flavors: r-devel-linux-x86_64-debian-clang, r-devel-linux-x86_64-debian-gcc, r-devel-linux-x86_64-fedora-clang, r-devel-linux-x86_64-fedora-gcc, r-devel-windows-x86_64, r-devel-windows-x86_64-gcc10-UCRT, r-patched-linux-x86_64, r-patched-solaris-x86, r-release-linux-x86_64, r-release-macos-arm64, r-release-macos-x86_64, r-release-windows-ix86+x86_64, r-oldrel-macos-x86_64, r-oldrel-windows-ix86+x86_64