CRAN Package Check Results for Package ECctmc

Last updated on 2022-12-07 16:49:23 CET.

Flavor Version Tinstall Tcheck Ttotal Status Flags
r-devel-linux-x86_64-debian-clang 0.2.5 37.64 33.70 71.34 NOTE
r-devel-linux-x86_64-debian-gcc 0.2.5 31.61 25.79 57.40 NOTE
r-devel-linux-x86_64-fedora-clang 0.2.5 111.67 NOTE
r-devel-linux-x86_64-fedora-gcc 0.2.5 113.19 NOTE
r-devel-windows-x86_64 0.2.5 42.00 81.00 123.00 NOTE
r-patched-linux-x86_64 0.2.5 34.14 31.87 66.01 NOTE
r-release-linux-x86_64 0.2.5 31.57 32.52 64.09 NOTE
r-release-macos-arm64 0.2.5 31.00 NOTE
r-release-macos-x86_64 0.2.5 41.00 NOTE
r-release-windows-x86_64 0.2.5 38.00 83.00 121.00 NOTE
r-oldrel-macos-arm64 0.2.5 33.00 NOTE
r-oldrel-macos-x86_64 0.2.5 56.00 NOTE
r-oldrel-windows-ix86+x86_64 0.2.5 95.00 88.00 183.00 NOTE

Check Details

Version: 0.2.5
Check: LazyData
Result: NOTE
     'LazyData' is specified without a 'data' directory
Flavors: r-devel-linux-x86_64-debian-clang, r-devel-linux-x86_64-debian-gcc, r-devel-linux-x86_64-fedora-clang, r-devel-linux-x86_64-fedora-gcc, r-devel-windows-x86_64, r-patched-linux-x86_64, r-release-linux-x86_64, r-release-macos-arm64, r-release-macos-x86_64, r-release-windows-x86_64, r-oldrel-macos-arm64, r-oldrel-macos-x86_64, r-oldrel-windows-ix86+x86_64