CRAN Package Check Results for Package EDR

Last updated on 2014-07-23 19:49:14.

Flavor Version Tinstall Tcheck Ttotal Status Flags
r-devel-linux-x86_64-debian-clang 0.6-5.1 3.05 12.73 15.78 OK
r-devel-linux-x86_64-debian-gcc 0.6-5.1 0.99 12.39 13.38 OK
r-devel-linux-x86_64-fedora-clang 0.6-5.1 27.21 NOTE
r-devel-linux-x86_64-fedora-gcc 0.6-5.1 25.48 NOTE
r-devel-osx-x86_64-clang 0.6-5.1 27.96 OK
r-devel-windows-ix86+x86_64 0.6-5.1 5.00 25.00 30.00 OK
r-patched-linux-x86_64 0.6-5.1 1.05 12.26 13.31 OK
r-patched-solaris-sparc 0.6-5.1 157.40 OK
r-patched-solaris-x86 0.6-5.1 36.70 OK
r-release-linux-ix86 0.6-5.1 1.56 18.82 20.38 OK
r-release-linux-x86_64 0.6-5.1 1.10 12.51 13.61 OK
r-release-osx-x86_64-mavericks 0.6-5.1 OK
r-release-windows-ix86+x86_64 0.6-5.1 5.00 27.00 32.00 OK
r-oldrel-windows-ix86+x86_64 0.6-5.1 5.00 29.00 34.00 OK

Check Details

Version: 0.6-5.1
Check: top-level files
Result: NOTE
    Non-standard file/directory found at top level:
     ‘COPYRIGHT’
    Copyright information should be in file inst/COPYRIGHTS
Flavors: r-devel-linux-x86_64-fedora-clang, r-devel-linux-x86_64-fedora-gcc