CRAN Package Check Results for Package EDR

Last updated on 2014-04-23 12:48:17.

Flavor Version Tinstall Tcheck Ttotal Status Flags
r-devel-linux-x86_64-debian-clang 0.6-5.1 1.10 13.57 14.67 OK
r-devel-linux-x86_64-debian-gcc 0.6-5.1 1.04 12.70 13.74 OK
r-devel-linux-x86_64-fedora-clang 0.6-5.1 26.56 NOTE
r-devel-linux-x86_64-fedora-gcc 0.6-5.1 25.01 NOTE
r-devel-osx-x86_64-clang 0.6-5.1 28.44 OK
r-devel-osx-x86_64-gcc 0.6-5.1 OK
r-devel-windows-ix86+x86_64 0.6-5.1 5.00 26.00 31.00 OK
r-patched-linux-x86_64 0.6-5.1 1.10 12.89 13.98 OK
r-patched-solaris-sparc 0.6-5.1 156.80 OK
r-patched-solaris-x86 0.6-5.1 37.70 OK
r-release-linux-ix86 0.6-5.1 2.00 102.00 104.00 OK
r-release-linux-x86_64 0.6-5.1 1.04 12.58 13.63 OK
r-release-osx-x86_64-mavericks 0.6-5.1 WARN
r-release-windows-ix86+x86_64 0.6-5.1 5.00 25.00 30.00 OK
r-oldrel-windows-ix86+x86_64 0.6-5.1 5.00 30.00 35.00 OK

Check Details

Version: 0.6-5.1
Check: top-level files
Result: NOTE
    Non-standard file/directory found at top level:
     ‘COPYRIGHT’
    Copyright information should be in file inst/COPYRIGHTS
Flavors: r-devel-linux-x86_64-fedora-clang, r-devel-linux-x86_64-fedora-gcc

Version: 0.6-5.1
Check: PDF version of manual
Result: WARNING
    LaTeX errors when creating PDF version.
    This typically indicates Rd problems.
    LaTeX errors found:
    ! LaTeX Error: File `upquote.sty' not found.
    
    Type X to quit or <RETURN> to proceed,
    or enter new name. (Default extension: sty)
    
    2ad604d4/Rd2.tex:8: ==> Fatal error occurred, no output PDF file produced!
Flavor: r-release-osx-x86_64-mavericks