CRAN Package Check Results for Package EDR

Last updated on 2015-03-28 03:50:01.

Flavor Version Tinstall Tcheck Ttotal Status Flags
r-devel-linux-x86_64-debian-clang 0.6-5.1 1.03 12.17 13.20 NOTE
r-devel-linux-x86_64-debian-gcc 0.6-5.1 1.16 12.24 13.40 NOTE
r-devel-linux-x86_64-fedora-clang 0.6-5.1 25.96 NOTE
r-devel-linux-x86_64-fedora-gcc 0.6-5.1 23.42 NOTE
r-devel-osx-x86_64-clang 0.6-5.1 30.55 NOTE
r-prerel-windows-ix86+x86_64 0.6-5.1 6.00 29.00 35.00 NOTE
r-prerel-linux-x86_64 0.6-5.1 1.04 12.18 13.22 NOTE
r-prerel-solaris-sparc 0.6-5.1 168.80 NOTE
r-prerel-solaris-x86 0.6-5.1 34.10 NOTE
r-release-linux-x86_64 0.6-5.1 1.20 12.97 14.18 NOTE
r-release-osx-x86_64-mavericks 0.6-5.1 NOTE
r-release-windows-ix86+x86_64 0.6-5.1 5.00 28.00 33.00 NOTE
r-oldrel-windows-ix86+x86_64 0.6-5.1 6.00 40.00 46.00 OK

Check Details

Version: 0.6-5.1
Check: top-level files
Result: NOTE
    Non-standard file/directory found at top level:
     ‘COPYRIGHT’
    Copyright information should be in file inst/COPYRIGHTS
Flavors: r-devel-linux-x86_64-debian-clang, r-devel-linux-x86_64-debian-gcc, r-devel-linux-x86_64-fedora-clang, r-devel-linux-x86_64-fedora-gcc, r-prerel-linux-x86_64, r-release-linux-x86_64

Version: 0.6-5.1
Check: dependencies in R code
Result: NOTE
    'library' or 'require' calls in package code:
     ‘akima’ ‘sm’
     Please use :: or requireNamespace() instead.
     See section 'Suggested packages' in the 'Writing R Extensions' manual.
Flavors: r-devel-linux-x86_64-debian-clang, r-devel-linux-x86_64-debian-gcc, r-devel-linux-x86_64-fedora-clang, r-devel-linux-x86_64-fedora-gcc, r-devel-osx-x86_64-clang, r-prerel-windows-ix86+x86_64, r-prerel-linux-x86_64, r-prerel-solaris-sparc, r-prerel-solaris-x86, r-release-linux-x86_64, r-release-windows-ix86+x86_64

Version: 0.6-5.1
Check: S3 generic/method consistency
Result: NOTE
    Found the following apparent S3 methods exported but not registered:
     plot.edr predict.edr print.edr summary.edr
    See section ‘Registering S3 methods’ in the ‘Writing R Extensions’
    manual.
Flavors: r-devel-linux-x86_64-debian-clang, r-devel-linux-x86_64-debian-gcc, r-devel-linux-x86_64-fedora-clang, r-devel-linux-x86_64-fedora-gcc, r-devel-osx-x86_64-clang, r-prerel-linux-x86_64

Version: 0.6-5.1
Check: R code for possible problems
Result: NOTE
    plot.edr: no visible global function definition for ‘interp’
    plot.edr: no visible global function definition for ‘sm.regression’
    plot.edr: no visible global function definition for ‘h.select’
Flavors: r-devel-linux-x86_64-debian-clang, r-devel-linux-x86_64-debian-gcc, r-devel-linux-x86_64-fedora-clang, r-devel-linux-x86_64-fedora-gcc, r-devel-osx-x86_64-clang, r-prerel-windows-ix86+x86_64, r-prerel-linux-x86_64, r-prerel-solaris-sparc, r-prerel-solaris-x86, r-release-linux-x86_64, r-release-osx-x86_64-mavericks, r-release-windows-ix86+x86_64