CRAN Package Check Results for Package EDR

Last updated on 2014-12-20 03:49:30.

Flavor Version Tinstall Tcheck Ttotal Status Flags
r-devel-linux-x86_64-debian-clang 0.6-5.1 1.05 12.90 13.94 NOTE
r-devel-linux-x86_64-debian-gcc 0.6-5.1 1.02 12.59 13.61 NOTE
r-devel-linux-x86_64-fedora-clang 0.6-5.1 28.37 NOTE
r-devel-linux-x86_64-fedora-gcc 0.6-5.1 25.24 NOTE
r-devel-osx-x86_64-clang 0.6-5.1 28.94 NOTE
r-devel-windows-ix86+x86_64 0.6-5.1 5.00 26.00 31.00 NOTE
r-patched-linux-x86_64 0.6-5.1 1.08 12.70 13.78 NOTE
r-patched-solaris-sparc 0.6-5.1 157.20 NOTE
r-patched-solaris-x86 0.6-5.1 39.50 NOTE
r-release-linux-ix86 0.6-5.1 1.54 18.66 20.20 NOTE
r-release-linux-x86_64 0.6-5.1 1.06 12.77 13.82 NOTE
r-release-osx-x86_64-mavericks 0.6-5.1 OK
r-release-windows-ix86+x86_64 0.6-5.1 6.00 28.00 34.00 NOTE
r-oldrel-windows-ix86+x86_64 0.6-5.1 6.00 29.00 35.00 OK

Check Details

Version: 0.6-5.1
Check: top-level files
Result: NOTE
    Non-standard file/directory found at top level:
     ‘COPYRIGHT’
    Copyright information should be in file inst/COPYRIGHTS
Flavors: r-devel-linux-x86_64-debian-clang, r-devel-linux-x86_64-debian-gcc, r-devel-linux-x86_64-fedora-clang, r-devel-linux-x86_64-fedora-gcc, r-patched-linux-x86_64, r-release-linux-x86_64

Version: 0.6-5.1
Check: R code for possible problems
Result: NOTE
    plot.edr: no visible global function definition for ‘interp’
    plot.edr: no visible global function definition for ‘sm.regression’
    plot.edr: no visible global function definition for ‘h.select’
Flavors: r-devel-linux-x86_64-debian-clang, r-devel-linux-x86_64-debian-gcc, r-devel-linux-x86_64-fedora-clang, r-devel-linux-x86_64-fedora-gcc, r-devel-osx-x86_64-clang, r-devel-windows-ix86+x86_64, r-patched-linux-x86_64, r-patched-solaris-sparc, r-patched-solaris-x86, r-release-linux-ix86, r-release-linux-x86_64, r-release-windows-ix86+x86_64