CRAN Package Check Results for Package EDR

Last updated on 2018-05-25 00:46:33 CEST.

Flavor Version Tinstall Tcheck Ttotal Status Flags
r-devel-linux-x86_64-debian-clang 0.6-6 2.35 23.52 25.87 NOTE
r-devel-linux-x86_64-debian-gcc 0.6-6 2.02 19.88 21.90 NOTE
r-devel-linux-x86_64-fedora-clang 0.6-6 32.09 NOTE
r-devel-linux-x86_64-fedora-gcc 0.6-6 31.64 NOTE
r-devel-windows-ix86+x86_64 0.6-6 7.00 70.00 77.00 OK
r-patched-linux-x86_64 0.6-6 2.18 23.97 26.15 NOTE
r-patched-solaris-x86 0.6-6 52.90 OK
r-release-linux-x86_64 0.6-6 1.94 24.12 26.06 NOTE
r-release-windows-ix86+x86_64 0.6-6 9.00 62.00 71.00 OK
r-release-osx-x86_64 0.6-6 OK
r-oldrel-windows-ix86+x86_64 0.6-6 10.00 46.00 56.00 OK
r-oldrel-osx-x86_64 0.6-6 OK

Check Details

Version: 0.6-6
Check: compiled code
Result: NOTE
    File ‘EDR/libs/EDR.so’:
     Found no calls to: ‘R_registerRoutines’, ‘R_useDynamicSymbols’
    
    It is good practice to register native routines and to disable symbol
    search.
    
    See ‘Writing portable packages’ in the ‘Writing R Extensions’ manual.
Flavors: r-devel-linux-x86_64-debian-clang, r-devel-linux-x86_64-debian-gcc, r-devel-linux-x86_64-fedora-clang, r-devel-linux-x86_64-fedora-gcc, r-patched-linux-x86_64, r-release-linux-x86_64