CRAN Package Check Results for Package EDR

Last updated on 2017-06-28 18:46:44.

Flavor Version Tinstall Tcheck Ttotal Status Flags
r-devel-linux-x86_64-debian-clang 0.6-6 1.18 15.99 17.16 NOTE
r-devel-linux-x86_64-debian-gcc 0.6-6 1.25 15.91 17.16 NOTE
r-devel-linux-x86_64-fedora-clang 0.6-6 28.63 NOTE
r-devel-linux-x86_64-fedora-gcc 0.6-6 27.50 NOTE
r-devel-windows-ix86+x86_64 0.6-6 6.00 47.00 53.00 OK
r-patched-linux-x86_64 0.6-6 1.22 15.71 16.93 NOTE
r-patched-solaris-sparc 0.6-6 176.90 OK
r-patched-solaris-x86 0.6-6 38.40 OK
r-release-linux-x86_64 0.6-6 1.20 15.57 16.77 NOTE
r-release-windows-ix86+x86_64 0.6-6 7.00 56.00 63.00 OK
r-release-osx-x86_64 0.6-6 OK
r-oldrel-windows-ix86+x86_64 0.6-6 8.00 51.00 59.00 OK
r-oldrel-osx-x86_64 0.6-6 OK

Check Details

Version: 0.6-6
Check: compiled code
Result: NOTE
    File ‘EDR/libs/EDR.so’:
     Found no calls to: ‘R_registerRoutines’, ‘R_useDynamicSymbols’
    
    It is good practice to register native routines and to disable symbol
    search.
    
    See ‘Writing portable packages’ in the ‘Writing R Extensions’ manual.
Flavors: r-devel-linux-x86_64-debian-clang, r-devel-linux-x86_64-debian-gcc, r-devel-linux-x86_64-fedora-clang, r-devel-linux-x86_64-fedora-gcc, r-patched-linux-x86_64, r-release-linux-x86_64