CRAN Package Check Results for Package EDR

Last updated on 2017-03-24 23:55:40.

Flavor Version Tinstall Tcheck Ttotal Status Flags
r-devel-linux-x86_64-debian-clang 0.6-6 1.17 15.89 17.06 NOTE
r-devel-linux-x86_64-debian-gcc 0.6-6 1.15 15.29 16.44 NOTE
r-devel-linux-x86_64-fedora-clang 0.6-6 28.23 NOTE --no-stop-on-test-error
r-devel-linux-x86_64-fedora-gcc 0.6-6 28.63 NOTE --no-stop-on-test-error
r-devel-macos-x86_64-clang 0.6-6 24.14 NOTE --no-stop-on-test-error
r-devel-windows-ix86+x86_64 0.6-6 7.00 44.00 51.00 OK
r-patched-linux-x86_64 0.6-6 1.26 12.79 14.04 OK
r-patched-solaris-sparc 0.6-6 176.90 OK
r-patched-solaris-x86 0.6-6 39.40 OK
r-release-linux-x86_64 0.6-6 1.13 12.39 13.52 OK
r-release-osx-x86_64-mavericks 0.6-6 OK
r-release-windows-ix86+x86_64 0.6-6 9.00 50.00 59.00 OK
r-oldrel-windows-ix86+x86_64 0.6-6 7.00 49.00 56.00 OK

Check Details

Version: 0.6-6
Check: compiled code
Result: NOTE
    File ‘EDR/libs/EDR.so’:
     Found no calls to: ‘R_registerRoutines’, ‘R_useDynamicSymbols’
    
    It is good practice to register native routines and to disable symbol
    search.
    
    See ‘Writing portable packages’ in the ‘Writing R Extensions’ manual.
Flavors: r-devel-linux-x86_64-debian-clang, r-devel-linux-x86_64-debian-gcc

Version: 0.6-6
Flags: --no-stop-on-test-error
Check: compiled code
Result: NOTE
    File ‘EDR/libs/EDR.so’:
     Found no calls to: ‘R_registerRoutines’, ‘R_useDynamicSymbols’
    
    It is good practice to register native routines and to disable symbol
    search.
    
    See ‘Writing portable packages’ in the ‘Writing R Extensions’ manual.
Flavors: r-devel-linux-x86_64-fedora-clang, r-devel-linux-x86_64-fedora-gcc, r-devel-macos-x86_64-clang