CRAN Package Check Results for Package EDR

Last updated on 2014-11-28 19:51:16.

Flavor Version Tinstall Tcheck Ttotal Status Flags
r-devel-linux-x86_64-debian-clang 0.6-5.1 1.04 13.35 14.39 NOTE
r-devel-linux-x86_64-debian-gcc 0.6-5.1 1.07 12.67 13.74 NOTE
r-devel-linux-x86_64-fedora-clang 0.6-5.1 29.59 NOTE
r-devel-linux-x86_64-fedora-gcc 0.6-5.1 27.24 NOTE
r-devel-osx-x86_64-clang 0.6-5.1 31.47 NOTE
r-devel-windows-ix86+x86_64 0.6-5.1 5.00 27.00 32.00 NOTE
r-patched-linux-x86_64 0.6-5.1 1.08 12.78 13.86 NOTE
r-patched-solaris-sparc 0.6-5.1 157.20 NOTE
r-patched-solaris-x86 0.6-5.1 38.60 NOTE
r-release-linux-ix86 0.6-5.1 1.54 18.64 20.18 NOTE
r-release-linux-x86_64 0.6-5.1 1.05 12.98 14.02 NOTE
r-release-osx-x86_64-mavericks 0.6-5.1 OK
r-release-windows-ix86+x86_64 0.6-5.1 5.00 30.00 35.00 NOTE
r-oldrel-windows-ix86+x86_64 0.6-5.1 5.00 29.00 34.00 OK

Check Details

Version: 0.6-5.1
Check: top-level files
Result: NOTE
    Non-standard file/directory found at top level:
     ‘COPYRIGHT’
    Copyright information should be in file inst/COPYRIGHTS
Flavors: r-devel-linux-x86_64-debian-clang, r-devel-linux-x86_64-debian-gcc, r-devel-linux-x86_64-fedora-clang, r-devel-linux-x86_64-fedora-gcc, r-patched-linux-x86_64, r-release-linux-x86_64

Version: 0.6-5.1
Check: R code for possible problems
Result: NOTE
    plot.edr: no visible global function definition for ‘interp’
    plot.edr: no visible global function definition for ‘sm.regression’
    plot.edr: no visible global function definition for ‘h.select’
Flavors: r-devel-linux-x86_64-debian-clang, r-devel-linux-x86_64-debian-gcc, r-devel-linux-x86_64-fedora-clang, r-devel-linux-x86_64-fedora-gcc, r-devel-osx-x86_64-clang, r-devel-windows-ix86+x86_64, r-patched-linux-x86_64, r-patched-solaris-sparc, r-patched-solaris-x86, r-release-linux-ix86, r-release-linux-x86_64, r-release-windows-ix86+x86_64