CRAN Package Check Results for Package EDR

Last updated on 2015-05-28 09:47:22.

Flavor Version Tinstall Tcheck Ttotal Status Flags
r-devel-linux-x86_64-debian-clang 0.6-5.1 1.03 12.75 13.78 NOTE
r-devel-linux-x86_64-debian-gcc 0.6-5.1 1.03 11.96 12.99 NOTE
r-devel-linux-x86_64-fedora-clang 0.6-5.1 25.26 NOTE
r-devel-linux-x86_64-fedora-gcc 0.6-5.1 23.53 NOTE
r-devel-osx-x86_64-clang 0.6-5.1 27.25 NOTE
r-devel-windows-ix86+x86_64 0.6-5.1 5.00 29.00 34.00 NOTE
r-patched-linux-x86_64 0.6-5.1 0.99 11.91 12.90 NOTE
r-patched-solaris-sparc 0.6-5.1 157.50 NOTE
r-patched-solaris-x86 0.6-5.1 34.70 NOTE
r-release-linux-x86_64 0.6-5.1 0.99 12.88 13.87 NOTE
r-release-osx-x86_64-mavericks 0.6-5.1 NOTE
r-release-osx-x86_64-snowleopard 0.6-5.1 NOTE
r-release-windows-ix86+x86_64 0.6-5.1 6.00 27.00 33.00 NOTE
r-oldrel-windows-ix86+x86_64 0.6-5.1 5.00 31.00 36.00 NOTE

Check Details

Version: 0.6-5.1
Check: top-level files
Result: NOTE
    Non-standard file/directory found at top level:
     ‘COPYRIGHT’
    Copyright information should be in file inst/COPYRIGHTS
Flavors: r-devel-linux-x86_64-debian-clang, r-devel-linux-x86_64-debian-gcc, r-devel-linux-x86_64-fedora-clang, r-devel-linux-x86_64-fedora-gcc, r-patched-linux-x86_64, r-release-linux-x86_64

Version: 0.6-5.1
Check: dependencies in R code
Result: NOTE
    'library' or 'require' calls in package code:
     ‘akima’ ‘sm’
     Please use :: or requireNamespace() instead.
     See section 'Suggested packages' in the 'Writing R Extensions' manual.
Flavors: r-devel-linux-x86_64-debian-clang, r-devel-linux-x86_64-debian-gcc, r-devel-linux-x86_64-fedora-clang, r-devel-linux-x86_64-fedora-gcc, r-devel-osx-x86_64-clang, r-devel-windows-ix86+x86_64, r-patched-linux-x86_64, r-patched-solaris-sparc, r-patched-solaris-x86, r-release-linux-x86_64, r-release-osx-x86_64-mavericks, r-release-osx-x86_64-snowleopard, r-release-windows-ix86+x86_64, r-oldrel-windows-ix86+x86_64

Version: 0.6-5.1
Check: S3 generic/method consistency
Result: NOTE
    Found the following apparent S3 methods exported but not registered:
     plot.edr predict.edr print.edr summary.edr
    See section ‘Registering S3 methods’ in the ‘Writing R Extensions’
    manual.
Flavors: r-devel-linux-x86_64-debian-clang, r-devel-linux-x86_64-debian-gcc, r-devel-linux-x86_64-fedora-clang, r-devel-linux-x86_64-fedora-gcc, r-devel-osx-x86_64-clang, r-patched-linux-x86_64, r-patched-solaris-sparc, r-patched-solaris-x86, r-release-linux-x86_64

Version: 0.6-5.1
Check: R code for possible problems
Result: NOTE
    plot.edr: no visible global function definition for ‘interp’
    plot.edr: no visible global function definition for ‘sm.regression’
    plot.edr: no visible global function definition for ‘h.select’
Flavors: r-devel-linux-x86_64-debian-clang, r-devel-linux-x86_64-debian-gcc, r-devel-linux-x86_64-fedora-clang, r-devel-linux-x86_64-fedora-gcc, r-devel-osx-x86_64-clang, r-devel-windows-ix86+x86_64, r-patched-linux-x86_64, r-patched-solaris-sparc, r-patched-solaris-x86, r-release-linux-x86_64, r-release-osx-x86_64-mavericks, r-release-osx-x86_64-snowleopard, r-release-windows-ix86+x86_64, r-oldrel-windows-ix86+x86_64