CRAN Package Check Results for Package EDR

Last updated on 2017-08-17 09:46:54.

Flavor Version Tinstall Tcheck Ttotal Status Flags
r-devel-linux-x86_64-debian-clang 0.6-6 1.26 15.67 16.93 NOTE
r-devel-linux-x86_64-debian-gcc 0.6-6 1.06 16.02 17.08 NOTE
r-devel-linux-x86_64-fedora-clang 0.6-6 30.09 NOTE
r-devel-linux-x86_64-fedora-gcc 0.6-6 30.51 NOTE
r-devel-windows-ix86+x86_64 0.6-6 7.00 48.00 55.00 OK
r-patched-linux-x86_64 0.6-6 1.22 15.46 16.68 NOTE
r-patched-solaris-x86 0.6-6 39.30 OK
r-release-linux-x86_64 0.6-6 1.06 15.49 16.55 NOTE
r-release-windows-ix86+x86_64 0.6-6 6.00 44.00 50.00 OK
r-release-osx-x86_64 0.6-6 OK
r-oldrel-windows-ix86+x86_64 0.6-6 7.00 40.00 47.00 OK
r-oldrel-osx-x86_64 0.6-6 OK

Check Details

Version: 0.6-6
Check: compiled code
Result: NOTE
    File ‘EDR/libs/EDR.so’:
     Found no calls to: ‘R_registerRoutines’, ‘R_useDynamicSymbols’
    
    It is good practice to register native routines and to disable symbol
    search.
    
    See ‘Writing portable packages’ in the ‘Writing R Extensions’ manual.
Flavors: r-devel-linux-x86_64-debian-clang, r-devel-linux-x86_64-debian-gcc, r-devel-linux-x86_64-fedora-clang, r-devel-linux-x86_64-fedora-gcc, r-patched-linux-x86_64, r-release-linux-x86_64