CRAN Package Check Results for Package EDR

Last updated on 2015-01-27 01:48:01.

Flavor Version Tinstall Tcheck Ttotal Status Flags
r-devel-linux-x86_64-debian-clang 0.6-5.1 1.06 13.30 14.35 NOTE
r-devel-linux-x86_64-debian-gcc 0.6-5.1 1.01 12.09 13.10 NOTE
r-devel-linux-x86_64-fedora-clang 0.6-5.1 28.85 NOTE
r-devel-linux-x86_64-fedora-gcc 0.6-5.1 27.83 NOTE
r-devel-osx-x86_64-clang 0.6-5.1 30.33 NOTE
r-devel-windows-ix86+x86_64 0.6-5.1 5.00 25.00 30.00 NOTE
r-patched-linux-x86_64 0.6-5.1 1.12 13.48 14.61 NOTE
r-patched-solaris-sparc 0.6-5.1 169.20 NOTE
r-patched-solaris-x86 0.6-5.1 38.70 NOTE
r-release-linux-ix86 0.6-5.1 1.55 19.00 20.54 NOTE
r-release-linux-x86_64 0.6-5.1 1.06 12.79 13.85 NOTE
r-release-osx-x86_64-mavericks 0.6-5.1 NOTE
r-release-windows-ix86+x86_64 0.6-5.1 9.00 29.00 38.00 NOTE
r-oldrel-windows-ix86+x86_64 0.6-5.1 10.00 46.00 56.00 OK

Check Details

Version: 0.6-5.1
Check: top-level files
Result: NOTE
    Non-standard file/directory found at top level:
     ‘COPYRIGHT’
    Copyright information should be in file inst/COPYRIGHTS
Flavors: r-devel-linux-x86_64-debian-clang, r-devel-linux-x86_64-debian-gcc, r-devel-linux-x86_64-fedora-clang, r-devel-linux-x86_64-fedora-gcc, r-patched-linux-x86_64, r-release-linux-x86_64

Version: 0.6-5.1
Check: dependencies in R code
Result: NOTE
    'library' or 'require' calls in package code:
     ‘akima’ ‘sm’
     Please use :: or requireNamespace() instead.
     See section 'Suggested packages' in the 'Writing R Extensions' manual.
Flavors: r-devel-linux-x86_64-debian-clang, r-devel-linux-x86_64-debian-gcc, r-devel-linux-x86_64-fedora-clang, r-devel-linux-x86_64-fedora-gcc, r-devel-osx-x86_64-clang, r-devel-windows-ix86+x86_64

Version: 0.6-5.1
Check: R code for possible problems
Result: NOTE
    plot.edr: no visible global function definition for ‘interp’
    plot.edr: no visible global function definition for ‘sm.regression’
    plot.edr: no visible global function definition for ‘h.select’
Flavors: r-devel-linux-x86_64-debian-clang, r-devel-linux-x86_64-debian-gcc, r-devel-linux-x86_64-fedora-clang, r-devel-linux-x86_64-fedora-gcc, r-devel-osx-x86_64-clang, r-devel-windows-ix86+x86_64, r-patched-linux-x86_64, r-patched-solaris-sparc, r-patched-solaris-x86, r-release-linux-ix86, r-release-linux-x86_64, r-release-osx-x86_64-mavericks, r-release-windows-ix86+x86_64

Version: 0.6-5.1
Check: S3 generic/method consistency
Result: NOTE
    Found the following apparent S3 methods exported but not registered:
     print.edr summary.edr plot.edr predict.edr
    See section ‘Registering S3 methods’ in the ‘Writing R Extensions’
    manual.
Flavors: r-devel-linux-x86_64-fedora-clang, r-devel-linux-x86_64-fedora-gcc, r-devel-osx-x86_64-clang