CRAN Package Check Results for Package EDR

Last updated on 2017-04-30 23:51:25.

Flavor Version Tinstall Tcheck Ttotal Status Flags
r-devel-linux-x86_64-debian-clang 0.6-6 1.16 16.27 17.43 NOTE
r-devel-linux-x86_64-debian-gcc 0.6-6 1.22 15.56 16.79 NOTE
r-devel-linux-x86_64-fedora-clang 0.6-6 29.05 NOTE --no-stop-on-test-error
r-devel-linux-x86_64-fedora-gcc 0.6-6 27.66 NOTE --no-stop-on-test-error
r-devel-windows-ix86+x86_64 0.6-6 6.00 60.00 66.00 OK
r-patched-linux-x86_64 0.6-6 1.16 15.45 16.61 NOTE
r-patched-solaris-sparc 0.6-6 176.90 OK
r-patched-solaris-x86 0.6-6 39.70 OK
r-release-linux-x86_64 0.6-6 1.08 15.82 16.90 NOTE
r-release-windows-ix86+x86_64 0.6-6 11.00 54.00 65.00 OK
r-release-osx-x86_64 0.6-6 OK
r-oldrel-windows-ix86+x86_64 0.6-6 11.00 49.00 60.00 OK
r-oldrel-osx-x86_64 0.6-6 OK

Check Details

Version: 0.6-6
Check: compiled code
Result: NOTE
    File ‘EDR/libs/EDR.so’:
     Found no calls to: ‘R_registerRoutines’, ‘R_useDynamicSymbols’
    
    It is good practice to register native routines and to disable symbol
    search.
    
    See ‘Writing portable packages’ in the ‘Writing R Extensions’ manual.
Flavors: r-devel-linux-x86_64-debian-clang, r-devel-linux-x86_64-debian-gcc, r-patched-linux-x86_64, r-release-linux-x86_64

Version: 0.6-6
Flags: --no-stop-on-test-error
Check: compiled code
Result: NOTE
    File ‘EDR/libs/EDR.so’:
     Found no calls to: ‘R_registerRoutines’, ‘R_useDynamicSymbols’
    
    It is good practice to register native routines and to disable symbol
    search.
    
    See ‘Writing portable packages’ in the ‘Writing R Extensions’ manual.
Flavors: r-devel-linux-x86_64-fedora-clang, r-devel-linux-x86_64-fedora-gcc