CRAN Package Check Results for Package EDR

Last updated on 2017-02-24 11:48:08.

Flavor Version Tinstall Tcheck Ttotal Status Flags
r-devel-linux-x86_64-debian-clang 0.6-6 1.24 15.70 16.93 NOTE
r-devel-linux-x86_64-debian-gcc 0.6-6 1.12 15.49 16.61 NOTE
r-devel-linux-x86_64-fedora-clang 0.6-6 28.90 NOTE --no-stop-on-test-error
r-devel-linux-x86_64-fedora-gcc 0.6-6 27.69 NOTE --no-stop-on-test-error
r-devel-macos-x86_64-clang 0.6-6 25.00 NOTE --no-stop-on-test-error
r-devel-windows-ix86+x86_64 0.6-6 16.00 61.00 77.00 OK
r-patched-linux-x86_64 0.6-6 1.15 12.74 13.89 OK
r-patched-solaris-sparc 0.6-6 155.10 OK
r-patched-solaris-x86 0.6-6 31.80 OK
r-release-linux-x86_64 0.6-6 1.13 12.57 13.70 OK
r-release-osx-x86_64-mavericks 0.6-6 OK
r-release-windows-ix86+x86_64 0.6-6 13.00 46.00 59.00 OK
r-oldrel-windows-ix86+x86_64 0.6-6 15.00 48.00 63.00 OK

Check Details

Version: 0.6-6
Check: compiled code
Result: NOTE
    File ‘EDR/libs/EDR.so’:
     Found no calls to: ‘R_registerRoutines’, ‘R_useDynamicSymbols’
    
    It is good practice to register native routines and to disable symbol
    search.
    
    See ‘Writing portable packages’ in the ‘Writing R Extensions’ manual.
Flavors: r-devel-linux-x86_64-debian-clang, r-devel-linux-x86_64-debian-gcc

Version: 0.6-6
Flags: --no-stop-on-test-error
Check: compiled code
Result: NOTE
    File ‘EDR/libs/EDR.so’:
     Found no calls to: ‘R_registerRoutines’, ‘R_useDynamicSymbols’
    
    It is good practice to register native routines and to disable symbol
    search.
    
    See ‘Writing portable packages’ in the ‘Writing R Extensions’ manual.
Flavors: r-devel-linux-x86_64-fedora-clang, r-devel-linux-x86_64-fedora-gcc, r-devel-macos-x86_64-clang