CRAN Package Check Results for Package EDR

Last updated on 2015-08-29 20:47:57.

Flavor Version Tinstall Tcheck Ttotal Status Flags
r-devel-linux-x86_64-debian-clang 0.6-5.1 0.96 11.85 12.80 NOTE
r-devel-linux-x86_64-debian-gcc 0.6-5.1 0.95 11.88 12.83 NOTE
r-devel-linux-x86_64-fedora-clang 0.6-5.1 23.37 NOTE
r-devel-linux-x86_64-fedora-gcc 0.6-5.1 22.05 NOTE
r-devel-osx-x86_64-clang 0.6-5.1 22.56 NOTE
r-devel-windows-ix86+x86_64 0.6-5.1 9.00 31.00 40.00 NOTE
r-patched-linux-x86_64 0.6-5.1 1.04 12.24 13.28 NOTE
r-patched-solaris-sparc 0.6-5.1 164.80 NOTE
r-patched-solaris-x86 0.6-5.1 35.80 NOTE
r-release-linux-x86_64 0.6-5.1 1.06 12.06 13.12 NOTE
r-release-osx-x86_64-mavericks 0.6-5.1 NOTE
r-release-windows-ix86+x86_64 0.6-5.1 9.00 29.00 38.00 NOTE
r-oldrel-windows-ix86+x86_64 0.6-5.1 9.00 45.00 54.00 NOTE

Check Details

Version: 0.6-5.1
Check: top-level files
Result: NOTE
    Non-standard file/directory found at top level:
     ‘COPYRIGHT’
    Copyright information should be in file inst/COPYRIGHTS
Flavors: r-devel-linux-x86_64-debian-clang, r-devel-linux-x86_64-debian-gcc, r-devel-linux-x86_64-fedora-clang, r-devel-linux-x86_64-fedora-gcc, r-patched-linux-x86_64, r-release-linux-x86_64

Version: 0.6-5.1
Check: dependencies in R code
Result: NOTE
    'library' or 'require' calls in package code:
     ‘akima’ ‘sm’
     Please use :: or requireNamespace() instead.
     See section 'Suggested packages' in the 'Writing R Extensions' manual.
Flavors: r-devel-linux-x86_64-debian-clang, r-devel-linux-x86_64-debian-gcc, r-devel-linux-x86_64-fedora-clang, r-devel-linux-x86_64-fedora-gcc, r-devel-osx-x86_64-clang, r-devel-windows-ix86+x86_64, r-patched-linux-x86_64, r-patched-solaris-sparc, r-patched-solaris-x86, r-release-linux-x86_64, r-release-osx-x86_64-mavericks, r-release-windows-ix86+x86_64, r-oldrel-windows-ix86+x86_64

Version: 0.6-5.1
Check: S3 generic/method consistency
Result: NOTE
    Found the following apparent S3 methods exported but not registered:
     plot.edr predict.edr print.edr summary.edr
    See section ‘Registering S3 methods’ in the ‘Writing R Extensions’
    manual.
Flavors: r-devel-linux-x86_64-debian-clang, r-devel-linux-x86_64-debian-gcc, r-devel-linux-x86_64-fedora-clang, r-devel-linux-x86_64-fedora-gcc, r-devel-osx-x86_64-clang, r-patched-linux-x86_64, r-patched-solaris-sparc, r-patched-solaris-x86, r-release-linux-x86_64

Version: 0.6-5.1
Check: R code for possible problems
Result: NOTE
    edr: no visible binding for global variable ‘IQR’
    edr: no visible global function definition for ‘par’
    edrk: no visible global function definition for ‘dist’
    loss2.edr: no visible global function definition for ‘cancor’
    plot.edr: no visible global function definition for ‘plot’
    plot.edr: no visible global function definition for ‘points’
    plot.edr: no visible global function definition for ‘interp’
    plot.edr: no visible global function definition for ‘image’
    plot.edr: no visible global function definition for ‘contour’
    plot.edr: no visible global function definition for ‘sm.regression’
    plot.edr: no visible global function definition for ‘h.select’
    plot.edr: no visible global function definition for ‘lines’
    Undefined global functions or variables:
     IQR cancor contour dist h.select image interp lines par plot points
     sm.regression
    Consider adding
     importFrom("graphics", "contour", "image", "lines", "par", "plot",
     "points")
     importFrom("stats", "IQR", "cancor", "dist")
    to your NAMESPACE.
Flavors: r-devel-linux-x86_64-debian-clang, r-devel-linux-x86_64-debian-gcc, r-devel-linux-x86_64-fedora-clang, r-devel-linux-x86_64-fedora-gcc, r-devel-windows-ix86+x86_64

Version: 0.6-5.1
Check: R code for possible problems
Result: NOTE
    plot.edr: no visible global function definition for ‘interp’
    plot.edr: no visible global function definition for ‘sm.regression’
    plot.edr: no visible global function definition for ‘h.select’
    Undefined global functions or variables:
     h.select interp sm.regression
Flavor: r-devel-osx-x86_64-clang

Version: 0.6-5.1
Check: R code for possible problems
Result: NOTE
    plot.edr: no visible global function definition for ‘interp’
    plot.edr: no visible global function definition for ‘sm.regression’
    plot.edr: no visible global function definition for ‘h.select’
Flavors: r-patched-linux-x86_64, r-patched-solaris-sparc, r-patched-solaris-x86, r-release-linux-x86_64, r-release-osx-x86_64-mavericks, r-release-windows-ix86+x86_64, r-oldrel-windows-ix86+x86_64