CRAN Package Check Results for Package EDR

Last updated on 2016-08-25 03:47:04.

Flavor Version Tinstall Tcheck Ttotal Status Flags
r-devel-linux-x86_64-debian-clang 0.6-5.1 1.12 13.01 14.14 WARN
r-devel-linux-x86_64-debian-gcc 0.6-5.1 1.07 12.91 13.98 WARN
r-devel-linux-x86_64-fedora-clang 0.6-5.1 23.80 WARN
r-devel-linux-x86_64-fedora-gcc 0.6-5.1 22.62 WARN
r-devel-osx-x86_64-clang 0.6-5.1 20.69 WARN
r-devel-windows-ix86+x86_64 0.6-5.1 5.00 45.00 50.00 NOTE
r-patched-linux-x86_64 0.6-5.1 1.07 12.41 13.48 NOTE
r-patched-solaris-sparc 0.6-5.1 149.50 NOTE
r-patched-solaris-x86 0.6-5.1 32.60 NOTE
r-release-linux-x86_64 0.6-5.1 1.14 12.55 13.69 NOTE
r-release-osx-x86_64-mavericks 0.6-5.1 NOTE
r-release-windows-ix86+x86_64 0.6-5.1 7.00 45.00 52.00 NOTE
r-oldrel-windows-ix86+x86_64 0.6-5.1 5.00 33.00 38.00 NOTE

Check Details

Version: 0.6-5.1
Check: whether package can be installed
Result: WARN
    Found the following significant warnings:
     Warning: GNU Extension: Nonstandard type declaration REAL*8 at (1)
Flavors: r-devel-linux-x86_64-debian-clang, r-devel-linux-x86_64-debian-gcc, r-devel-linux-x86_64-fedora-clang, r-devel-linux-x86_64-fedora-gcc, r-devel-osx-x86_64-clang

Version: 0.6-5.1
Check: top-level files
Result: NOTE
    Non-standard file/directory found at top level:
     ‘COPYRIGHT’
    Copyright information should be in file inst/COPYRIGHTS
Flavors: r-devel-linux-x86_64-debian-clang, r-devel-linux-x86_64-debian-gcc, r-devel-linux-x86_64-fedora-clang, r-devel-linux-x86_64-fedora-gcc, r-patched-linux-x86_64, r-release-linux-x86_64

Version: 0.6-5.1
Check: dependencies in R code
Result: NOTE
    'library' or 'require' calls in package code:
     ‘akima’ ‘sm’
     Please use :: or requireNamespace() instead.
     See section 'Suggested packages' in the 'Writing R Extensions' manual.
Flavors: r-devel-linux-x86_64-debian-clang, r-devel-linux-x86_64-debian-gcc, r-devel-linux-x86_64-fedora-clang, r-devel-linux-x86_64-fedora-gcc, r-devel-osx-x86_64-clang, r-devel-windows-ix86+x86_64, r-patched-linux-x86_64, r-patched-solaris-sparc, r-patched-solaris-x86, r-release-linux-x86_64, r-release-osx-x86_64-mavericks, r-release-windows-ix86+x86_64, r-oldrel-windows-ix86+x86_64

Version: 0.6-5.1
Check: S3 generic/method consistency
Result: NOTE
    Found the following apparent S3 methods exported but not registered:
     plot.edr predict.edr print.edr summary.edr
    See section ‘Registering S3 methods’ in the ‘Writing R Extensions’
    manual.
Flavors: r-devel-linux-x86_64-debian-clang, r-devel-linux-x86_64-debian-gcc, r-devel-linux-x86_64-fedora-clang, r-devel-linux-x86_64-fedora-gcc, r-devel-osx-x86_64-clang, r-patched-linux-x86_64, r-patched-solaris-sparc, r-patched-solaris-x86, r-release-linux-x86_64

Version: 0.6-5.1
Check: R code for possible problems
Result: NOTE
    edr: no visible binding for global variable ‘IQR’
    edr: no visible global function definition for ‘par’
    edrk: no visible global function definition for ‘dist’
    loss2.edr: no visible global function definition for ‘cancor’
    plot.edr: no visible global function definition for ‘plot’
    plot.edr: no visible global function definition for ‘points’
    plot.edr: no visible global function definition for ‘interp’
    plot.edr: no visible global function definition for ‘image’
    plot.edr: no visible global function definition for ‘contour’
    plot.edr: no visible global function definition for ‘sm.regression’
    plot.edr: no visible global function definition for ‘h.select’
    plot.edr: no visible global function definition for ‘lines’
    Undefined global functions or variables:
     IQR cancor contour dist h.select image interp lines par plot points
     sm.regression
    Consider adding
     importFrom("graphics", "contour", "image", "lines", "par", "plot",
     "points")
     importFrom("stats", "IQR", "cancor", "dist")
    to your NAMESPACE file.
Flavors: r-devel-linux-x86_64-debian-clang, r-devel-linux-x86_64-debian-gcc, r-devel-linux-x86_64-fedora-clang, r-devel-linux-x86_64-fedora-gcc, r-devel-osx-x86_64-clang, r-devel-windows-ix86+x86_64, r-patched-linux-x86_64, r-patched-solaris-sparc, r-patched-solaris-x86, r-release-linux-x86_64, r-release-osx-x86_64-mavericks, r-release-windows-ix86+x86_64

Version: 0.6-5.1
Check: R code for possible problems
Result: NOTE
    plot.edr: no visible global function definition for 'interp'
    plot.edr: no visible global function definition for 'sm.regression'
    plot.edr: no visible global function definition for 'h.select'
Flavor: r-oldrel-windows-ix86+x86_64