CRAN Package Check Results for Package EDR

Last updated on 2014-09-16 19:48:30.

Flavor Version Tinstall Tcheck Ttotal Status Flags
r-devel-linux-x86_64-debian-clang 0.6-5.1 0.98 12.23 13.20 NOTE
r-devel-linux-x86_64-debian-gcc 0.6-5.1 0.95 12.63 13.58 NOTE
r-devel-linux-x86_64-fedora-clang 0.6-5.1 25.98 NOTE
r-devel-linux-x86_64-fedora-gcc 0.6-5.1 24.67 NOTE
r-devel-osx-x86_64-clang 0.6-5.1 26.60 NOTE
r-devel-windows-ix86+x86_64 0.6-5.1 5.00 26.00 31.00 NOTE
r-patched-linux-x86_64 0.6-5.1 1.00 12.06 13.07 OK
r-patched-solaris-sparc 0.6-5.1 154.80 OK
r-patched-solaris-x86 0.6-5.1 37.00 OK
r-release-linux-ix86 0.6-5.1 1.56 19.03 20.59 OK
r-release-linux-x86_64 0.6-5.1 1.06 12.75 13.81 NOTE
r-release-osx-x86_64-mavericks 0.6-5.1 OK
r-release-windows-ix86+x86_64 0.6-5.1 5.00 27.00 32.00 OK
r-oldrel-windows-ix86+x86_64 0.6-5.1 5.00 29.00 34.00 OK

Check Details

Version: 0.6-5.1
Check: top-level files
Result: NOTE
    Non-standard file/directory found at top level:
     ‘COPYRIGHT’
    Copyright information should be in file inst/COPYRIGHTS
Flavors: r-devel-linux-x86_64-debian-clang, r-devel-linux-x86_64-debian-gcc, r-devel-linux-x86_64-fedora-clang, r-devel-linux-x86_64-fedora-gcc, r-release-linux-x86_64

Version: 0.6-5.1
Check: R code for possible problems
Result: NOTE
    plot.edr: no visible global function definition for ‘interp’
    plot.edr: no visible global function definition for ‘sm.regression’
    plot.edr: no visible global function definition for ‘h.select’
Flavors: r-devel-linux-x86_64-debian-clang, r-devel-linux-x86_64-debian-gcc, r-devel-linux-x86_64-fedora-clang, r-devel-linux-x86_64-fedora-gcc, r-devel-osx-x86_64-clang, r-devel-windows-ix86+x86_64