CRAN Package Check Results for Package EDR

Last updated on 2018-01-17 03:49:06 CET.

Flavor Version Tinstall Tcheck Ttotal Status Flags
r-devel-linux-x86_64-debian-clang 0.6-6 1.54 25.34 26.88 NOTE
r-devel-linux-x86_64-debian-gcc 0.6-6 1.16 19.48 20.64 NOTE
r-devel-linux-x86_64-fedora-clang 0.6-6 30.07 NOTE
r-devel-linux-x86_64-fedora-gcc 0.6-6 28.36 NOTE
r-devel-windows-ix86+x86_64 0.6-6 11.00 53.00 64.00 OK
r-patched-linux-x86_64 0.6-6 1.32 23.07 24.39 NOTE
r-patched-solaris-x86 0.6-6 43.20 OK
r-release-linux-x86_64 0.6-6 1.32 23.16 24.48 NOTE
r-release-windows-ix86+x86_64 0.6-6 10.00 55.00 65.00 OK
r-release-osx-x86_64 0.6-6 OK
r-oldrel-windows-ix86+x86_64 0.6-6 9.00 47.00 56.00 OK
r-oldrel-osx-x86_64 0.6-6 OK

Check Details

Version: 0.6-6
Check: compiled code
Result: NOTE
    File ‘EDR/libs/EDR.so’:
     Found no calls to: ‘R_registerRoutines’, ‘R_useDynamicSymbols’
    
    It is good practice to register native routines and to disable symbol
    search.
    
    See ‘Writing portable packages’ in the ‘Writing R Extensions’ manual.
Flavors: r-devel-linux-x86_64-debian-clang, r-devel-linux-x86_64-debian-gcc, r-devel-linux-x86_64-fedora-clang, r-devel-linux-x86_64-fedora-gcc, r-patched-linux-x86_64, r-release-linux-x86_64