CRAN Package Check Results for Package EDR

Last updated on 2017-10-23 02:48:30.

Flavor Version Tinstall Tcheck Ttotal Status Flags
r-devel-linux-x86_64-debian-clang 0.6-6 1.13 16.13 17.25 NOTE
r-devel-linux-x86_64-debian-gcc 0.6-6 1.38 15.58 16.96 NOTE
r-devel-linux-x86_64-fedora-clang 0.6-6 29.89 NOTE
r-devel-linux-x86_64-fedora-gcc 0.6-6 29.15 NOTE
r-devel-windows-ix86+x86_64 0.6-6 11.00 76.00 87.00 OK
r-patched-linux-x86_64 0.6-6 1.14 15.74 16.88 NOTE
r-patched-solaris-x86 0.6-6 38.00 OK
r-release-linux-x86_64 0.6-6 1.20 15.83 17.03 NOTE
r-release-windows-ix86+x86_64 0.6-6 7.00 47.00 54.00 OK
r-release-osx-x86_64 0.6-6 OK
r-oldrel-windows-ix86+x86_64 0.6-6 5.00 47.00 52.00 OK
r-oldrel-osx-x86_64 0.6-6 OK

Check Details

Version: 0.6-6
Check: compiled code
Result: NOTE
    File ‘EDR/libs/EDR.so’:
     Found no calls to: ‘R_registerRoutines’, ‘R_useDynamicSymbols’
    
    It is good practice to register native routines and to disable symbol
    search.
    
    See ‘Writing portable packages’ in the ‘Writing R Extensions’ manual.
Flavors: r-devel-linux-x86_64-debian-clang, r-devel-linux-x86_64-debian-gcc, r-devel-linux-x86_64-fedora-clang, r-devel-linux-x86_64-fedora-gcc, r-patched-linux-x86_64, r-release-linux-x86_64