CRAN Package Check Results for Package EFA.MRFA

Last updated on 2022-05-29 03:52:08 CEST.

Flavor Version Tinstall Tcheck Ttotal Status Flags
r-devel-linux-x86_64-debian-clang 1.1.2 3.81 53.59 57.40 OK
r-devel-linux-x86_64-debian-gcc 1.1.2 2.81 40.66 43.47 OK
r-devel-linux-x86_64-fedora-clang 1.1.2 68.31 NOTE
r-devel-linux-x86_64-fedora-gcc 1.1.2 67.51 NOTE
r-devel-windows-x86_64 1.1.2 14.00 68.00 82.00 OK
r-patched-linux-x86_64 1.1.2 3.39 51.51 54.90 OK
r-release-linux-x86_64 1.1.2 4.31 51.44 55.75 OK
r-release-macos-arm64 1.1.2 22.00 NOTE
r-release-macos-x86_64 1.1.2 35.00 NOTE
r-release-windows-x86_64 1.1.2 19.00 71.00 90.00 OK
r-oldrel-macos-arm64 1.1.2 28.00 NOTE
r-oldrel-macos-x86_64 1.1.2 28.00 NOTE
r-oldrel-windows-ix86+x86_64 1.1.2 10.00 63.00 73.00 OK

Check Details

Version: 1.1.2
Check: dependencies in R code
Result: NOTE
    Namespace in Imports field not imported from: ‘PCovR’
     All declared Imports should be used.
Flavors: r-devel-linux-x86_64-fedora-clang, r-devel-linux-x86_64-fedora-gcc, r-release-macos-arm64, r-release-macos-x86_64, r-oldrel-macos-arm64, r-oldrel-macos-x86_64