CRAN Package Check Results for Package EFS

Last updated on 2022-08-11 10:51:54 CEST.

Flavor Version Tinstall Tcheck Ttotal Status Flags
r-devel-linux-x86_64-debian-clang 1.0.3 10.92 89.15 100.07 NOTE
r-devel-linux-x86_64-debian-gcc 1.0.3 7.41 67.54 74.95 NOTE
r-devel-linux-x86_64-fedora-clang 1.0.3 132.73 NOTE
r-devel-linux-x86_64-fedora-gcc 1.0.3 127.61 NOTE
r-devel-windows-x86_64 1.0.3 17.00 108.00 125.00 OK
r-patched-linux-x86_64 1.0.3 14.50 85.10 99.60 NOTE
r-release-linux-x86_64 1.0.3 NOTE
r-release-macos-arm64 1.0.3 34.00 OK
r-release-macos-x86_64 1.0.3 66.00 OK
r-release-windows-x86_64 1.0.3 14.00 110.00 124.00 OK
r-oldrel-macos-arm64 1.0.3 40.00 OK
r-oldrel-macos-x86_64 1.0.3 56.00 OK
r-oldrel-windows-ix86+x86_64 1.0.3 22.00 105.00 127.00 OK

Check Details

Version: 1.0.3
Check: for non-standard things in the check directory
Result: NOTE
    Found the following files/directories:
     'eval_test_LG_ROC.pdf' 'test.pdf'
Flavors: r-devel-linux-x86_64-debian-clang, r-devel-linux-x86_64-debian-gcc, r-devel-linux-x86_64-fedora-clang, r-devel-linux-x86_64-fedora-gcc, r-patched-linux-x86_64, r-release-linux-x86_64