CRAN Package Check Results for Package EFS

Last updated on 2023-09-27 17:04:55 CEST.

Flavor Version Tinstall Tcheck Ttotal Status Flags
r-devel-linux-x86_64-debian-clang 1.0.3 9.63 93.27 102.90 NOTE
r-devel-linux-x86_64-debian-gcc 1.0.3 7.61 69.83 77.44 NOTE
r-devel-linux-x86_64-fedora-clang 1.0.3 131.07 NOTE
r-devel-linux-x86_64-fedora-gcc 1.0.3 122.48 NOTE
r-devel-windows-x86_64 1.0.3 9.00 83.00 92.00 OK
r-patched-linux-x86_64 1.0.3 11.87 89.02 100.89 NOTE
r-release-linux-x86_64 1.0.3 8.22 89.07 97.29 NOTE
r-release-macos-arm64 1.0.3 43.00 OK
r-release-macos-x86_64 1.0.3 74.00 OK
r-release-windows-x86_64 1.0.3 13.00 96.00 109.00 OK
r-oldrel-macos-arm64 1.0.3 34.00 OK
r-oldrel-macos-x86_64 1.0.3 66.00 OK
r-oldrel-windows-x86_64 1.0.3 13.00 98.00 111.00 OK

Check Details

Version: 1.0.3
Check: for non-standard things in the check directory
Result: NOTE
    Found the following files/directories:
     ‘eval_test_LG_ROC.pdf’ ‘test.pdf’
Flavors: r-devel-linux-x86_64-debian-clang, r-devel-linux-x86_64-debian-gcc, r-devel-linux-x86_64-fedora-clang, r-devel-linux-x86_64-fedora-gcc, r-patched-linux-x86_64, r-release-linux-x86_64